{"id":35278,"date":"2022-08-02T12:31:16","date_gmt":"2022-08-02T10:31:16","guid":{"rendered":"https:\/\/www.mesvendanges.com\/les-domaines\/belluard-dne\/"},"modified":"2022-08-29T15:40:55","modified_gmt":"2022-08-29T13:40:55","slug":"belluard-dne","status":"publish","type":"domains","link":"https:\/\/www.mesvendanges.com\/en\/estates\/belluard-dne\/","title":{"rendered":"BELLUARD (Dne)"},"content":{"rendered":"<p>Les Coteaux d&#8217;Ayse, vous connaissez ? Et bien, ce n&#8217;est pas tr\u00e8s loin du Mont-Blanc. Encore un coin oubli\u00e9, une de ces minuscules r\u00e9gions viticoles condamn\u00e9es \u00e0 la disparition face aux immenses r\u00e9gions dominantes. Ah les minorit\u00e9s &#8230; Mais il y a des r\u00e9sistants, ici et l\u00e0. Des gens qui de bonne heure sont dans les vignes, parce que ce qui se passe chez eux n&#8217;existe nulle part ailleurs. Et si on perd ce tr\u00e9sor, ce sera aussi triste et d\u00e9solant que de perdre n&#8217;importe quel grand cru prestigieux. Car Ayse, ce n&#8217;est pas n&#8217;importe quoi, surtout sa relation amoureuse avec le c\u00e9page Gringet. Un c\u00e9page lui aussi en passe de sombrer dans le trou noir de l&#8217;humanit\u00e9. Il ne reste\u00a0aujourd\u2019hui\u00a0que 22 hectares en culture de ce c\u00e9page unique, dont 10 au domaine Belluard. Si seulement c&#8217;\u00e9tait inint\u00e9ressant, on comprendrait, que cela disparaisse! Mais diable non. Il y a quelque chose, l\u00e0, qui se passe, sous le regard amus\u00e9 du Mont-Blanc, il y a un go\u00fbt, une texture, c&#8217;est rien que le go\u00fbt du Gringet sur les coteaux d&#8217;Ayse. Le dire avec de mots, c&#8217;est toujours l&#8217;amocher, mais on y retrouve du torrent, de l&#8217;eau de roche, et aussi des fruits, comme des fruits blancs, de la\u00a0p\u00eache.\u00a0Il y a du volume, de la finesse, ce n&#8217;est pas gras mais ample, ce n&#8217;est pas tendu par l&#8217;acidit\u00e9, mais c&#8217;est a\u00e9rien, il y a de l&#8217;air, de l&#8217;altitude, de la pl\u00e9nitude, du bonheur.<br \/>\nDominque Belluard a du le comprendre rapidement pour travailler l&#8217;aventure. Et pour \u00eatre bien avec la montagne, avec les coteaux, avec la nature qui est l\u00e0, qui vous entoure, il travaille dans le m\u00eame sens, dans l&#8217;\u00e9coute, dans l&#8217;accompagnement, dans la discussion.\u00a0\u00c7a\u00a0vibre dans les vignes, \u00e7a vibre dans le verre !<br \/>\nMerci.<\/p>\n","protected":false},"template":"","domains_category":[12632],"acf":[],"yoast_head":"<!-- This site is optimized with the Yoast SEO plugin v19.3 - https:\/\/yoast.com\/wordpress\/plugins\/seo\/ -->\n<title>BELLUARD (Dne) - Mes Vendanges<\/title>\n<meta name=\"robots\" content=\"index, follow, max-snippet:-1, max-image-preview:large, max-video-preview:-1\" \/>\n<link rel=\"canonical\" href=\"https:\/\/www.mesvendanges.com\/en\/estates\/belluard-dne\/\" \/>\n<meta property=\"og:locale\" content=\"en_US\" \/>\n<meta property=\"og:type\" content=\"article\" \/>\n<meta property=\"og:title\" content=\"BELLUARD (Dne) - Mes Vendanges\" \/>\n<meta property=\"og:description\" content=\"Les Coteaux d&#8217;Ayse, vous connaissez ? Et bien, ce n&#8217;est pas tr\u00e8s loin du Mont-Blanc. Encore un coin oubli\u00e9, une de ces minuscules r\u00e9gions viticoles condamn\u00e9es \u00e0 la disparition face aux immenses r\u00e9gions dominantes. Ah les minorit\u00e9s &#8230; Mais il y a des r\u00e9sistants, ici et l\u00e0. Des gens qui de bonne heure sont dans [&hellip;]\" \/>\n<meta property=\"og:url\" content=\"https:\/\/www.mesvendanges.com\/en\/estates\/belluard-dne\/\" \/>\n<meta property=\"og:site_name\" content=\"Mes Vendanges\" \/>\n<meta property=\"article:modified_time\" content=\"2022-08-29T13:40:55+00:00\" \/>\n<meta name=\"twitter:card\" content=\"summary_large_image\" \/>\n<meta name=\"twitter:label1\" content=\"Est. reading time\" \/>\n\t<meta name=\"twitter:data1\" content=\"2 minutes\" \/>\n<script type=\"application\/ld+json\" class=\"yoast-schema-graph\">{\"@context\":\"https:\/\/schema.org\",\"@graph\":[{\"@type\":\"Organization\",\"@id\":\"https:\/\/www.mesvendanges.com\/en\/#organization\",\"name\":\"Mes Vendanges\",\"url\":\"https:\/\/www.mesvendanges.com\/en\/\",\"sameAs\":[],\"logo\":{\"@type\":\"ImageObject\",\"inLanguage\":\"fr-FR\",\"@id\":\"https:\/\/www.mesvendanges.com\/en\/#\/schema\/logo\/image\/\",\"url\":\"https:\/\/www.mesvendanges.com\/wp-content\/uploads\/2022\/02\/logo-mesvendanges.jpg\",\"contentUrl\":\"https:\/\/www.mesvendanges.com\/wp-content\/uploads\/2022\/02\/logo-mesvendanges.jpg\",\"width\":851,\"height\":260,\"caption\":\"Mes Vendanges\"},\"image\":{\"@id\":\"https:\/\/www.mesvendanges.com\/en\/#\/schema\/logo\/image\/\"}},{\"@type\":\"WebSite\",\"@id\":\"https:\/\/www.mesvendanges.com\/en\/#website\",\"url\":\"https:\/\/www.mesvendanges.com\/en\/\",\"name\":\"Mes Vendanges\",\"description\":\"Des journ\u00e9es enti\u00e8res dans les vignes\",\"publisher\":{\"@id\":\"https:\/\/www.mesvendanges.com\/en\/#organization\"},\"potentialAction\":[{\"@type\":\"SearchAction\",\"target\":{\"@type\":\"EntryPoint\",\"urlTemplate\":\"https:\/\/www.mesvendanges.com\/en\/?s={search_term_string}\"},\"query-input\":\"required name=search_term_string\"}],\"inLanguage\":\"fr-FR\"},{\"@type\":\"WebPage\",\"@id\":\"https:\/\/www.mesvendanges.com\/en\/estates\/belluard-dne\/\",\"url\":\"https:\/\/www.mesvendanges.com\/en\/estates\/belluard-dne\/\",\"name\":\"BELLUARD (Dne) - Mes Vendanges\",\"isPartOf\":{\"@id\":\"https:\/\/www.mesvendanges.com\/en\/#website\"},\"datePublished\":\"2022-08-02T10:31:16+00:00\",\"dateModified\":\"2022-08-29T13:40:55+00:00\",\"breadcrumb\":{\"@id\":\"https:\/\/www.mesvendanges.com\/en\/estates\/belluard-dne\/#breadcrumb\"},\"inLanguage\":\"fr-FR\",\"potentialAction\":[{\"@type\":\"ReadAction\",\"target\":[\"https:\/\/www.mesvendanges.com\/en\/estates\/belluard-dne\/\"]}]},{\"@type\":\"BreadcrumbList\",\"@id\":\"https:\/\/www.mesvendanges.com\/en\/estates\/belluard-dne\/#breadcrumb\",\"itemListElement\":[{\"@type\":\"ListItem\",\"position\":1,\"name\":\"Home\",\"item\":\"https:\/\/www.mesvendanges.com\/en\/\"},{\"@type\":\"ListItem\",\"position\":2,\"name\":\"BELLUARD (Dne)\"}]}]}<\/script>\n<!-- \/ Yoast SEO plugin. -->","yoast_head_json":{"title":"BELLUARD (Dne) - Mes Vendanges","robots":{"index":"index","follow":"follow","max-snippet":"max-snippet:-1","max-image-preview":"max-image-preview:large","max-video-preview":"max-video-preview:-1"},"canonical":"https:\/\/www.mesvendanges.com\/en\/estates\/belluard-dne\/","og_locale":"en_US","og_type":"article","og_title":"BELLUARD (Dne) - Mes Vendanges","og_description":"Les Coteaux d&#8217;Ayse, vous connaissez ? Et bien, ce n&#8217;est pas tr\u00e8s loin du Mont-Blanc. Encore un coin oubli\u00e9, une de ces minuscules r\u00e9gions viticoles condamn\u00e9es \u00e0 la disparition face aux immenses r\u00e9gions dominantes. Ah les minorit\u00e9s &#8230; Mais il y a des r\u00e9sistants, ici et l\u00e0. Des gens qui de bonne heure sont dans [&hellip;]","og_url":"https:\/\/www.mesvendanges.com\/en\/estates\/belluard-dne\/","og_site_name":"Mes Vendanges","article_modified_time":"2022-08-29T13:40:55+00:00","twitter_card":"summary_large_image","twitter_misc":{"Est. reading time":"2 minutes"},"schema":{"@context":"https:\/\/schema.org","@graph":[{"@type":"Organization","@id":"https:\/\/www.mesvendanges.com\/en\/#organization","name":"Mes Vendanges","url":"https:\/\/www.mesvendanges.com\/en\/","sameAs":[],"logo":{"@type":"ImageObject","inLanguage":"fr-FR","@id":"https:\/\/www.mesvendanges.com\/en\/#\/schema\/logo\/image\/","url":"https:\/\/www.mesvendanges.com\/wp-content\/uploads\/2022\/02\/logo-mesvendanges.jpg","contentUrl":"https:\/\/www.mesvendanges.com\/wp-content\/uploads\/2022\/02\/logo-mesvendanges.jpg","width":851,"height":260,"caption":"Mes Vendanges"},"image":{"@id":"https:\/\/www.mesvendanges.com\/en\/#\/schema\/logo\/image\/"}},{"@type":"WebSite","@id":"https:\/\/www.mesvendanges.com\/en\/#website","url":"https:\/\/www.mesvendanges.com\/en\/","name":"Mes Vendanges","description":"Des journ\u00e9es enti\u00e8res dans les vignes","publisher":{"@id":"https:\/\/www.mesvendanges.com\/en\/#organization"},"potentialAction":[{"@type":"SearchAction","target":{"@type":"EntryPoint","urlTemplate":"https:\/\/www.mesvendanges.com\/en\/?s={search_term_string}"},"query-input":"required name=search_term_string"}],"inLanguage":"fr-FR"},{"@type":"WebPage","@id":"https:\/\/www.mesvendanges.com\/en\/estates\/belluard-dne\/","url":"https:\/\/www.mesvendanges.com\/en\/estates\/belluard-dne\/","name":"BELLUARD (Dne) - Mes Vendanges","isPartOf":{"@id":"https:\/\/www.mesvendanges.com\/en\/#website"},"datePublished":"2022-08-02T10:31:16+00:00","dateModified":"2022-08-29T13:40:55+00:00","breadcrumb":{"@id":"https:\/\/www.mesvendanges.com\/en\/estates\/belluard-dne\/#breadcrumb"},"inLanguage":"fr-FR","potentialAction":[{"@type":"ReadAction","target":["https:\/\/www.mesvendanges.com\/en\/estates\/belluard-dne\/"]}]},{"@type":"BreadcrumbList","@id":"https:\/\/www.mesvendanges.com\/en\/estates\/belluard-dne\/#breadcrumb","itemListElement":[{"@type":"ListItem","position":1,"name":"Home","item":"https:\/\/www.mesvendanges.com\/en\/"},{"@type":"ListItem","position":2,"name":"BELLUARD (Dne)"}]}]}},"_links":{"self":[{"href":"https:\/\/www.mesvendanges.com\/en\/wp-json\/wp\/v2\/domains\/35278"}],"collection":[{"href":"https:\/\/www.mesvendanges.com\/en\/wp-json\/wp\/v2\/domains"}],"about":[{"href":"https:\/\/www.mesvendanges.com\/en\/wp-json\/wp\/v2\/types\/domains"}],"wp:attachment":[{"href":"https:\/\/www.mesvendanges.com\/en\/wp-json\/wp\/v2\/media?parent=35278"}],"wp:term":[{"taxonomy":"domains_category","embeddable":true,"href":"https:\/\/www.mesvendanges.com\/en\/wp-json\/wp\/v2\/domains_category?post=35278"}],"curies":[{"name":"wp","href":"https:\/\/api.w.org\/{rel}","templated":true}]}}

<p>Les Coteaux d&#8217;Ayse, vous connaissez ? Et bien, ce n&#8217;est pas très loin du Mont-Blanc. Encore un coin oublié, une de ces minuscules régions viticoles condamnées à la disparition face aux immenses régions dominantes. Ah les minorités &#8230; Mais il y a des résistants, ici et là. Des gens qui de bonne heure sont dans les vignes, parce que ce qui se passe chez eux n&#8217;existe nulle part ailleurs. Et si on perd ce trésor, ce sera aussi triste et désolant que de perdre n&#8217;importe quel grand cru prestigieux. Car Ayse, ce n&#8217;est pas n&#8217;importe quoi, surtout sa relation amoureuse avec le cépage Gringet. Un cépage lui aussi en passe de sombrer dans le trou noir de l&#8217;humanité. Il ne reste aujourd’hui que 22 hectares en culture de ce cépage unique, dont 10 au domaine Belluard. Si seulement c&#8217;était inintéressant, on comprendrait, que cela disparaisse! Mais diable non. Il y a quelque chose, là, qui se passe, sous le regard amusé du Mont-Blanc, il y a un goût, une texture, c&#8217;est rien que le goût du Gringet sur les coteaux d&#8217;Ayse. Le dire avec de mots, c&#8217;est toujours l&#8217;amocher, mais on y retrouve du torrent, de l&#8217;eau de roche, et aussi des fruits, comme des fruits blancs, de la pêche. Il y a du volume, de la finesse, ce n&#8217;est pas gras mais ample, ce n&#8217;est pas tendu par l&#8217;acidité, mais c&#8217;est aérien, il y a de l&#8217;air, de l&#8217;altitude, de la plénitude, du bonheur.<br />
Dominque Belluard a du le comprendre rapidement pour travailler l&#8217;aventure. Et pour être bien avec la montagne, avec les coteaux, avec la nature qui est là, qui vous entoure, il travaille dans le même sens, dans l&#8217;écoute, dans l&#8217;accompagnement, dans la discussion. Ça vibre dans les vignes, ça vibre dans le verre !<br />
Merci.</p>

<!-- This site is optimized with the Yoast SEO plugin v19.3 - https://yoast.com/wordpress/plugins/seo/ -->
<title>BELLUARD (Dne) - Mes Vendanges</title>
<meta name="robots" content="index, follow, max-snippet:-1, max-image-preview:large, max-video-preview:-1" />
<link rel="canonical" href="https://www.mesvendanges.com/en/estates/belluard-dne/" />
<meta property="og:locale" content="en_US" />
<meta property="og:type" content="article" />
<meta property="og:title" content="BELLUARD (Dne) - Mes Vendanges" />
<meta property="og:description" content="Les Coteaux d&#8217;Ayse, vous connaissez ? Et bien, ce n&#8217;est pas très loin du Mont-Blanc. Encore un coin oublié, une de ces minuscules régions viticoles condamnées à la disparition face aux immenses régions dominantes. Ah les minorités &#8230; Mais il y a des résistants, ici et là. Des gens qui de bonne heure sont dans [&hellip;]" />
<meta property="og:url" content="https://www.mesvendanges.com/en/estates/belluard-dne/" />
<meta property="og:site_name" content="Mes Vendanges" />
<meta property="article:modified_time" content="2022-08-29T13:40:55+00:00" />
<meta name="twitter:card" content="summary_large_image" />
<meta name="twitter:label1" content="Est. reading time" />
	<meta name="twitter:data1" content="2 minutes" />
<script type="application/ld+json" class="yoast-schema-graph">{"@context":"https://schema.org","@graph":[{"@type":"Organization","@id":"https://www.mesvendanges.com/en/#organization","name":"Mes Vendanges","url":"https://www.mesvendanges.com/en/","sameAs":[],"logo":{"@type":"ImageObject","inLanguage":"fr-FR","@id":"https://www.mesvendanges.com/en/#/schema/logo/image/","url":"https://www.mesvendanges.com/wp-content/uploads/2022/02/logo-mesvendanges.jpg","contentUrl":"https://www.mesvendanges.com/wp-content/uploads/2022/02/logo-mesvendanges.jpg","width":851,"height":260,"caption":"Mes Vendanges"},"image":{"@id":"https://www.mesvendanges.com/en/#/schema/logo/image/"}},{"@type":"WebSite","@id":"https://www.mesvendanges.com/en/#website","url":"https://www.mesvendanges.com/en/","name":"Mes Vendanges","description":"Des journées entières dans les vignes","publisher":{"@id":"https://www.mesvendanges.com/en/#organization"},"potentialAction":[{"@type":"SearchAction","target":{"@type":"EntryPoint","urlTemplate":"https://www.mesvendanges.com/en/?s={search_term_string}"},"query-input":"required name=search_term_string"}],"inLanguage":"fr-FR"},{"@type":"WebPage","@id":"https://www.mesvendanges.com/en/estates/belluard-dne/","url":"https://www.mesvendanges.com/en/estates/belluard-dne/","name":"BELLUARD (Dne) - Mes Vendanges","isPartOf":{"@id":"https://www.mesvendanges.com/en/#website"},"datePublished":"2022-08-02T10:31:16+00:00","dateModified":"2022-08-29T13:40:55+00:00","breadcrumb":{"@id":"https://www.mesvendanges.com/en/estates/belluard-dne/#breadcrumb"},"inLanguage":"fr-FR","potentialAction":[{"@type":"ReadAction","target":["https://www.mesvendanges.com/en/estates/belluard-dne/"]}]},{"@type":"BreadcrumbList","@id":"https://www.mesvendanges.com/en/estates/belluard-dne/#breadcrumb","itemListElement":[{"@type":"ListItem","position":1,"name":"Home","item":"https://www.mesvendanges.com/en/"},{"@type":"ListItem","position":2,"name":"BELLUARD (Dne)"}]}]}</script>
<!-- / Yoast SEO plugin. -->

Les Coteaux d&#8217;Ayse, vous connaissez ? Et bien, ce n&#8217;est pas très loin du Mont-Blanc. Encore un coin oublié, une de ces minuscules régions viticoles condamnées à la disparition face aux immenses régions dominantes. Ah les minorités &#8230; Mais il y a des résistants, ici et là. Des gens qui de bonne heure sont dans [&hellip;]

Des journées entières dans les vignes
