{"id":36310,"date":"2022-08-02T12:58:25","date_gmt":"2022-08-02T10:58:25","guid":{"rendered":"https:\/\/www.mesvendanges.com\/shop\/uncategorized\/les-folatieres-en-la-richarde-en-magnum\/"},"modified":"2023-12-05T17:46:40","modified_gmt":"2023-12-05T16:46:40","slug":"les-folatieres-en-la-richarde-en-magnum-ente-benoit-2011-150cl","status":"publish","type":"product","link":"https:\/\/www.mesvendanges.com\/en\/shop\/wines\/les-folatieres-en-la-richarde-en-magnum-ente-benoit-2011-150cl\/","title":{"rendered":"LES FOLATIERES EN LA RICHARDE en magnum"},"content":{"rendered":"<p>Guide Bettane &amp; Desseauve :&nbsp;<\/p>\n<div>\n<p align=\"LEFT\" style=\"margin-bottom: 0cm;\">\n<p align=\"LEFT\" style=\"margin-bottom: 0cm;\"><span class=\"bd-vintage-text\" style=\"display: inline-block; width: 500px; border-right-style: solid; border-right-width: 1px; border-right-color: rgb(227, 186, 226); padding: 5px; vertical-align: top; color: rgb(43, 43, 33); font-family: 'Lucida Grande', 'Lucida Sans Unicode', Arial, Helvetica, sans-serif;\">On est proche du Cailleret et cela se sent dans l\u2019\u00e9nergie de la bouche et dans la finale min\u00e9rale magistrale, un vin d\u2019anthologie qui surpasse en complexit\u00e9 tous les autres crus du climat.<\/span><span style=\"color: rgb(43, 43, 33); font-family: 'Lucida Grande', 'Lucida Sans Unicode', Arial, Helvetica, sans-serif; background-color: rgb(227, 186, 226);\"><\/span><span class=\"bd-vintage-detail\" style=\"display: inline-block; vertical-align: top; padding: 5px; color: rgb(43, 43, 33); font-family: 'Lucida Grande', 'Lucida Sans Unicode', Arial, Helvetica, sans-serif;\">Note: 18.0&nbsp;<br \/>Apog\u00e9e: de 2013 \u00e0 2033<\/span><\/p>\n<\/div>\n","protected":false},"excerpt":{"rendered":"<p>Guide Bettane &amp; Desseauve :&nbsp; On est proche du Cailleret et cela se sent dans l\u2019\u00e9nergie de la bouche et dans la finale min\u00e9rale magistrale, un vin d\u2019anthologie qui surpasse en complexit\u00e9 tous les autres crus du climat.Note: 18.0&nbsp;Apog\u00e9e: de 2013 \u00e0 2033<\/p>\n","protected":false},"featured_media":0,"template":"","meta":[],"product_cat":[3740],"product_tag":[],"acf":[],"yoast_head":"<!-- This site is optimized with the Yoast SEO plugin v19.3 - https:\/\/yoast.com\/wordpress\/plugins\/seo\/ -->\n<title>LES FOLATIERES EN LA RICHARDE en magnum - Mes Vendanges<\/title>\n<meta name=\"robots\" content=\"index, follow, max-snippet:-1, max-image-preview:large, max-video-preview:-1\" \/>\n<link rel=\"canonical\" href=\"https:\/\/www.mesvendanges.com\/en\/shop\/wines\/les-folatieres-en-la-richarde-en-magnum-ente-benoit-2011-150cl\/\" \/>\n<meta property=\"og:locale\" content=\"en_US\" \/>\n<meta property=\"og:type\" content=\"article\" \/>\n<meta property=\"og:title\" content=\"LES FOLATIERES EN LA RICHARDE en magnum - Mes Vendanges\" \/>\n<meta property=\"og:description\" content=\"Guide Bettane &amp; Desseauve :&nbsp; On est proche du Cailleret et cela se sent dans l\u2019\u00e9nergie de la bouche et dans la finale min\u00e9rale magistrale, un vin d\u2019anthologie qui surpasse en complexit\u00e9 tous les autres crus du climat.Note: 18.0&nbsp;Apog\u00e9e: de 2013 \u00e0 2033\" \/>\n<meta property=\"og:url\" content=\"https:\/\/www.mesvendanges.com\/en\/shop\/wines\/les-folatieres-en-la-richarde-en-magnum-ente-benoit-2011-150cl\/\" \/>\n<meta property=\"og:site_name\" content=\"Mes Vendanges\" \/>\n<meta property=\"article:modified_time\" content=\"2023-12-05T16:46:40+00:00\" \/>\n<meta name=\"twitter:card\" content=\"summary_large_image\" \/>\n<script type=\"application\/ld+json\" class=\"yoast-schema-graph\">{\"@context\":\"https:\/\/schema.org\",\"@graph\":[{\"@type\":\"Organization\",\"@id\":\"https:\/\/www.mesvendanges.com\/en\/#organization\",\"name\":\"Mes Vendanges\",\"url\":\"https:\/\/www.mesvendanges.com\/en\/\",\"sameAs\":[],\"logo\":{\"@type\":\"ImageObject\",\"inLanguage\":\"fr-FR\",\"@id\":\"https:\/\/www.mesvendanges.com\/en\/#\/schema\/logo\/image\/\",\"url\":\"https:\/\/www.mesvendanges.com\/wp-content\/uploads\/2022\/02\/logo-mesvendanges.jpg\",\"contentUrl\":\"https:\/\/www.mesvendanges.com\/wp-content\/uploads\/2022\/02\/logo-mesvendanges.jpg\",\"width\":851,\"height\":260,\"caption\":\"Mes Vendanges\"},\"image\":{\"@id\":\"https:\/\/www.mesvendanges.com\/en\/#\/schema\/logo\/image\/\"}},{\"@type\":\"WebSite\",\"@id\":\"https:\/\/www.mesvendanges.com\/en\/#website\",\"url\":\"https:\/\/www.mesvendanges.com\/en\/\",\"name\":\"Mes Vendanges\",\"description\":\"Des journ\u00e9es enti\u00e8res dans les vignes\",\"publisher\":{\"@id\":\"https:\/\/www.mesvendanges.com\/en\/#organization\"},\"potentialAction\":[{\"@type\":\"SearchAction\",\"target\":{\"@type\":\"EntryPoint\",\"urlTemplate\":\"https:\/\/www.mesvendanges.com\/en\/?s={search_term_string}\"},\"query-input\":\"required name=search_term_string\"}],\"inLanguage\":\"fr-FR\"},{\"@type\":\"WebPage\",\"@id\":\"https:\/\/www.mesvendanges.com\/en\/shop\/wines\/les-folatieres-en-la-richarde-en-magnum-ente-benoit-2011-150cl\/\",\"url\":\"https:\/\/www.mesvendanges.com\/en\/shop\/wines\/les-folatieres-en-la-richarde-en-magnum-ente-benoit-2011-150cl\/\",\"name\":\"LES FOLATIERES EN LA RICHARDE en magnum - Mes Vendanges\",\"isPartOf\":{\"@id\":\"https:\/\/www.mesvendanges.com\/en\/#website\"},\"datePublished\":\"2022-08-02T10:58:25+00:00\",\"dateModified\":\"2023-12-05T16:46:40+00:00\",\"breadcrumb\":{\"@id\":\"https:\/\/www.mesvendanges.com\/en\/shop\/wines\/les-folatieres-en-la-richarde-en-magnum-ente-benoit-2011-150cl\/#breadcrumb\"},\"inLanguage\":\"fr-FR\",\"potentialAction\":[{\"@type\":\"ReadAction\",\"target\":[\"https:\/\/www.mesvendanges.com\/en\/shop\/wines\/les-folatieres-en-la-richarde-en-magnum-ente-benoit-2011-150cl\/\"]}]},{\"@type\":\"BreadcrumbList\",\"@id\":\"https:\/\/www.mesvendanges.com\/en\/shop\/wines\/les-folatieres-en-la-richarde-en-magnum-ente-benoit-2011-150cl\/#breadcrumb\",\"itemListElement\":[{\"@type\":\"ListItem\",\"position\":1,\"name\":\"Home\",\"item\":\"https:\/\/www.mesvendanges.com\/en\/\"},{\"@type\":\"ListItem\",\"position\":2,\"name\":\"Shop\",\"item\":\"https:\/\/www.mesvendanges.com\/en\/shop\/\"},{\"@type\":\"ListItem\",\"position\":3,\"name\":\"LES FOLATIERES EN LA RICHARDE en magnum\"}]}]}<\/script>\n<!-- \/ Yoast SEO plugin. -->","yoast_head_json":{"title":"LES FOLATIERES EN LA RICHARDE en magnum - Mes Vendanges","robots":{"index":"index","follow":"follow","max-snippet":"max-snippet:-1","max-image-preview":"max-image-preview:large","max-video-preview":"max-video-preview:-1"},"canonical":"https:\/\/www.mesvendanges.com\/en\/shop\/wines\/les-folatieres-en-la-richarde-en-magnum-ente-benoit-2011-150cl\/","og_locale":"en_US","og_type":"article","og_title":"LES FOLATIERES EN LA RICHARDE en magnum - Mes Vendanges","og_description":"Guide Bettane &amp; Desseauve :&nbsp; On est proche du Cailleret et cela se sent dans l\u2019\u00e9nergie de la bouche et dans la finale min\u00e9rale magistrale, un vin d\u2019anthologie qui surpasse en complexit\u00e9 tous les autres crus du climat.Note: 18.0&nbsp;Apog\u00e9e: de 2013 \u00e0 2033","og_url":"https:\/\/www.mesvendanges.com\/en\/shop\/wines\/les-folatieres-en-la-richarde-en-magnum-ente-benoit-2011-150cl\/","og_site_name":"Mes Vendanges","article_modified_time":"2023-12-05T16:46:40+00:00","twitter_card":"summary_large_image","schema":{"@context":"https:\/\/schema.org","@graph":[{"@type":"Organization","@id":"https:\/\/www.mesvendanges.com\/en\/#organization","name":"Mes Vendanges","url":"https:\/\/www.mesvendanges.com\/en\/","sameAs":[],"logo":{"@type":"ImageObject","inLanguage":"fr-FR","@id":"https:\/\/www.mesvendanges.com\/en\/#\/schema\/logo\/image\/","url":"https:\/\/www.mesvendanges.com\/wp-content\/uploads\/2022\/02\/logo-mesvendanges.jpg","contentUrl":"https:\/\/www.mesvendanges.com\/wp-content\/uploads\/2022\/02\/logo-mesvendanges.jpg","width":851,"height":260,"caption":"Mes Vendanges"},"image":{"@id":"https:\/\/www.mesvendanges.com\/en\/#\/schema\/logo\/image\/"}},{"@type":"WebSite","@id":"https:\/\/www.mesvendanges.com\/en\/#website","url":"https:\/\/www.mesvendanges.com\/en\/","name":"Mes Vendanges","description":"Des journ\u00e9es enti\u00e8res dans les vignes","publisher":{"@id":"https:\/\/www.mesvendanges.com\/en\/#organization"},"potentialAction":[{"@type":"SearchAction","target":{"@type":"EntryPoint","urlTemplate":"https:\/\/www.mesvendanges.com\/en\/?s={search_term_string}"},"query-input":"required name=search_term_string"}],"inLanguage":"fr-FR"},{"@type":"WebPage","@id":"https:\/\/www.mesvendanges.com\/en\/shop\/wines\/les-folatieres-en-la-richarde-en-magnum-ente-benoit-2011-150cl\/","url":"https:\/\/www.mesvendanges.com\/en\/shop\/wines\/les-folatieres-en-la-richarde-en-magnum-ente-benoit-2011-150cl\/","name":"LES FOLATIERES EN LA RICHARDE en magnum - Mes Vendanges","isPartOf":{"@id":"https:\/\/www.mesvendanges.com\/en\/#website"},"datePublished":"2022-08-02T10:58:25+00:00","dateModified":"2023-12-05T16:46:40+00:00","breadcrumb":{"@id":"https:\/\/www.mesvendanges.com\/en\/shop\/wines\/les-folatieres-en-la-richarde-en-magnum-ente-benoit-2011-150cl\/#breadcrumb"},"inLanguage":"fr-FR","potentialAction":[{"@type":"ReadAction","target":["https:\/\/www.mesvendanges.com\/en\/shop\/wines\/les-folatieres-en-la-richarde-en-magnum-ente-benoit-2011-150cl\/"]}]},{"@type":"BreadcrumbList","@id":"https:\/\/www.mesvendanges.com\/en\/shop\/wines\/les-folatieres-en-la-richarde-en-magnum-ente-benoit-2011-150cl\/#breadcrumb","itemListElement":[{"@type":"ListItem","position":1,"name":"Home","item":"https:\/\/www.mesvendanges.com\/en\/"},{"@type":"ListItem","position":2,"name":"Shop","item":"https:\/\/www.mesvendanges.com\/en\/shop\/"},{"@type":"ListItem","position":3,"name":"LES FOLATIERES EN LA RICHARDE en magnum"}]}]}},"_links":{"self":[{"href":"https:\/\/www.mesvendanges.com\/en\/wp-json\/wp\/v2\/product\/36310"}],"collection":[{"href":"https:\/\/www.mesvendanges.com\/en\/wp-json\/wp\/v2\/product"}],"about":[{"href":"https:\/\/www.mesvendanges.com\/en\/wp-json\/wp\/v2\/types\/product"}],"wp:attachment":[{"href":"https:\/\/www.mesvendanges.com\/en\/wp-json\/wp\/v2\/media?parent=36310"}],"wp:term":[{"taxonomy":"product_cat","embeddable":true,"href":"https:\/\/www.mesvendanges.com\/en\/wp-json\/wp\/v2\/product_cat?post=36310"},{"taxonomy":"product_tag","embeddable":true,"href":"https:\/\/www.mesvendanges.com\/en\/wp-json\/wp\/v2\/product_tag?post=36310"}],"curies":[{"name":"wp","href":"https:\/\/api.w.org\/{rel}","templated":true}]}}

<p>Guide Bettane &amp; Desseauve :&nbsp;</p>
<div>
<p align="LEFT" style="margin-bottom: 0cm;">
<p align="LEFT" style="margin-bottom: 0cm;"><span class="bd-vintage-text" style="display: inline-block; width: 500px; border-right-style: solid; border-right-width: 1px; border-right-color: rgb(227, 186, 226); padding: 5px; vertical-align: top; color: rgb(43, 43, 33); font-family: 'Lucida Grande', 'Lucida Sans Unicode', Arial, Helvetica, sans-serif;">On est proche du Cailleret et cela se sent dans l’énergie de la bouche et dans la finale minérale magistrale, un vin d’anthologie qui surpasse en complexité tous les autres crus du climat.</span><span style="color: rgb(43, 43, 33); font-family: 'Lucida Grande', 'Lucida Sans Unicode', Arial, Helvetica, sans-serif; background-color: rgb(227, 186, 226);"></span><span class="bd-vintage-detail" style="display: inline-block; vertical-align: top; padding: 5px; color: rgb(43, 43, 33); font-family: 'Lucida Grande', 'Lucida Sans Unicode', Arial, Helvetica, sans-serif;">Note: 18.0&nbsp;<br />Apogée: de 2013 à 2033</span></p>
</div>

<p>Guide Bettane &amp; Desseauve :&nbsp; On est proche du Cailleret et cela se sent dans l’énergie de la bouche et dans la finale minérale magistrale, un vin d’anthologie qui surpasse en complexité tous les autres crus du climat.Note: 18.0&nbsp;Apogée: de 2013 à 2033</p>

<!-- This site is optimized with the Yoast SEO plugin v19.3 - https://yoast.com/wordpress/plugins/seo/ -->
<title>LES FOLATIERES EN LA RICHARDE en magnum - Mes Vendanges</title>
<meta name="robots" content="index, follow, max-snippet:-1, max-image-preview:large, max-video-preview:-1" />
<link rel="canonical" href="https://www.mesvendanges.com/en/shop/wines/les-folatieres-en-la-richarde-en-magnum-ente-benoit-2011-150cl/" />
<meta property="og:locale" content="en_US" />
<meta property="og:type" content="article" />
<meta property="og:title" content="LES FOLATIERES EN LA RICHARDE en magnum - Mes Vendanges" />
<meta property="og:description" content="Guide Bettane &amp; Desseauve :&nbsp; On est proche du Cailleret et cela se sent dans l’énergie de la bouche et dans la finale minérale magistrale, un vin d’anthologie qui surpasse en complexité tous les autres crus du climat.Note: 18.0&nbsp;Apogée: de 2013 à 2033" />
<meta property="og:url" content="https://www.mesvendanges.com/en/shop/wines/les-folatieres-en-la-richarde-en-magnum-ente-benoit-2011-150cl/" />
<meta property="og:site_name" content="Mes Vendanges" />
<meta property="article:modified_time" content="2023-12-05T16:46:40+00:00" />
<meta name="twitter:card" content="summary_large_image" />
<script type="application/ld+json" class="yoast-schema-graph">{"@context":"https://schema.org","@graph":[{"@type":"Organization","@id":"https://www.mesvendanges.com/en/#organization","name":"Mes Vendanges","url":"https://www.mesvendanges.com/en/","sameAs":[],"logo":{"@type":"ImageObject","inLanguage":"fr-FR","@id":"https://www.mesvendanges.com/en/#/schema/logo/image/","url":"https://www.mesvendanges.com/wp-content/uploads/2022/02/logo-mesvendanges.jpg","contentUrl":"https://www.mesvendanges.com/wp-content/uploads/2022/02/logo-mesvendanges.jpg","width":851,"height":260,"caption":"Mes Vendanges"},"image":{"@id":"https://www.mesvendanges.com/en/#/schema/logo/image/"}},{"@type":"WebSite","@id":"https://www.mesvendanges.com/en/#website","url":"https://www.mesvendanges.com/en/","name":"Mes Vendanges","description":"Des journées entières dans les vignes","publisher":{"@id":"https://www.mesvendanges.com/en/#organization"},"potentialAction":[{"@type":"SearchAction","target":{"@type":"EntryPoint","urlTemplate":"https://www.mesvendanges.com/en/?s={search_term_string}"},"query-input":"required name=search_term_string"}],"inLanguage":"fr-FR"},{"@type":"WebPage","@id":"https://www.mesvendanges.com/en/shop/wines/les-folatieres-en-la-richarde-en-magnum-ente-benoit-2011-150cl/","url":"https://www.mesvendanges.com/en/shop/wines/les-folatieres-en-la-richarde-en-magnum-ente-benoit-2011-150cl/","name":"LES FOLATIERES EN LA RICHARDE en magnum - Mes Vendanges","isPartOf":{"@id":"https://www.mesvendanges.com/en/#website"},"datePublished":"2022-08-02T10:58:25+00:00","dateModified":"2023-12-05T16:46:40+00:00","breadcrumb":{"@id":"https://www.mesvendanges.com/en/shop/wines/les-folatieres-en-la-richarde-en-magnum-ente-benoit-2011-150cl/#breadcrumb"},"inLanguage":"fr-FR","potentialAction":[{"@type":"ReadAction","target":["https://www.mesvendanges.com/en/shop/wines/les-folatieres-en-la-richarde-en-magnum-ente-benoit-2011-150cl/"]}]},{"@type":"BreadcrumbList","@id":"https://www.mesvendanges.com/en/shop/wines/les-folatieres-en-la-richarde-en-magnum-ente-benoit-2011-150cl/#breadcrumb","itemListElement":[{"@type":"ListItem","position":1,"name":"Home","item":"https://www.mesvendanges.com/en/"},{"@type":"ListItem","position":2,"name":"Shop","item":"https://www.mesvendanges.com/en/shop/"},{"@type":"ListItem","position":3,"name":"LES FOLATIERES EN LA RICHARDE en magnum"}]}]}</script>
<!-- / Yoast SEO plugin. -->

Guide Bettane &amp; Desseauve :&nbsp; On est proche du Cailleret et cela se sent dans l’énergie de la bouche et dans la finale minérale magistrale, un vin d’anthologie qui surpasse en complexité tous les autres crus du climat.Note: 18.0&nbsp;Apogée: de 2013 à 2033

Des journées entières dans les vignes
