{"id":36934,"date":"2022-08-02T13:15:28","date_gmt":"2022-08-02T11:15:28","guid":{"rendered":"https:\/\/www.mesvendanges.com\/shop\/uncategorized\/les-folatieres-en-la-richarde-magnum\/"},"modified":"2023-12-05T17:46:45","modified_gmt":"2023-12-05T16:46:45","slug":"les-folatieres-en-la-richarde-magnum-ente-benoit-2012-150cl","status":"publish","type":"product","link":"https:\/\/www.mesvendanges.com\/en\/shop\/wines\/les-folatieres-en-la-richarde-magnum-ente-benoit-2012-150cl\/","title":{"rendered":"LES FOLATIERES EN LA RICHARDE MAGNUM"},"content":{"rendered":"<div><\/div>\n<p>Guide Bettane &amp; Desseauve sur le mill\u00e9sime 2012:&nbsp;<\/p>\n<div>\n<p style=\"margin-bottom: 0cm;\" align=\"LEFT\">\n<p style=\"margin-bottom: 0cm;\" align=\"LEFT\"><span class=\"bd-vintage-detail\" style=\"display: inline-block; vertical-align: top; padding: 5px; color: rgb(43, 43, 33); font-family: 'Lucida Grande', 'Lucida Sans Unicode', Arial, Helvetica, sans-serif;\"><span class=\"bd-vintage-text\" style=\"display: inline-block; width: 638px; padding: 5px; vertical-align: top; text-align: justify; font-family: 'Lucida Grande', 'Lucida Sans Unicode', Arial, Helvetica, sans-serif; font-size: 13px;\">Situ\u00e9 sur la partie Richarde, proche du Chevalier, ce premier cru est un mod\u00e8le de style, il conjugue une tension vibrante avec une puissance d\u2019une grande \u00e9l\u00e9gance. On est au niveau d\u2019un grand cru.<\/span><span style=\"font-family: 'Lucida Grande', 'Lucida Sans Unicode', Arial, Helvetica, sans-serif; font-size: 13px;\"><\/span><span class=\"bd-vintage-detail\" style=\"display: inline-block; vertical-align: top; padding: 5px; font-family: 'Lucida Grande', 'Lucida Sans Unicode', Arial, Helvetica, sans-serif; font-size: 13px;\"><b>Note: 18.5&nbsp;<\/b><br \/>Apog\u00e9e: de 2014 \u00e0 2032<\/span><\/p>\n<p><\/span><\/p>\n<\/div>\n","protected":false},"excerpt":{"rendered":"<p>Guide Bettane &amp; Desseauve sur le mill\u00e9sime 2012:&nbsp; Situ\u00e9 sur la partie Richarde, proche du Chevalier, ce premier cru est un mod\u00e8le de style, il conjugue une tension vibrante avec une puissance d\u2019une grande \u00e9l\u00e9gance. On est au niveau d\u2019un grand cru.Note: 18.5&nbsp;Apog\u00e9e: de 2014 \u00e0 2032<\/p>\n","protected":false},"featured_media":0,"template":"","meta":[],"product_cat":[3740],"product_tag":[],"acf":[],"yoast_head":"<!-- This site is optimized with the Yoast SEO plugin v19.3 - https:\/\/yoast.com\/wordpress\/plugins\/seo\/ -->\n<title>LES FOLATIERES EN LA RICHARDE MAGNUM - Mes Vendanges<\/title>\n<meta name=\"robots\" content=\"index, follow, max-snippet:-1, max-image-preview:large, max-video-preview:-1\" \/>\n<link rel=\"canonical\" href=\"https:\/\/www.mesvendanges.com\/en\/shop\/wines\/les-folatieres-en-la-richarde-magnum-ente-benoit-2012-150cl\/\" \/>\n<meta property=\"og:locale\" content=\"en_US\" \/>\n<meta property=\"og:type\" content=\"article\" \/>\n<meta property=\"og:title\" content=\"LES FOLATIERES EN LA RICHARDE MAGNUM - Mes Vendanges\" \/>\n<meta property=\"og:description\" content=\"Guide Bettane &amp; Desseauve sur le mill\u00e9sime 2012:&nbsp; Situ\u00e9 sur la partie Richarde, proche du Chevalier, ce premier cru est un mod\u00e8le de style, il conjugue une tension vibrante avec une puissance d\u2019une grande \u00e9l\u00e9gance. On est au niveau d\u2019un grand cru.Note: 18.5&nbsp;Apog\u00e9e: de 2014 \u00e0 2032\" \/>\n<meta property=\"og:url\" content=\"https:\/\/www.mesvendanges.com\/en\/shop\/wines\/les-folatieres-en-la-richarde-magnum-ente-benoit-2012-150cl\/\" \/>\n<meta property=\"og:site_name\" content=\"Mes Vendanges\" \/>\n<meta property=\"article:modified_time\" content=\"2023-12-05T16:46:45+00:00\" \/>\n<meta name=\"twitter:card\" content=\"summary_large_image\" \/>\n<script type=\"application\/ld+json\" class=\"yoast-schema-graph\">{\"@context\":\"https:\/\/schema.org\",\"@graph\":[{\"@type\":\"Organization\",\"@id\":\"https:\/\/www.mesvendanges.com\/en\/#organization\",\"name\":\"Mes Vendanges\",\"url\":\"https:\/\/www.mesvendanges.com\/en\/\",\"sameAs\":[],\"logo\":{\"@type\":\"ImageObject\",\"inLanguage\":\"fr-FR\",\"@id\":\"https:\/\/www.mesvendanges.com\/en\/#\/schema\/logo\/image\/\",\"url\":\"https:\/\/www.mesvendanges.com\/wp-content\/uploads\/2022\/02\/logo-mesvendanges.jpg\",\"contentUrl\":\"https:\/\/www.mesvendanges.com\/wp-content\/uploads\/2022\/02\/logo-mesvendanges.jpg\",\"width\":851,\"height\":260,\"caption\":\"Mes Vendanges\"},\"image\":{\"@id\":\"https:\/\/www.mesvendanges.com\/en\/#\/schema\/logo\/image\/\"}},{\"@type\":\"WebSite\",\"@id\":\"https:\/\/www.mesvendanges.com\/en\/#website\",\"url\":\"https:\/\/www.mesvendanges.com\/en\/\",\"name\":\"Mes Vendanges\",\"description\":\"Des journ\u00e9es enti\u00e8res dans les vignes\",\"publisher\":{\"@id\":\"https:\/\/www.mesvendanges.com\/en\/#organization\"},\"potentialAction\":[{\"@type\":\"SearchAction\",\"target\":{\"@type\":\"EntryPoint\",\"urlTemplate\":\"https:\/\/www.mesvendanges.com\/en\/?s={search_term_string}\"},\"query-input\":\"required name=search_term_string\"}],\"inLanguage\":\"fr-FR\"},{\"@type\":\"WebPage\",\"@id\":\"https:\/\/www.mesvendanges.com\/en\/shop\/wines\/les-folatieres-en-la-richarde-magnum-ente-benoit-2012-150cl\/\",\"url\":\"https:\/\/www.mesvendanges.com\/en\/shop\/wines\/les-folatieres-en-la-richarde-magnum-ente-benoit-2012-150cl\/\",\"name\":\"LES FOLATIERES EN LA RICHARDE MAGNUM - Mes Vendanges\",\"isPartOf\":{\"@id\":\"https:\/\/www.mesvendanges.com\/en\/#website\"},\"datePublished\":\"2022-08-02T11:15:28+00:00\",\"dateModified\":\"2023-12-05T16:46:45+00:00\",\"breadcrumb\":{\"@id\":\"https:\/\/www.mesvendanges.com\/en\/shop\/wines\/les-folatieres-en-la-richarde-magnum-ente-benoit-2012-150cl\/#breadcrumb\"},\"inLanguage\":\"fr-FR\",\"potentialAction\":[{\"@type\":\"ReadAction\",\"target\":[\"https:\/\/www.mesvendanges.com\/en\/shop\/wines\/les-folatieres-en-la-richarde-magnum-ente-benoit-2012-150cl\/\"]}]},{\"@type\":\"BreadcrumbList\",\"@id\":\"https:\/\/www.mesvendanges.com\/en\/shop\/wines\/les-folatieres-en-la-richarde-magnum-ente-benoit-2012-150cl\/#breadcrumb\",\"itemListElement\":[{\"@type\":\"ListItem\",\"position\":1,\"name\":\"Home\",\"item\":\"https:\/\/www.mesvendanges.com\/en\/\"},{\"@type\":\"ListItem\",\"position\":2,\"name\":\"Shop\",\"item\":\"https:\/\/www.mesvendanges.com\/en\/shop\/\"},{\"@type\":\"ListItem\",\"position\":3,\"name\":\"LES FOLATIERES EN LA RICHARDE MAGNUM\"}]}]}<\/script>\n<!-- \/ Yoast SEO plugin. -->","yoast_head_json":{"title":"LES FOLATIERES EN LA RICHARDE MAGNUM - Mes Vendanges","robots":{"index":"index","follow":"follow","max-snippet":"max-snippet:-1","max-image-preview":"max-image-preview:large","max-video-preview":"max-video-preview:-1"},"canonical":"https:\/\/www.mesvendanges.com\/en\/shop\/wines\/les-folatieres-en-la-richarde-magnum-ente-benoit-2012-150cl\/","og_locale":"en_US","og_type":"article","og_title":"LES FOLATIERES EN LA RICHARDE MAGNUM - Mes Vendanges","og_description":"Guide Bettane &amp; Desseauve sur le mill\u00e9sime 2012:&nbsp; Situ\u00e9 sur la partie Richarde, proche du Chevalier, ce premier cru est un mod\u00e8le de style, il conjugue une tension vibrante avec une puissance d\u2019une grande \u00e9l\u00e9gance. On est au niveau d\u2019un grand cru.Note: 18.5&nbsp;Apog\u00e9e: de 2014 \u00e0 2032","og_url":"https:\/\/www.mesvendanges.com\/en\/shop\/wines\/les-folatieres-en-la-richarde-magnum-ente-benoit-2012-150cl\/","og_site_name":"Mes Vendanges","article_modified_time":"2023-12-05T16:46:45+00:00","twitter_card":"summary_large_image","schema":{"@context":"https:\/\/schema.org","@graph":[{"@type":"Organization","@id":"https:\/\/www.mesvendanges.com\/en\/#organization","name":"Mes Vendanges","url":"https:\/\/www.mesvendanges.com\/en\/","sameAs":[],"logo":{"@type":"ImageObject","inLanguage":"fr-FR","@id":"https:\/\/www.mesvendanges.com\/en\/#\/schema\/logo\/image\/","url":"https:\/\/www.mesvendanges.com\/wp-content\/uploads\/2022\/02\/logo-mesvendanges.jpg","contentUrl":"https:\/\/www.mesvendanges.com\/wp-content\/uploads\/2022\/02\/logo-mesvendanges.jpg","width":851,"height":260,"caption":"Mes Vendanges"},"image":{"@id":"https:\/\/www.mesvendanges.com\/en\/#\/schema\/logo\/image\/"}},{"@type":"WebSite","@id":"https:\/\/www.mesvendanges.com\/en\/#website","url":"https:\/\/www.mesvendanges.com\/en\/","name":"Mes Vendanges","description":"Des journ\u00e9es enti\u00e8res dans les vignes","publisher":{"@id":"https:\/\/www.mesvendanges.com\/en\/#organization"},"potentialAction":[{"@type":"SearchAction","target":{"@type":"EntryPoint","urlTemplate":"https:\/\/www.mesvendanges.com\/en\/?s={search_term_string}"},"query-input":"required name=search_term_string"}],"inLanguage":"fr-FR"},{"@type":"WebPage","@id":"https:\/\/www.mesvendanges.com\/en\/shop\/wines\/les-folatieres-en-la-richarde-magnum-ente-benoit-2012-150cl\/","url":"https:\/\/www.mesvendanges.com\/en\/shop\/wines\/les-folatieres-en-la-richarde-magnum-ente-benoit-2012-150cl\/","name":"LES FOLATIERES EN LA RICHARDE MAGNUM - Mes Vendanges","isPartOf":{"@id":"https:\/\/www.mesvendanges.com\/en\/#website"},"datePublished":"2022-08-02T11:15:28+00:00","dateModified":"2023-12-05T16:46:45+00:00","breadcrumb":{"@id":"https:\/\/www.mesvendanges.com\/en\/shop\/wines\/les-folatieres-en-la-richarde-magnum-ente-benoit-2012-150cl\/#breadcrumb"},"inLanguage":"fr-FR","potentialAction":[{"@type":"ReadAction","target":["https:\/\/www.mesvendanges.com\/en\/shop\/wines\/les-folatieres-en-la-richarde-magnum-ente-benoit-2012-150cl\/"]}]},{"@type":"BreadcrumbList","@id":"https:\/\/www.mesvendanges.com\/en\/shop\/wines\/les-folatieres-en-la-richarde-magnum-ente-benoit-2012-150cl\/#breadcrumb","itemListElement":[{"@type":"ListItem","position":1,"name":"Home","item":"https:\/\/www.mesvendanges.com\/en\/"},{"@type":"ListItem","position":2,"name":"Shop","item":"https:\/\/www.mesvendanges.com\/en\/shop\/"},{"@type":"ListItem","position":3,"name":"LES FOLATIERES EN LA RICHARDE MAGNUM"}]}]}},"_links":{"self":[{"href":"https:\/\/www.mesvendanges.com\/en\/wp-json\/wp\/v2\/product\/36934"}],"collection":[{"href":"https:\/\/www.mesvendanges.com\/en\/wp-json\/wp\/v2\/product"}],"about":[{"href":"https:\/\/www.mesvendanges.com\/en\/wp-json\/wp\/v2\/types\/product"}],"wp:attachment":[{"href":"https:\/\/www.mesvendanges.com\/en\/wp-json\/wp\/v2\/media?parent=36934"}],"wp:term":[{"taxonomy":"product_cat","embeddable":true,"href":"https:\/\/www.mesvendanges.com\/en\/wp-json\/wp\/v2\/product_cat?post=36934"},{"taxonomy":"product_tag","embeddable":true,"href":"https:\/\/www.mesvendanges.com\/en\/wp-json\/wp\/v2\/product_tag?post=36934"}],"curies":[{"name":"wp","href":"https:\/\/api.w.org\/{rel}","templated":true}]}}

<div></div>
<p>Guide Bettane &amp; Desseauve sur le millésime 2012:&nbsp;</p>
<div>
<p style="margin-bottom: 0cm;" align="LEFT">
<p style="margin-bottom: 0cm;" align="LEFT"><span class="bd-vintage-detail" style="display: inline-block; vertical-align: top; padding: 5px; color: rgb(43, 43, 33); font-family: 'Lucida Grande', 'Lucida Sans Unicode', Arial, Helvetica, sans-serif;"><span class="bd-vintage-text" style="display: inline-block; width: 638px; padding: 5px; vertical-align: top; text-align: justify; font-family: 'Lucida Grande', 'Lucida Sans Unicode', Arial, Helvetica, sans-serif; font-size: 13px;">Situé sur la partie Richarde, proche du Chevalier, ce premier cru est un modèle de style, il conjugue une tension vibrante avec une puissance d’une grande élégance. On est au niveau d’un grand cru.</span><span style="font-family: 'Lucida Grande', 'Lucida Sans Unicode', Arial, Helvetica, sans-serif; font-size: 13px;"></span><span class="bd-vintage-detail" style="display: inline-block; vertical-align: top; padding: 5px; font-family: 'Lucida Grande', 'Lucida Sans Unicode', Arial, Helvetica, sans-serif; font-size: 13px;"><b>Note: 18.5&nbsp;</b><br />Apogée: de 2014 à 2032</span></p>
<p></span></p>
</div>

<p>Guide Bettane &amp; Desseauve sur le millésime 2012:&nbsp; Situé sur la partie Richarde, proche du Chevalier, ce premier cru est un modèle de style, il conjugue une tension vibrante avec une puissance d’une grande élégance. On est au niveau d’un grand cru.Note: 18.5&nbsp;Apogée: de 2014 à 2032</p>

<!-- This site is optimized with the Yoast SEO plugin v19.3 - https://yoast.com/wordpress/plugins/seo/ -->
<title>LES FOLATIERES EN LA RICHARDE MAGNUM - Mes Vendanges</title>
<meta name="robots" content="index, follow, max-snippet:-1, max-image-preview:large, max-video-preview:-1" />
<link rel="canonical" href="https://www.mesvendanges.com/en/shop/wines/les-folatieres-en-la-richarde-magnum-ente-benoit-2012-150cl/" />
<meta property="og:locale" content="en_US" />
<meta property="og:type" content="article" />
<meta property="og:title" content="LES FOLATIERES EN LA RICHARDE MAGNUM - Mes Vendanges" />
<meta property="og:description" content="Guide Bettane &amp; Desseauve sur le millésime 2012:&nbsp; Situé sur la partie Richarde, proche du Chevalier, ce premier cru est un modèle de style, il conjugue une tension vibrante avec une puissance d’une grande élégance. On est au niveau d’un grand cru.Note: 18.5&nbsp;Apogée: de 2014 à 2032" />
<meta property="og:url" content="https://www.mesvendanges.com/en/shop/wines/les-folatieres-en-la-richarde-magnum-ente-benoit-2012-150cl/" />
<meta property="og:site_name" content="Mes Vendanges" />
<meta property="article:modified_time" content="2023-12-05T16:46:45+00:00" />
<meta name="twitter:card" content="summary_large_image" />
<script type="application/ld+json" class="yoast-schema-graph">{"@context":"https://schema.org","@graph":[{"@type":"Organization","@id":"https://www.mesvendanges.com/en/#organization","name":"Mes Vendanges","url":"https://www.mesvendanges.com/en/","sameAs":[],"logo":{"@type":"ImageObject","inLanguage":"fr-FR","@id":"https://www.mesvendanges.com/en/#/schema/logo/image/","url":"https://www.mesvendanges.com/wp-content/uploads/2022/02/logo-mesvendanges.jpg","contentUrl":"https://www.mesvendanges.com/wp-content/uploads/2022/02/logo-mesvendanges.jpg","width":851,"height":260,"caption":"Mes Vendanges"},"image":{"@id":"https://www.mesvendanges.com/en/#/schema/logo/image/"}},{"@type":"WebSite","@id":"https://www.mesvendanges.com/en/#website","url":"https://www.mesvendanges.com/en/","name":"Mes Vendanges","description":"Des journées entières dans les vignes","publisher":{"@id":"https://www.mesvendanges.com/en/#organization"},"potentialAction":[{"@type":"SearchAction","target":{"@type":"EntryPoint","urlTemplate":"https://www.mesvendanges.com/en/?s={search_term_string}"},"query-input":"required name=search_term_string"}],"inLanguage":"fr-FR"},{"@type":"WebPage","@id":"https://www.mesvendanges.com/en/shop/wines/les-folatieres-en-la-richarde-magnum-ente-benoit-2012-150cl/","url":"https://www.mesvendanges.com/en/shop/wines/les-folatieres-en-la-richarde-magnum-ente-benoit-2012-150cl/","name":"LES FOLATIERES EN LA RICHARDE MAGNUM - Mes Vendanges","isPartOf":{"@id":"https://www.mesvendanges.com/en/#website"},"datePublished":"2022-08-02T11:15:28+00:00","dateModified":"2023-12-05T16:46:45+00:00","breadcrumb":{"@id":"https://www.mesvendanges.com/en/shop/wines/les-folatieres-en-la-richarde-magnum-ente-benoit-2012-150cl/#breadcrumb"},"inLanguage":"fr-FR","potentialAction":[{"@type":"ReadAction","target":["https://www.mesvendanges.com/en/shop/wines/les-folatieres-en-la-richarde-magnum-ente-benoit-2012-150cl/"]}]},{"@type":"BreadcrumbList","@id":"https://www.mesvendanges.com/en/shop/wines/les-folatieres-en-la-richarde-magnum-ente-benoit-2012-150cl/#breadcrumb","itemListElement":[{"@type":"ListItem","position":1,"name":"Home","item":"https://www.mesvendanges.com/en/"},{"@type":"ListItem","position":2,"name":"Shop","item":"https://www.mesvendanges.com/en/shop/"},{"@type":"ListItem","position":3,"name":"LES FOLATIERES EN LA RICHARDE MAGNUM"}]}]}</script>
<!-- / Yoast SEO plugin. -->

Guide Bettane &amp; Desseauve sur le millésime 2012:&nbsp; Situé sur la partie Richarde, proche du Chevalier, ce premier cru est un modèle de style, il conjugue une tension vibrante avec une puissance d’une grande élégance. On est au niveau d’un grand cru.Note: 18.5&nbsp;Apogée: de 2014 à 2032

Des journées entières dans les vignes
