{"id":41826,"date":"2022-08-02T15:17:03","date_gmt":"2022-08-02T13:17:03","guid":{"rendered":"https:\/\/www.mesvendanges.com\/shop\/uncategorized\/la-lorentine-4\/"},"modified":"2025-05-06T15:27:30","modified_gmt":"2025-05-06T13:27:30","slug":"la-lorentine-marcoux-dne-de-2016-75cl","status":"publish","type":"product","link":"https:\/\/www.mesvendanges.com\/en\/shop\/wines\/la-lorentine-marcoux-dne-de-2016-75cl\/","title":{"rendered":"LA LORENTINE"},"content":{"rendered":"<p>Un lirac sign\u00e9 par les oseurs Armenier. Pr\u00e9cision et finesse sont au rendez vous. La trame du mill\u00e9sime 2015 donne au vin une belle aptitude \u00e0 la garde tout en procurant beaucoup de plaisir d\u00e8s sa jeunesse.<\/p>\n","protected":false},"excerpt":{"rendered":"<p>Un lirac sign\u00e9 par les oseurs Armenier. Pr\u00e9cision et finesse sont au rendez vous. La trame du mill\u00e9sime 2015 donne au vin une belle aptitude \u00e0 la garde tout en procurant beaucoup de plaisir d\u00e8s sa jeunesse.<\/p>\n","protected":false},"featured_media":8968,"template":"","meta":[],"product_cat":[3740],"product_tag":[],"acf":[],"yoast_head":"<!-- This site is optimized with the Yoast SEO plugin v19.3 - https:\/\/yoast.com\/wordpress\/plugins\/seo\/ -->\n<title>LA LORENTINE - Mes Vendanges<\/title>\n<meta name=\"robots\" content=\"index, follow, max-snippet:-1, max-image-preview:large, max-video-preview:-1\" \/>\n<link rel=\"canonical\" href=\"https:\/\/www.mesvendanges.com\/en\/shop\/wines\/la-lorentine-marcoux-dne-de-2016-75cl\/\" \/>\n<meta property=\"og:locale\" content=\"en_US\" \/>\n<meta property=\"og:type\" content=\"article\" \/>\n<meta property=\"og:title\" content=\"LA LORENTINE - Mes Vendanges\" \/>\n<meta property=\"og:description\" content=\"Un lirac sign\u00e9 par les oseurs Armenier. Pr\u00e9cision et finesse sont au rendez vous. La trame du mill\u00e9sime 2015 donne au vin une belle aptitude \u00e0 la garde tout en procurant beaucoup de plaisir d\u00e8s sa jeunesse.\" \/>\n<meta property=\"og:url\" content=\"https:\/\/www.mesvendanges.com\/en\/shop\/wines\/la-lorentine-marcoux-dne-de-2016-75cl\/\" \/>\n<meta property=\"og:site_name\" content=\"Mes Vendanges\" \/>\n<meta property=\"article:modified_time\" content=\"2025-05-06T13:27:30+00:00\" \/>\n<meta property=\"og:image\" content=\"https:\/\/www.mesvendanges.com\/wp-content\/uploads\/2022\/06\/domaine-de-marcoux-la-lorentine-lirac-rouge-2016-png.png\" \/>\n\t<meta property=\"og:image:width\" content=\"463\" \/>\n\t<meta property=\"og:image:height\" content=\"1500\" \/>\n\t<meta property=\"og:image:type\" content=\"image\/png\" \/>\n<meta name=\"twitter:card\" content=\"summary_large_image\" \/>\n<script type=\"application\/ld+json\" class=\"yoast-schema-graph\">{\"@context\":\"https:\/\/schema.org\",\"@graph\":[{\"@type\":\"Organization\",\"@id\":\"https:\/\/www.mesvendanges.com\/en\/#organization\",\"name\":\"Mes Vendanges\",\"url\":\"https:\/\/www.mesvendanges.com\/en\/\",\"sameAs\":[],\"logo\":{\"@type\":\"ImageObject\",\"inLanguage\":\"fr-FR\",\"@id\":\"https:\/\/www.mesvendanges.com\/en\/#\/schema\/logo\/image\/\",\"url\":\"https:\/\/www.mesvendanges.com\/wp-content\/uploads\/2022\/02\/logo-mesvendanges.jpg\",\"contentUrl\":\"https:\/\/www.mesvendanges.com\/wp-content\/uploads\/2022\/02\/logo-mesvendanges.jpg\",\"width\":851,\"height\":260,\"caption\":\"Mes Vendanges\"},\"image\":{\"@id\":\"https:\/\/www.mesvendanges.com\/en\/#\/schema\/logo\/image\/\"}},{\"@type\":\"WebSite\",\"@id\":\"https:\/\/www.mesvendanges.com\/en\/#website\",\"url\":\"https:\/\/www.mesvendanges.com\/en\/\",\"name\":\"Mes Vendanges\",\"description\":\"Des journ\u00e9es enti\u00e8res dans les vignes\",\"publisher\":{\"@id\":\"https:\/\/www.mesvendanges.com\/en\/#organization\"},\"potentialAction\":[{\"@type\":\"SearchAction\",\"target\":{\"@type\":\"EntryPoint\",\"urlTemplate\":\"https:\/\/www.mesvendanges.com\/en\/?s={search_term_string}\"},\"query-input\":\"required name=search_term_string\"}],\"inLanguage\":\"fr-FR\"},{\"@type\":\"ImageObject\",\"inLanguage\":\"fr-FR\",\"@id\":\"https:\/\/www.mesvendanges.com\/en\/shop\/wines\/la-lorentine-marcoux-dne-de-2016-75cl\/#primaryimage\",\"url\":\"https:\/\/www.mesvendanges.com\/wp-content\/uploads\/2022\/06\/domaine-de-marcoux-la-lorentine-lirac-rouge-2016-png.png\",\"contentUrl\":\"https:\/\/www.mesvendanges.com\/wp-content\/uploads\/2022\/06\/domaine-de-marcoux-la-lorentine-lirac-rouge-2016-png.png\",\"width\":463,\"height\":1500},{\"@type\":\"WebPage\",\"@id\":\"https:\/\/www.mesvendanges.com\/en\/shop\/wines\/la-lorentine-marcoux-dne-de-2016-75cl\/\",\"url\":\"https:\/\/www.mesvendanges.com\/en\/shop\/wines\/la-lorentine-marcoux-dne-de-2016-75cl\/\",\"name\":\"LA LORENTINE - Mes Vendanges\",\"isPartOf\":{\"@id\":\"https:\/\/www.mesvendanges.com\/en\/#website\"},\"primaryImageOfPage\":{\"@id\":\"https:\/\/www.mesvendanges.com\/en\/shop\/wines\/la-lorentine-marcoux-dne-de-2016-75cl\/#primaryimage\"},\"datePublished\":\"2022-08-02T13:17:03+00:00\",\"dateModified\":\"2025-05-06T13:27:30+00:00\",\"breadcrumb\":{\"@id\":\"https:\/\/www.mesvendanges.com\/en\/shop\/wines\/la-lorentine-marcoux-dne-de-2016-75cl\/#breadcrumb\"},\"inLanguage\":\"fr-FR\",\"potentialAction\":[{\"@type\":\"ReadAction\",\"target\":[\"https:\/\/www.mesvendanges.com\/en\/shop\/wines\/la-lorentine-marcoux-dne-de-2016-75cl\/\"]}]},{\"@type\":\"BreadcrumbList\",\"@id\":\"https:\/\/www.mesvendanges.com\/en\/shop\/wines\/la-lorentine-marcoux-dne-de-2016-75cl\/#breadcrumb\",\"itemListElement\":[{\"@type\":\"ListItem\",\"position\":1,\"name\":\"Home\",\"item\":\"https:\/\/www.mesvendanges.com\/en\/\"},{\"@type\":\"ListItem\",\"position\":2,\"name\":\"Shop\",\"item\":\"https:\/\/www.mesvendanges.com\/en\/shop\/\"},{\"@type\":\"ListItem\",\"position\":3,\"name\":\"LA LORENTINE\"}]}]}<\/script>\n<!-- \/ Yoast SEO plugin. -->","yoast_head_json":{"title":"LA LORENTINE - Mes Vendanges","robots":{"index":"index","follow":"follow","max-snippet":"max-snippet:-1","max-image-preview":"max-image-preview:large","max-video-preview":"max-video-preview:-1"},"canonical":"https:\/\/www.mesvendanges.com\/en\/shop\/wines\/la-lorentine-marcoux-dne-de-2016-75cl\/","og_locale":"en_US","og_type":"article","og_title":"LA LORENTINE - Mes Vendanges","og_description":"Un lirac sign\u00e9 par les oseurs Armenier. Pr\u00e9cision et finesse sont au rendez vous. La trame du mill\u00e9sime 2015 donne au vin une belle aptitude \u00e0 la garde tout en procurant beaucoup de plaisir d\u00e8s sa jeunesse.","og_url":"https:\/\/www.mesvendanges.com\/en\/shop\/wines\/la-lorentine-marcoux-dne-de-2016-75cl\/","og_site_name":"Mes Vendanges","article_modified_time":"2025-05-06T13:27:30+00:00","og_image":[{"width":463,"height":1500,"url":"https:\/\/www.mesvendanges.com\/wp-content\/uploads\/2022\/06\/domaine-de-marcoux-la-lorentine-lirac-rouge-2016-png.png","type":"image\/png"}],"twitter_card":"summary_large_image","schema":{"@context":"https:\/\/schema.org","@graph":[{"@type":"Organization","@id":"https:\/\/www.mesvendanges.com\/en\/#organization","name":"Mes Vendanges","url":"https:\/\/www.mesvendanges.com\/en\/","sameAs":[],"logo":{"@type":"ImageObject","inLanguage":"fr-FR","@id":"https:\/\/www.mesvendanges.com\/en\/#\/schema\/logo\/image\/","url":"https:\/\/www.mesvendanges.com\/wp-content\/uploads\/2022\/02\/logo-mesvendanges.jpg","contentUrl":"https:\/\/www.mesvendanges.com\/wp-content\/uploads\/2022\/02\/logo-mesvendanges.jpg","width":851,"height":260,"caption":"Mes Vendanges"},"image":{"@id":"https:\/\/www.mesvendanges.com\/en\/#\/schema\/logo\/image\/"}},{"@type":"WebSite","@id":"https:\/\/www.mesvendanges.com\/en\/#website","url":"https:\/\/www.mesvendanges.com\/en\/","name":"Mes Vendanges","description":"Des journ\u00e9es enti\u00e8res dans les vignes","publisher":{"@id":"https:\/\/www.mesvendanges.com\/en\/#organization"},"potentialAction":[{"@type":"SearchAction","target":{"@type":"EntryPoint","urlTemplate":"https:\/\/www.mesvendanges.com\/en\/?s={search_term_string}"},"query-input":"required name=search_term_string"}],"inLanguage":"fr-FR"},{"@type":"ImageObject","inLanguage":"fr-FR","@id":"https:\/\/www.mesvendanges.com\/en\/shop\/wines\/la-lorentine-marcoux-dne-de-2016-75cl\/#primaryimage","url":"https:\/\/www.mesvendanges.com\/wp-content\/uploads\/2022\/06\/domaine-de-marcoux-la-lorentine-lirac-rouge-2016-png.png","contentUrl":"https:\/\/www.mesvendanges.com\/wp-content\/uploads\/2022\/06\/domaine-de-marcoux-la-lorentine-lirac-rouge-2016-png.png","width":463,"height":1500},{"@type":"WebPage","@id":"https:\/\/www.mesvendanges.com\/en\/shop\/wines\/la-lorentine-marcoux-dne-de-2016-75cl\/","url":"https:\/\/www.mesvendanges.com\/en\/shop\/wines\/la-lorentine-marcoux-dne-de-2016-75cl\/","name":"LA LORENTINE - Mes Vendanges","isPartOf":{"@id":"https:\/\/www.mesvendanges.com\/en\/#website"},"primaryImageOfPage":{"@id":"https:\/\/www.mesvendanges.com\/en\/shop\/wines\/la-lorentine-marcoux-dne-de-2016-75cl\/#primaryimage"},"datePublished":"2022-08-02T13:17:03+00:00","dateModified":"2025-05-06T13:27:30+00:00","breadcrumb":{"@id":"https:\/\/www.mesvendanges.com\/en\/shop\/wines\/la-lorentine-marcoux-dne-de-2016-75cl\/#breadcrumb"},"inLanguage":"fr-FR","potentialAction":[{"@type":"ReadAction","target":["https:\/\/www.mesvendanges.com\/en\/shop\/wines\/la-lorentine-marcoux-dne-de-2016-75cl\/"]}]},{"@type":"BreadcrumbList","@id":"https:\/\/www.mesvendanges.com\/en\/shop\/wines\/la-lorentine-marcoux-dne-de-2016-75cl\/#breadcrumb","itemListElement":[{"@type":"ListItem","position":1,"name":"Home","item":"https:\/\/www.mesvendanges.com\/en\/"},{"@type":"ListItem","position":2,"name":"Shop","item":"https:\/\/www.mesvendanges.com\/en\/shop\/"},{"@type":"ListItem","position":3,"name":"LA LORENTINE"}]}]}},"_links":{"self":[{"href":"https:\/\/www.mesvendanges.com\/en\/wp-json\/wp\/v2\/product\/41826"}],"collection":[{"href":"https:\/\/www.mesvendanges.com\/en\/wp-json\/wp\/v2\/product"}],"about":[{"href":"https:\/\/www.mesvendanges.com\/en\/wp-json\/wp\/v2\/types\/product"}],"wp:featuredmedia":[{"embeddable":true,"href":"https:\/\/www.mesvendanges.com\/en\/wp-json\/wp\/v2\/media\/8968"}],"wp:attachment":[{"href":"https:\/\/www.mesvendanges.com\/en\/wp-json\/wp\/v2\/media?parent=41826"}],"wp:term":[{"taxonomy":"product_cat","embeddable":true,"href":"https:\/\/www.mesvendanges.com\/en\/wp-json\/wp\/v2\/product_cat?post=41826"},{"taxonomy":"product_tag","embeddable":true,"href":"https:\/\/www.mesvendanges.com\/en\/wp-json\/wp\/v2\/product_tag?post=41826"}],"curies":[{"name":"wp","href":"https:\/\/api.w.org\/{rel}","templated":true}]}}

<p>Un lirac signé par les oseurs Armenier. Précision et finesse sont au rendez vous. La trame du millésime 2015 donne au vin une belle aptitude à la garde tout en procurant beaucoup de plaisir dès sa jeunesse.</p>

<!-- This site is optimized with the Yoast SEO plugin v19.3 - https://yoast.com/wordpress/plugins/seo/ -->
<title>LA LORENTINE - Mes Vendanges</title>
<meta name="robots" content="index, follow, max-snippet:-1, max-image-preview:large, max-video-preview:-1" />
<link rel="canonical" href="https://www.mesvendanges.com/en/shop/wines/la-lorentine-marcoux-dne-de-2016-75cl/" />
<meta property="og:locale" content="en_US" />
<meta property="og:type" content="article" />
<meta property="og:title" content="LA LORENTINE - Mes Vendanges" />
<meta property="og:description" content="Un lirac signé par les oseurs Armenier. Précision et finesse sont au rendez vous. La trame du millésime 2015 donne au vin une belle aptitude à la garde tout en procurant beaucoup de plaisir dès sa jeunesse." />
<meta property="og:url" content="https://www.mesvendanges.com/en/shop/wines/la-lorentine-marcoux-dne-de-2016-75cl/" />
<meta property="og:site_name" content="Mes Vendanges" />
<meta property="article:modified_time" content="2025-05-06T13:27:30+00:00" />
<meta property="og:image" content="https://www.mesvendanges.com/wp-content/uploads/2022/06/domaine-de-marcoux-la-lorentine-lirac-rouge-2016-png.png" />
	<meta property="og:image:width" content="463" />
	<meta property="og:image:height" content="1500" />
	<meta property="og:image:type" content="image/png" />
<meta name="twitter:card" content="summary_large_image" />
<script type="application/ld+json" class="yoast-schema-graph">{"@context":"https://schema.org","@graph":[{"@type":"Organization","@id":"https://www.mesvendanges.com/en/#organization","name":"Mes Vendanges","url":"https://www.mesvendanges.com/en/","sameAs":[],"logo":{"@type":"ImageObject","inLanguage":"fr-FR","@id":"https://www.mesvendanges.com/en/#/schema/logo/image/","url":"https://www.mesvendanges.com/wp-content/uploads/2022/02/logo-mesvendanges.jpg","contentUrl":"https://www.mesvendanges.com/wp-content/uploads/2022/02/logo-mesvendanges.jpg","width":851,"height":260,"caption":"Mes Vendanges"},"image":{"@id":"https://www.mesvendanges.com/en/#/schema/logo/image/"}},{"@type":"WebSite","@id":"https://www.mesvendanges.com/en/#website","url":"https://www.mesvendanges.com/en/","name":"Mes Vendanges","description":"Des journées entières dans les vignes","publisher":{"@id":"https://www.mesvendanges.com/en/#organization"},"potentialAction":[{"@type":"SearchAction","target":{"@type":"EntryPoint","urlTemplate":"https://www.mesvendanges.com/en/?s={search_term_string}"},"query-input":"required name=search_term_string"}],"inLanguage":"fr-FR"},{"@type":"ImageObject","inLanguage":"fr-FR","@id":"https://www.mesvendanges.com/en/shop/wines/la-lorentine-marcoux-dne-de-2016-75cl/#primaryimage","url":"https://www.mesvendanges.com/wp-content/uploads/2022/06/domaine-de-marcoux-la-lorentine-lirac-rouge-2016-png.png","contentUrl":"https://www.mesvendanges.com/wp-content/uploads/2022/06/domaine-de-marcoux-la-lorentine-lirac-rouge-2016-png.png","width":463,"height":1500},{"@type":"WebPage","@id":"https://www.mesvendanges.com/en/shop/wines/la-lorentine-marcoux-dne-de-2016-75cl/","url":"https://www.mesvendanges.com/en/shop/wines/la-lorentine-marcoux-dne-de-2016-75cl/","name":"LA LORENTINE - Mes Vendanges","isPartOf":{"@id":"https://www.mesvendanges.com/en/#website"},"primaryImageOfPage":{"@id":"https://www.mesvendanges.com/en/shop/wines/la-lorentine-marcoux-dne-de-2016-75cl/#primaryimage"},"datePublished":"2022-08-02T13:17:03+00:00","dateModified":"2025-05-06T13:27:30+00:00","breadcrumb":{"@id":"https://www.mesvendanges.com/en/shop/wines/la-lorentine-marcoux-dne-de-2016-75cl/#breadcrumb"},"inLanguage":"fr-FR","potentialAction":[{"@type":"ReadAction","target":["https://www.mesvendanges.com/en/shop/wines/la-lorentine-marcoux-dne-de-2016-75cl/"]}]},{"@type":"BreadcrumbList","@id":"https://www.mesvendanges.com/en/shop/wines/la-lorentine-marcoux-dne-de-2016-75cl/#breadcrumb","itemListElement":[{"@type":"ListItem","position":1,"name":"Home","item":"https://www.mesvendanges.com/en/"},{"@type":"ListItem","position":2,"name":"Shop","item":"https://www.mesvendanges.com/en/shop/"},{"@type":"ListItem","position":3,"name":"LA LORENTINE"}]}]}</script>
<!-- / Yoast SEO plugin. -->

Un lirac signé par les oseurs Armenier. Précision et finesse sont au rendez vous. La trame du millésime 2015 donne au vin une belle aptitude à la garde tout en procurant beaucoup de plaisir dès sa jeunesse.

Des journées entières dans les vignes
