{"id":67109,"date":"2023-09-22T16:45:40","date_gmt":"2023-09-22T14:45:40","guid":{"rendered":"https:\/\/www.mesvendanges.com\/shop\/uncategorized\/sumac-sauvage-diran-moulu-epices-shira-30gr\/"},"modified":"2026-03-04T11:02:07","modified_gmt":"2026-03-04T10:02:07","slug":"sumac-sauvage-diran-moulu-epices-shira-30gr","status":"publish","type":"product","link":"https:\/\/www.mesvendanges.com\/en\/shop\/groceries-and-accessories\/sumac-sauvage-diran-moulu-epices-shira-30gr\/","title":{"rendered":"SUMAC SAUVAGE D&#8217;IRAN MOULU"},"content":{"rendered":"<p>Ce sumac biologique et sauvage est r\u00e9colt\u00e9 dans la province d\u2019Ispahan. Il est cueilli \u00e0 la main dans un paysage aux tons ocres et \u00e0 la v\u00e9g\u00e9tation aride.<\/p>\n<p>Si l&#8217;odeur de ces petites baies est t\u00e9nue, leurs saveurs sont extr\u00eamement parfum\u00e9es. L&#8217;acidul\u00e9 et le fruit\u00e9 pr\u00e9dominent, m\u00eal\u00e9s de notes l\u00e9g\u00e8rement astringentes. Les baies, d\u2019un beau rouge brique, poussent en grappes sur un arbuste. Elles sont r\u00e9colt\u00e9es avant maturit\u00e9 puis s\u00e9ch\u00e9es au soleil, ce qui accentue leur c\u00f4t\u00e9 citronn\u00e9. P\u00e9pins et tiges sont s\u00e9par\u00e9s et c\u2019est seulement au moment du tamisage que l\u2019on obtient cette texture tr\u00e8s agr\u00e9able.<\/p>\n","protected":false},"excerpt":{"rendered":"<p>Ce sumac biologique et sauvage est r\u00e9colt\u00e9 dans la province d\u2019Ispahan. Il est cueilli \u00e0 la main dans un paysage aux tons ocres et \u00e0 la v\u00e9g\u00e9tation aride. Si l&#8217;odeur de ces petites baies est t\u00e9nue, leurs saveurs sont extr\u00eamement parfum\u00e9es. L&#8217;acidul\u00e9 et le fruit\u00e9 pr\u00e9dominent, m\u00eal\u00e9s de notes l\u00e9g\u00e8rement astringentes. Les baies, d\u2019un beau [&hellip;]<\/p>\n","protected":false},"featured_media":76233,"template":"","meta":[],"product_cat":[3741],"product_tag":[],"acf":[],"yoast_head":"<!-- This site is optimized with the Yoast SEO plugin v19.3 - https:\/\/yoast.com\/wordpress\/plugins\/seo\/ -->\n<title>SUMAC SAUVAGE D&#039;IRAN MOULU - Mes Vendanges<\/title>\n<meta name=\"robots\" content=\"index, follow, max-snippet:-1, max-image-preview:large, max-video-preview:-1\" \/>\n<link rel=\"canonical\" href=\"https:\/\/www.mesvendanges.com\/en\/shop\/groceries-and-accessories\/sumac-sauvage-diran-moulu-epices-shira-30gr\/\" \/>\n<meta property=\"og:locale\" content=\"en_US\" \/>\n<meta property=\"og:type\" content=\"article\" \/>\n<meta property=\"og:title\" content=\"SUMAC SAUVAGE D&#039;IRAN MOULU - Mes Vendanges\" \/>\n<meta property=\"og:description\" content=\"Ce sumac biologique et sauvage est r\u00e9colt\u00e9 dans la province d\u2019Ispahan. Il est cueilli \u00e0 la main dans un paysage aux tons ocres et \u00e0 la v\u00e9g\u00e9tation aride. Si l&#8217;odeur de ces petites baies est t\u00e9nue, leurs saveurs sont extr\u00eamement parfum\u00e9es. L&#8217;acidul\u00e9 et le fruit\u00e9 pr\u00e9dominent, m\u00eal\u00e9s de notes l\u00e9g\u00e8rement astringentes. Les baies, d\u2019un beau [&hellip;]\" \/>\n<meta property=\"og:url\" content=\"https:\/\/www.mesvendanges.com\/en\/shop\/groceries-and-accessories\/sumac-sauvage-diran-moulu-epices-shira-30gr\/\" \/>\n<meta property=\"og:site_name\" content=\"Mes Vendanges\" \/>\n<meta property=\"article:modified_time\" content=\"2026-03-04T10:02:07+00:00\" \/>\n<meta property=\"og:image\" content=\"https:\/\/www.mesvendanges.com\/wp-content\/uploads\/2024\/08\/epices-shira-sumac-ispahan-png-719x1024.png\" \/>\n\t<meta property=\"og:image:width\" content=\"719\" \/>\n\t<meta property=\"og:image:height\" content=\"1024\" \/>\n\t<meta property=\"og:image:type\" content=\"image\/png\" \/>\n<meta name=\"twitter:card\" content=\"summary_large_image\" \/>\n<meta name=\"twitter:label1\" content=\"Est. reading time\" \/>\n\t<meta name=\"twitter:data1\" content=\"1 minute\" \/>\n<script type=\"application\/ld+json\" class=\"yoast-schema-graph\">{\"@context\":\"https:\/\/schema.org\",\"@graph\":[{\"@type\":\"Organization\",\"@id\":\"https:\/\/www.mesvendanges.com\/en\/#organization\",\"name\":\"Mes Vendanges\",\"url\":\"https:\/\/www.mesvendanges.com\/en\/\",\"sameAs\":[],\"logo\":{\"@type\":\"ImageObject\",\"inLanguage\":\"fr-FR\",\"@id\":\"https:\/\/www.mesvendanges.com\/en\/#\/schema\/logo\/image\/\",\"url\":\"https:\/\/www.mesvendanges.com\/wp-content\/uploads\/2022\/02\/logo-mesvendanges.jpg\",\"contentUrl\":\"https:\/\/www.mesvendanges.com\/wp-content\/uploads\/2022\/02\/logo-mesvendanges.jpg\",\"width\":851,\"height\":260,\"caption\":\"Mes Vendanges\"},\"image\":{\"@id\":\"https:\/\/www.mesvendanges.com\/en\/#\/schema\/logo\/image\/\"}},{\"@type\":\"WebSite\",\"@id\":\"https:\/\/www.mesvendanges.com\/en\/#website\",\"url\":\"https:\/\/www.mesvendanges.com\/en\/\",\"name\":\"Mes Vendanges\",\"description\":\"Des journ\u00e9es enti\u00e8res dans les vignes\",\"publisher\":{\"@id\":\"https:\/\/www.mesvendanges.com\/en\/#organization\"},\"potentialAction\":[{\"@type\":\"SearchAction\",\"target\":{\"@type\":\"EntryPoint\",\"urlTemplate\":\"https:\/\/www.mesvendanges.com\/en\/?s={search_term_string}\"},\"query-input\":\"required name=search_term_string\"}],\"inLanguage\":\"fr-FR\"},{\"@type\":\"ImageObject\",\"inLanguage\":\"fr-FR\",\"@id\":\"https:\/\/www.mesvendanges.com\/en\/shop\/groceries-and-accessories\/sumac-sauvage-diran-moulu-epices-shira-30gr\/#primaryimage\",\"url\":\"https:\/\/www.mesvendanges.com\/wp-content\/uploads\/2024\/08\/epices-shira-sumac-ispahan-png.png\",\"contentUrl\":\"https:\/\/www.mesvendanges.com\/wp-content\/uploads\/2024\/08\/epices-shira-sumac-ispahan-png.png\",\"width\":1053,\"height\":1500},{\"@type\":\"WebPage\",\"@id\":\"https:\/\/www.mesvendanges.com\/en\/shop\/groceries-and-accessories\/sumac-sauvage-diran-moulu-epices-shira-30gr\/\",\"url\":\"https:\/\/www.mesvendanges.com\/en\/shop\/groceries-and-accessories\/sumac-sauvage-diran-moulu-epices-shira-30gr\/\",\"name\":\"SUMAC SAUVAGE D'IRAN MOULU - Mes Vendanges\",\"isPartOf\":{\"@id\":\"https:\/\/www.mesvendanges.com\/en\/#website\"},\"primaryImageOfPage\":{\"@id\":\"https:\/\/www.mesvendanges.com\/en\/shop\/groceries-and-accessories\/sumac-sauvage-diran-moulu-epices-shira-30gr\/#primaryimage\"},\"datePublished\":\"2023-09-22T14:45:40+00:00\",\"dateModified\":\"2026-03-04T10:02:07+00:00\",\"breadcrumb\":{\"@id\":\"https:\/\/www.mesvendanges.com\/en\/shop\/groceries-and-accessories\/sumac-sauvage-diran-moulu-epices-shira-30gr\/#breadcrumb\"},\"inLanguage\":\"fr-FR\",\"potentialAction\":[{\"@type\":\"ReadAction\",\"target\":[\"https:\/\/www.mesvendanges.com\/en\/shop\/groceries-and-accessories\/sumac-sauvage-diran-moulu-epices-shira-30gr\/\"]}]},{\"@type\":\"BreadcrumbList\",\"@id\":\"https:\/\/www.mesvendanges.com\/en\/shop\/groceries-and-accessories\/sumac-sauvage-diran-moulu-epices-shira-30gr\/#breadcrumb\",\"itemListElement\":[{\"@type\":\"ListItem\",\"position\":1,\"name\":\"Home\",\"item\":\"https:\/\/www.mesvendanges.com\/en\/\"},{\"@type\":\"ListItem\",\"position\":2,\"name\":\"Shop\",\"item\":\"https:\/\/www.mesvendanges.com\/en\/shop\/\"},{\"@type\":\"ListItem\",\"position\":3,\"name\":\"SUMAC SAUVAGE D&#8217;IRAN MOULU\"}]}]}<\/script>\n<!-- \/ Yoast SEO plugin. -->","yoast_head_json":{"title":"SUMAC SAUVAGE D'IRAN MOULU - Mes Vendanges","robots":{"index":"index","follow":"follow","max-snippet":"max-snippet:-1","max-image-preview":"max-image-preview:large","max-video-preview":"max-video-preview:-1"},"canonical":"https:\/\/www.mesvendanges.com\/en\/shop\/groceries-and-accessories\/sumac-sauvage-diran-moulu-epices-shira-30gr\/","og_locale":"en_US","og_type":"article","og_title":"SUMAC SAUVAGE D'IRAN MOULU - Mes Vendanges","og_description":"Ce sumac biologique et sauvage est r\u00e9colt\u00e9 dans la province d\u2019Ispahan. Il est cueilli \u00e0 la main dans un paysage aux tons ocres et \u00e0 la v\u00e9g\u00e9tation aride. Si l&#8217;odeur de ces petites baies est t\u00e9nue, leurs saveurs sont extr\u00eamement parfum\u00e9es. L&#8217;acidul\u00e9 et le fruit\u00e9 pr\u00e9dominent, m\u00eal\u00e9s de notes l\u00e9g\u00e8rement astringentes. Les baies, d\u2019un beau [&hellip;]","og_url":"https:\/\/www.mesvendanges.com\/en\/shop\/groceries-and-accessories\/sumac-sauvage-diran-moulu-epices-shira-30gr\/","og_site_name":"Mes Vendanges","article_modified_time":"2026-03-04T10:02:07+00:00","og_image":[{"width":719,"height":1024,"url":"https:\/\/www.mesvendanges.com\/wp-content\/uploads\/2024\/08\/epices-shira-sumac-ispahan-png-719x1024.png","type":"image\/png"}],"twitter_card":"summary_large_image","twitter_misc":{"Est. reading time":"1 minute"},"schema":{"@context":"https:\/\/schema.org","@graph":[{"@type":"Organization","@id":"https:\/\/www.mesvendanges.com\/en\/#organization","name":"Mes Vendanges","url":"https:\/\/www.mesvendanges.com\/en\/","sameAs":[],"logo":{"@type":"ImageObject","inLanguage":"fr-FR","@id":"https:\/\/www.mesvendanges.com\/en\/#\/schema\/logo\/image\/","url":"https:\/\/www.mesvendanges.com\/wp-content\/uploads\/2022\/02\/logo-mesvendanges.jpg","contentUrl":"https:\/\/www.mesvendanges.com\/wp-content\/uploads\/2022\/02\/logo-mesvendanges.jpg","width":851,"height":260,"caption":"Mes Vendanges"},"image":{"@id":"https:\/\/www.mesvendanges.com\/en\/#\/schema\/logo\/image\/"}},{"@type":"WebSite","@id":"https:\/\/www.mesvendanges.com\/en\/#website","url":"https:\/\/www.mesvendanges.com\/en\/","name":"Mes Vendanges","description":"Des journ\u00e9es enti\u00e8res dans les vignes","publisher":{"@id":"https:\/\/www.mesvendanges.com\/en\/#organization"},"potentialAction":[{"@type":"SearchAction","target":{"@type":"EntryPoint","urlTemplate":"https:\/\/www.mesvendanges.com\/en\/?s={search_term_string}"},"query-input":"required name=search_term_string"}],"inLanguage":"fr-FR"},{"@type":"ImageObject","inLanguage":"fr-FR","@id":"https:\/\/www.mesvendanges.com\/en\/shop\/groceries-and-accessories\/sumac-sauvage-diran-moulu-epices-shira-30gr\/#primaryimage","url":"https:\/\/www.mesvendanges.com\/wp-content\/uploads\/2024\/08\/epices-shira-sumac-ispahan-png.png","contentUrl":"https:\/\/www.mesvendanges.com\/wp-content\/uploads\/2024\/08\/epices-shira-sumac-ispahan-png.png","width":1053,"height":1500},{"@type":"WebPage","@id":"https:\/\/www.mesvendanges.com\/en\/shop\/groceries-and-accessories\/sumac-sauvage-diran-moulu-epices-shira-30gr\/","url":"https:\/\/www.mesvendanges.com\/en\/shop\/groceries-and-accessories\/sumac-sauvage-diran-moulu-epices-shira-30gr\/","name":"SUMAC SAUVAGE D'IRAN MOULU - Mes Vendanges","isPartOf":{"@id":"https:\/\/www.mesvendanges.com\/en\/#website"},"primaryImageOfPage":{"@id":"https:\/\/www.mesvendanges.com\/en\/shop\/groceries-and-accessories\/sumac-sauvage-diran-moulu-epices-shira-30gr\/#primaryimage"},"datePublished":"2023-09-22T14:45:40+00:00","dateModified":"2026-03-04T10:02:07+00:00","breadcrumb":{"@id":"https:\/\/www.mesvendanges.com\/en\/shop\/groceries-and-accessories\/sumac-sauvage-diran-moulu-epices-shira-30gr\/#breadcrumb"},"inLanguage":"fr-FR","potentialAction":[{"@type":"ReadAction","target":["https:\/\/www.mesvendanges.com\/en\/shop\/groceries-and-accessories\/sumac-sauvage-diran-moulu-epices-shira-30gr\/"]}]},{"@type":"BreadcrumbList","@id":"https:\/\/www.mesvendanges.com\/en\/shop\/groceries-and-accessories\/sumac-sauvage-diran-moulu-epices-shira-30gr\/#breadcrumb","itemListElement":[{"@type":"ListItem","position":1,"name":"Home","item":"https:\/\/www.mesvendanges.com\/en\/"},{"@type":"ListItem","position":2,"name":"Shop","item":"https:\/\/www.mesvendanges.com\/en\/shop\/"},{"@type":"ListItem","position":3,"name":"SUMAC SAUVAGE D&#8217;IRAN MOULU"}]}]}},"_links":{"self":[{"href":"https:\/\/www.mesvendanges.com\/en\/wp-json\/wp\/v2\/product\/67109"}],"collection":[{"href":"https:\/\/www.mesvendanges.com\/en\/wp-json\/wp\/v2\/product"}],"about":[{"href":"https:\/\/www.mesvendanges.com\/en\/wp-json\/wp\/v2\/types\/product"}],"wp:featuredmedia":[{"embeddable":true,"href":"https:\/\/www.mesvendanges.com\/en\/wp-json\/wp\/v2\/media\/76233"}],"wp:attachment":[{"href":"https:\/\/www.mesvendanges.com\/en\/wp-json\/wp\/v2\/media?parent=67109"}],"wp:term":[{"taxonomy":"product_cat","embeddable":true,"href":"https:\/\/www.mesvendanges.com\/en\/wp-json\/wp\/v2\/product_cat?post=67109"},{"taxonomy":"product_tag","embeddable":true,"href":"https:\/\/www.mesvendanges.com\/en\/wp-json\/wp\/v2\/product_tag?post=67109"}],"curies":[{"name":"wp","href":"https:\/\/api.w.org\/{rel}","templated":true}]}}

<p>Ce sumac biologique et sauvage est récolté dans la province d’Ispahan. Il est cueilli à la main dans un paysage aux tons ocres et à la végétation aride.</p>
<p>Si l&#8217;odeur de ces petites baies est ténue, leurs saveurs sont extrêmement parfumées. L&#8217;acidulé et le fruité prédominent, mêlés de notes légèrement astringentes. Les baies, d’un beau rouge brique, poussent en grappes sur un arbuste. Elles sont récoltées avant maturité puis séchées au soleil, ce qui accentue leur côté citronné. Pépins et tiges sont séparés et c’est seulement au moment du tamisage que l’on obtient cette texture très agréable.</p>

<p>Ce sumac biologique et sauvage est récolté dans la province d’Ispahan. Il est cueilli à la main dans un paysage aux tons ocres et à la végétation aride. Si l&#8217;odeur de ces petites baies est ténue, leurs saveurs sont extrêmement parfumées. L&#8217;acidulé et le fruité prédominent, mêlés de notes légèrement astringentes. Les baies, d’un beau [&hellip;]</p>

<!-- This site is optimized with the Yoast SEO plugin v19.3 - https://yoast.com/wordpress/plugins/seo/ -->
<title>SUMAC SAUVAGE D&#039;IRAN MOULU - Mes Vendanges</title>
<meta name="robots" content="index, follow, max-snippet:-1, max-image-preview:large, max-video-preview:-1" />
<link rel="canonical" href="https://www.mesvendanges.com/en/shop/groceries-and-accessories/sumac-sauvage-diran-moulu-epices-shira-30gr/" />
<meta property="og:locale" content="en_US" />
<meta property="og:type" content="article" />
<meta property="og:title" content="SUMAC SAUVAGE D&#039;IRAN MOULU - Mes Vendanges" />
<meta property="og:description" content="Ce sumac biologique et sauvage est récolté dans la province d’Ispahan. Il est cueilli à la main dans un paysage aux tons ocres et à la végétation aride. Si l&#8217;odeur de ces petites baies est ténue, leurs saveurs sont extrêmement parfumées. L&#8217;acidulé et le fruité prédominent, mêlés de notes légèrement astringentes. Les baies, d’un beau [&hellip;]" />
<meta property="og:url" content="https://www.mesvendanges.com/en/shop/groceries-and-accessories/sumac-sauvage-diran-moulu-epices-shira-30gr/" />
<meta property="og:site_name" content="Mes Vendanges" />
<meta property="article:modified_time" content="2026-03-04T10:02:07+00:00" />
<meta property="og:image" content="https://www.mesvendanges.com/wp-content/uploads/2024/08/epices-shira-sumac-ispahan-png-719x1024.png" />
	<meta property="og:image:width" content="719" />
	<meta property="og:image:height" content="1024" />
	<meta property="og:image:type" content="image/png" />
<meta name="twitter:card" content="summary_large_image" />
<meta name="twitter:label1" content="Est. reading time" />
	<meta name="twitter:data1" content="1 minute" />
<script type="application/ld+json" class="yoast-schema-graph">{"@context":"https://schema.org","@graph":[{"@type":"Organization","@id":"https://www.mesvendanges.com/en/#organization","name":"Mes Vendanges","url":"https://www.mesvendanges.com/en/","sameAs":[],"logo":{"@type":"ImageObject","inLanguage":"fr-FR","@id":"https://www.mesvendanges.com/en/#/schema/logo/image/","url":"https://www.mesvendanges.com/wp-content/uploads/2022/02/logo-mesvendanges.jpg","contentUrl":"https://www.mesvendanges.com/wp-content/uploads/2022/02/logo-mesvendanges.jpg","width":851,"height":260,"caption":"Mes Vendanges"},"image":{"@id":"https://www.mesvendanges.com/en/#/schema/logo/image/"}},{"@type":"WebSite","@id":"https://www.mesvendanges.com/en/#website","url":"https://www.mesvendanges.com/en/","name":"Mes Vendanges","description":"Des journées entières dans les vignes","publisher":{"@id":"https://www.mesvendanges.com/en/#organization"},"potentialAction":[{"@type":"SearchAction","target":{"@type":"EntryPoint","urlTemplate":"https://www.mesvendanges.com/en/?s={search_term_string}"},"query-input":"required name=search_term_string"}],"inLanguage":"fr-FR"},{"@type":"ImageObject","inLanguage":"fr-FR","@id":"https://www.mesvendanges.com/en/shop/groceries-and-accessories/sumac-sauvage-diran-moulu-epices-shira-30gr/#primaryimage","url":"https://www.mesvendanges.com/wp-content/uploads/2024/08/epices-shira-sumac-ispahan-png.png","contentUrl":"https://www.mesvendanges.com/wp-content/uploads/2024/08/epices-shira-sumac-ispahan-png.png","width":1053,"height":1500},{"@type":"WebPage","@id":"https://www.mesvendanges.com/en/shop/groceries-and-accessories/sumac-sauvage-diran-moulu-epices-shira-30gr/","url":"https://www.mesvendanges.com/en/shop/groceries-and-accessories/sumac-sauvage-diran-moulu-epices-shira-30gr/","name":"SUMAC SAUVAGE D'IRAN MOULU - Mes Vendanges","isPartOf":{"@id":"https://www.mesvendanges.com/en/#website"},"primaryImageOfPage":{"@id":"https://www.mesvendanges.com/en/shop/groceries-and-accessories/sumac-sauvage-diran-moulu-epices-shira-30gr/#primaryimage"},"datePublished":"2023-09-22T14:45:40+00:00","dateModified":"2026-03-04T10:02:07+00:00","breadcrumb":{"@id":"https://www.mesvendanges.com/en/shop/groceries-and-accessories/sumac-sauvage-diran-moulu-epices-shira-30gr/#breadcrumb"},"inLanguage":"fr-FR","potentialAction":[{"@type":"ReadAction","target":["https://www.mesvendanges.com/en/shop/groceries-and-accessories/sumac-sauvage-diran-moulu-epices-shira-30gr/"]}]},{"@type":"BreadcrumbList","@id":"https://www.mesvendanges.com/en/shop/groceries-and-accessories/sumac-sauvage-diran-moulu-epices-shira-30gr/#breadcrumb","itemListElement":[{"@type":"ListItem","position":1,"name":"Home","item":"https://www.mesvendanges.com/en/"},{"@type":"ListItem","position":2,"name":"Shop","item":"https://www.mesvendanges.com/en/shop/"},{"@type":"ListItem","position":3,"name":"SUMAC SAUVAGE D&#8217;IRAN MOULU"}]}]}</script>
<!-- / Yoast SEO plugin. -->

Ce sumac biologique et sauvage est récolté dans la province d’Ispahan. Il est cueilli à la main dans un paysage aux tons ocres et à la végétation aride. Si l&#8217;odeur de ces petites baies est ténue, leurs saveurs sont extrêmement parfumées. L&#8217;acidulé et le fruité prédominent, mêlés de notes légèrement astringentes. Les baies, d’un beau [&hellip;]

Des journées entières dans les vignes
