{"id":88717,"date":"2025-07-22T15:17:20","date_gmt":"2025-07-22T13:17:20","guid":{"rendered":"https:\/\/www.mesvendanges.com\/shop\/uncategorized\/ponceau-jean-baptiste-hardy-2023-75cl\/"},"modified":"2026-04-03T12:20:12","modified_gmt":"2026-04-03T10:20:12","slug":"ponceau-jean-baptiste-hardy-2023-75cl","status":"publish","type":"product","link":"https:\/\/www.mesvendanges.com\/en\/shop\/wines\/ponceau-jean-baptiste-hardy-2023-75cl\/","title":{"rendered":"PONCEAU"},"content":{"rendered":"<p>La cuv\u00e9e Ponceau de Jean-Baptiste Hardy est issue de merlots, cabernets francs et sauvignons plant\u00e9s en 1994 sur des granites et des argiles, avec une exposition au sud. Vinifi\u00e9 et \u00e9l\u00e9v\u00e9 sur lies, pendant 18 mois, en f\u00fbts de 228l et en amphores. Ni collage, ni filtration.<\/p>\n","protected":false},"excerpt":{"rendered":"<p>La cuv\u00e9e Ponceau de Jean-Baptiste Hardy est issue de merlots, cabernets francs et sauvignons plant\u00e9s en 1994 sur des granites et des argiles, avec une exposition au sud. Vinifi\u00e9 et \u00e9l\u00e9v\u00e9 sur lies, pendant 18 mois, en f\u00fbts de 228l et en amphores. Ni collage, ni filtration.<\/p>\n","protected":false},"featured_media":73647,"template":"","meta":[],"product_cat":[3740],"product_tag":[],"acf":[],"yoast_head":"<!-- This site is optimized with the Yoast SEO plugin v19.3 - https:\/\/yoast.com\/wordpress\/plugins\/seo\/ -->\n<title>PONCEAU - Mes Vendanges<\/title>\n<meta name=\"robots\" content=\"index, follow, max-snippet:-1, max-image-preview:large, max-video-preview:-1\" \/>\n<link rel=\"canonical\" href=\"https:\/\/www.mesvendanges.com\/en\/shop\/wines\/ponceau-jean-baptiste-hardy-2023-75cl\/\" \/>\n<meta property=\"og:locale\" content=\"en_US\" \/>\n<meta property=\"og:type\" content=\"article\" \/>\n<meta property=\"og:title\" content=\"PONCEAU - Mes Vendanges\" \/>\n<meta property=\"og:description\" content=\"La cuv\u00e9e Ponceau de Jean-Baptiste Hardy est issue de merlots, cabernets francs et sauvignons plant\u00e9s en 1994 sur des granites et des argiles, avec une exposition au sud. Vinifi\u00e9 et \u00e9l\u00e9v\u00e9 sur lies, pendant 18 mois, en f\u00fbts de 228l et en amphores. Ni collage, ni filtration.\" \/>\n<meta property=\"og:url\" content=\"https:\/\/www.mesvendanges.com\/en\/shop\/wines\/ponceau-jean-baptiste-hardy-2023-75cl\/\" \/>\n<meta property=\"og:site_name\" content=\"Mes Vendanges\" \/>\n<meta property=\"article:modified_time\" content=\"2026-04-03T10:20:12+00:00\" \/>\n<meta property=\"og:image\" content=\"https:\/\/www.mesvendanges.com\/wp-content\/uploads\/2024\/04\/jean-baptiste-hardy-ponceau-rouge-2022-png.png\" \/>\n\t<meta property=\"og:image:width\" content=\"431\" \/>\n\t<meta property=\"og:image:height\" content=\"1500\" \/>\n\t<meta property=\"og:image:type\" content=\"image\/png\" \/>\n<meta name=\"twitter:card\" content=\"summary_large_image\" \/>\n<script type=\"application\/ld+json\" class=\"yoast-schema-graph\">{\"@context\":\"https:\/\/schema.org\",\"@graph\":[{\"@type\":\"Organization\",\"@id\":\"https:\/\/www.mesvendanges.com\/en\/#organization\",\"name\":\"Mes Vendanges\",\"url\":\"https:\/\/www.mesvendanges.com\/en\/\",\"sameAs\":[],\"logo\":{\"@type\":\"ImageObject\",\"inLanguage\":\"fr-FR\",\"@id\":\"https:\/\/www.mesvendanges.com\/en\/#\/schema\/logo\/image\/\",\"url\":\"https:\/\/www.mesvendanges.com\/wp-content\/uploads\/2022\/02\/logo-mesvendanges.jpg\",\"contentUrl\":\"https:\/\/www.mesvendanges.com\/wp-content\/uploads\/2022\/02\/logo-mesvendanges.jpg\",\"width\":851,\"height\":260,\"caption\":\"Mes Vendanges\"},\"image\":{\"@id\":\"https:\/\/www.mesvendanges.com\/en\/#\/schema\/logo\/image\/\"}},{\"@type\":\"WebSite\",\"@id\":\"https:\/\/www.mesvendanges.com\/en\/#website\",\"url\":\"https:\/\/www.mesvendanges.com\/en\/\",\"name\":\"Mes Vendanges\",\"description\":\"Des journ\u00e9es enti\u00e8res dans les vignes\",\"publisher\":{\"@id\":\"https:\/\/www.mesvendanges.com\/en\/#organization\"},\"potentialAction\":[{\"@type\":\"SearchAction\",\"target\":{\"@type\":\"EntryPoint\",\"urlTemplate\":\"https:\/\/www.mesvendanges.com\/en\/?s={search_term_string}\"},\"query-input\":\"required name=search_term_string\"}],\"inLanguage\":\"fr-FR\"},{\"@type\":\"ImageObject\",\"inLanguage\":\"fr-FR\",\"@id\":\"https:\/\/www.mesvendanges.com\/en\/shop\/wines\/ponceau-jean-baptiste-hardy-2023-75cl\/#primaryimage\",\"url\":\"https:\/\/www.mesvendanges.com\/wp-content\/uploads\/2024\/04\/jean-baptiste-hardy-ponceau-rouge-2022-png.png\",\"contentUrl\":\"https:\/\/www.mesvendanges.com\/wp-content\/uploads\/2024\/04\/jean-baptiste-hardy-ponceau-rouge-2022-png.png\",\"width\":431,\"height\":1500},{\"@type\":\"WebPage\",\"@id\":\"https:\/\/www.mesvendanges.com\/en\/shop\/wines\/ponceau-jean-baptiste-hardy-2023-75cl\/\",\"url\":\"https:\/\/www.mesvendanges.com\/en\/shop\/wines\/ponceau-jean-baptiste-hardy-2023-75cl\/\",\"name\":\"PONCEAU - Mes Vendanges\",\"isPartOf\":{\"@id\":\"https:\/\/www.mesvendanges.com\/en\/#website\"},\"primaryImageOfPage\":{\"@id\":\"https:\/\/www.mesvendanges.com\/en\/shop\/wines\/ponceau-jean-baptiste-hardy-2023-75cl\/#primaryimage\"},\"datePublished\":\"2025-07-22T13:17:20+00:00\",\"dateModified\":\"2026-04-03T10:20:12+00:00\",\"breadcrumb\":{\"@id\":\"https:\/\/www.mesvendanges.com\/en\/shop\/wines\/ponceau-jean-baptiste-hardy-2023-75cl\/#breadcrumb\"},\"inLanguage\":\"fr-FR\",\"potentialAction\":[{\"@type\":\"ReadAction\",\"target\":[\"https:\/\/www.mesvendanges.com\/en\/shop\/wines\/ponceau-jean-baptiste-hardy-2023-75cl\/\"]}]},{\"@type\":\"BreadcrumbList\",\"@id\":\"https:\/\/www.mesvendanges.com\/en\/shop\/wines\/ponceau-jean-baptiste-hardy-2023-75cl\/#breadcrumb\",\"itemListElement\":[{\"@type\":\"ListItem\",\"position\":1,\"name\":\"Home\",\"item\":\"https:\/\/www.mesvendanges.com\/en\/\"},{\"@type\":\"ListItem\",\"position\":2,\"name\":\"Shop\",\"item\":\"https:\/\/www.mesvendanges.com\/en\/shop\/\"},{\"@type\":\"ListItem\",\"position\":3,\"name\":\"PONCEAU\"}]}]}<\/script>\n<!-- \/ Yoast SEO plugin. -->","yoast_head_json":{"title":"PONCEAU - Mes Vendanges","robots":{"index":"index","follow":"follow","max-snippet":"max-snippet:-1","max-image-preview":"max-image-preview:large","max-video-preview":"max-video-preview:-1"},"canonical":"https:\/\/www.mesvendanges.com\/en\/shop\/wines\/ponceau-jean-baptiste-hardy-2023-75cl\/","og_locale":"en_US","og_type":"article","og_title":"PONCEAU - Mes Vendanges","og_description":"La cuv\u00e9e Ponceau de Jean-Baptiste Hardy est issue de merlots, cabernets francs et sauvignons plant\u00e9s en 1994 sur des granites et des argiles, avec une exposition au sud. Vinifi\u00e9 et \u00e9l\u00e9v\u00e9 sur lies, pendant 18 mois, en f\u00fbts de 228l et en amphores. Ni collage, ni filtration.","og_url":"https:\/\/www.mesvendanges.com\/en\/shop\/wines\/ponceau-jean-baptiste-hardy-2023-75cl\/","og_site_name":"Mes Vendanges","article_modified_time":"2026-04-03T10:20:12+00:00","og_image":[{"width":431,"height":1500,"url":"https:\/\/www.mesvendanges.com\/wp-content\/uploads\/2024\/04\/jean-baptiste-hardy-ponceau-rouge-2022-png.png","type":"image\/png"}],"twitter_card":"summary_large_image","schema":{"@context":"https:\/\/schema.org","@graph":[{"@type":"Organization","@id":"https:\/\/www.mesvendanges.com\/en\/#organization","name":"Mes Vendanges","url":"https:\/\/www.mesvendanges.com\/en\/","sameAs":[],"logo":{"@type":"ImageObject","inLanguage":"fr-FR","@id":"https:\/\/www.mesvendanges.com\/en\/#\/schema\/logo\/image\/","url":"https:\/\/www.mesvendanges.com\/wp-content\/uploads\/2022\/02\/logo-mesvendanges.jpg","contentUrl":"https:\/\/www.mesvendanges.com\/wp-content\/uploads\/2022\/02\/logo-mesvendanges.jpg","width":851,"height":260,"caption":"Mes Vendanges"},"image":{"@id":"https:\/\/www.mesvendanges.com\/en\/#\/schema\/logo\/image\/"}},{"@type":"WebSite","@id":"https:\/\/www.mesvendanges.com\/en\/#website","url":"https:\/\/www.mesvendanges.com\/en\/","name":"Mes Vendanges","description":"Des journ\u00e9es enti\u00e8res dans les vignes","publisher":{"@id":"https:\/\/www.mesvendanges.com\/en\/#organization"},"potentialAction":[{"@type":"SearchAction","target":{"@type":"EntryPoint","urlTemplate":"https:\/\/www.mesvendanges.com\/en\/?s={search_term_string}"},"query-input":"required name=search_term_string"}],"inLanguage":"fr-FR"},{"@type":"ImageObject","inLanguage":"fr-FR","@id":"https:\/\/www.mesvendanges.com\/en\/shop\/wines\/ponceau-jean-baptiste-hardy-2023-75cl\/#primaryimage","url":"https:\/\/www.mesvendanges.com\/wp-content\/uploads\/2024\/04\/jean-baptiste-hardy-ponceau-rouge-2022-png.png","contentUrl":"https:\/\/www.mesvendanges.com\/wp-content\/uploads\/2024\/04\/jean-baptiste-hardy-ponceau-rouge-2022-png.png","width":431,"height":1500},{"@type":"WebPage","@id":"https:\/\/www.mesvendanges.com\/en\/shop\/wines\/ponceau-jean-baptiste-hardy-2023-75cl\/","url":"https:\/\/www.mesvendanges.com\/en\/shop\/wines\/ponceau-jean-baptiste-hardy-2023-75cl\/","name":"PONCEAU - Mes Vendanges","isPartOf":{"@id":"https:\/\/www.mesvendanges.com\/en\/#website"},"primaryImageOfPage":{"@id":"https:\/\/www.mesvendanges.com\/en\/shop\/wines\/ponceau-jean-baptiste-hardy-2023-75cl\/#primaryimage"},"datePublished":"2025-07-22T13:17:20+00:00","dateModified":"2026-04-03T10:20:12+00:00","breadcrumb":{"@id":"https:\/\/www.mesvendanges.com\/en\/shop\/wines\/ponceau-jean-baptiste-hardy-2023-75cl\/#breadcrumb"},"inLanguage":"fr-FR","potentialAction":[{"@type":"ReadAction","target":["https:\/\/www.mesvendanges.com\/en\/shop\/wines\/ponceau-jean-baptiste-hardy-2023-75cl\/"]}]},{"@type":"BreadcrumbList","@id":"https:\/\/www.mesvendanges.com\/en\/shop\/wines\/ponceau-jean-baptiste-hardy-2023-75cl\/#breadcrumb","itemListElement":[{"@type":"ListItem","position":1,"name":"Home","item":"https:\/\/www.mesvendanges.com\/en\/"},{"@type":"ListItem","position":2,"name":"Shop","item":"https:\/\/www.mesvendanges.com\/en\/shop\/"},{"@type":"ListItem","position":3,"name":"PONCEAU"}]}]}},"_links":{"self":[{"href":"https:\/\/www.mesvendanges.com\/en\/wp-json\/wp\/v2\/product\/88717"}],"collection":[{"href":"https:\/\/www.mesvendanges.com\/en\/wp-json\/wp\/v2\/product"}],"about":[{"href":"https:\/\/www.mesvendanges.com\/en\/wp-json\/wp\/v2\/types\/product"}],"wp:featuredmedia":[{"embeddable":true,"href":"https:\/\/www.mesvendanges.com\/en\/wp-json\/wp\/v2\/media\/73647"}],"wp:attachment":[{"href":"https:\/\/www.mesvendanges.com\/en\/wp-json\/wp\/v2\/media?parent=88717"}],"wp:term":[{"taxonomy":"product_cat","embeddable":true,"href":"https:\/\/www.mesvendanges.com\/en\/wp-json\/wp\/v2\/product_cat?post=88717"},{"taxonomy":"product_tag","embeddable":true,"href":"https:\/\/www.mesvendanges.com\/en\/wp-json\/wp\/v2\/product_tag?post=88717"}],"curies":[{"name":"wp","href":"https:\/\/api.w.org\/{rel}","templated":true}]}}

<p>La cuvée Ponceau de Jean-Baptiste Hardy est issue de merlots, cabernets francs et sauvignons plantés en 1994 sur des granites et des argiles, avec une exposition au sud. Vinifié et élévé sur lies, pendant 18 mois, en fûts de 228l et en amphores. Ni collage, ni filtration.</p>

<!-- This site is optimized with the Yoast SEO plugin v19.3 - https://yoast.com/wordpress/plugins/seo/ -->
<title>PONCEAU - Mes Vendanges</title>
<meta name="robots" content="index, follow, max-snippet:-1, max-image-preview:large, max-video-preview:-1" />
<link rel="canonical" href="https://www.mesvendanges.com/en/shop/wines/ponceau-jean-baptiste-hardy-2023-75cl/" />
<meta property="og:locale" content="en_US" />
<meta property="og:type" content="article" />
<meta property="og:title" content="PONCEAU - Mes Vendanges" />
<meta property="og:description" content="La cuvée Ponceau de Jean-Baptiste Hardy est issue de merlots, cabernets francs et sauvignons plantés en 1994 sur des granites et des argiles, avec une exposition au sud. Vinifié et élévé sur lies, pendant 18 mois, en fûts de 228l et en amphores. Ni collage, ni filtration." />
<meta property="og:url" content="https://www.mesvendanges.com/en/shop/wines/ponceau-jean-baptiste-hardy-2023-75cl/" />
<meta property="og:site_name" content="Mes Vendanges" />
<meta property="article:modified_time" content="2026-04-03T10:20:12+00:00" />
<meta property="og:image" content="https://www.mesvendanges.com/wp-content/uploads/2024/04/jean-baptiste-hardy-ponceau-rouge-2022-png.png" />
	<meta property="og:image:width" content="431" />
	<meta property="og:image:height" content="1500" />
	<meta property="og:image:type" content="image/png" />
<meta name="twitter:card" content="summary_large_image" />
<script type="application/ld+json" class="yoast-schema-graph">{"@context":"https://schema.org","@graph":[{"@type":"Organization","@id":"https://www.mesvendanges.com/en/#organization","name":"Mes Vendanges","url":"https://www.mesvendanges.com/en/","sameAs":[],"logo":{"@type":"ImageObject","inLanguage":"fr-FR","@id":"https://www.mesvendanges.com/en/#/schema/logo/image/","url":"https://www.mesvendanges.com/wp-content/uploads/2022/02/logo-mesvendanges.jpg","contentUrl":"https://www.mesvendanges.com/wp-content/uploads/2022/02/logo-mesvendanges.jpg","width":851,"height":260,"caption":"Mes Vendanges"},"image":{"@id":"https://www.mesvendanges.com/en/#/schema/logo/image/"}},{"@type":"WebSite","@id":"https://www.mesvendanges.com/en/#website","url":"https://www.mesvendanges.com/en/","name":"Mes Vendanges","description":"Des journées entières dans les vignes","publisher":{"@id":"https://www.mesvendanges.com/en/#organization"},"potentialAction":[{"@type":"SearchAction","target":{"@type":"EntryPoint","urlTemplate":"https://www.mesvendanges.com/en/?s={search_term_string}"},"query-input":"required name=search_term_string"}],"inLanguage":"fr-FR"},{"@type":"ImageObject","inLanguage":"fr-FR","@id":"https://www.mesvendanges.com/en/shop/wines/ponceau-jean-baptiste-hardy-2023-75cl/#primaryimage","url":"https://www.mesvendanges.com/wp-content/uploads/2024/04/jean-baptiste-hardy-ponceau-rouge-2022-png.png","contentUrl":"https://www.mesvendanges.com/wp-content/uploads/2024/04/jean-baptiste-hardy-ponceau-rouge-2022-png.png","width":431,"height":1500},{"@type":"WebPage","@id":"https://www.mesvendanges.com/en/shop/wines/ponceau-jean-baptiste-hardy-2023-75cl/","url":"https://www.mesvendanges.com/en/shop/wines/ponceau-jean-baptiste-hardy-2023-75cl/","name":"PONCEAU - Mes Vendanges","isPartOf":{"@id":"https://www.mesvendanges.com/en/#website"},"primaryImageOfPage":{"@id":"https://www.mesvendanges.com/en/shop/wines/ponceau-jean-baptiste-hardy-2023-75cl/#primaryimage"},"datePublished":"2025-07-22T13:17:20+00:00","dateModified":"2026-04-03T10:20:12+00:00","breadcrumb":{"@id":"https://www.mesvendanges.com/en/shop/wines/ponceau-jean-baptiste-hardy-2023-75cl/#breadcrumb"},"inLanguage":"fr-FR","potentialAction":[{"@type":"ReadAction","target":["https://www.mesvendanges.com/en/shop/wines/ponceau-jean-baptiste-hardy-2023-75cl/"]}]},{"@type":"BreadcrumbList","@id":"https://www.mesvendanges.com/en/shop/wines/ponceau-jean-baptiste-hardy-2023-75cl/#breadcrumb","itemListElement":[{"@type":"ListItem","position":1,"name":"Home","item":"https://www.mesvendanges.com/en/"},{"@type":"ListItem","position":2,"name":"Shop","item":"https://www.mesvendanges.com/en/shop/"},{"@type":"ListItem","position":3,"name":"PONCEAU"}]}]}</script>
<!-- / Yoast SEO plugin. -->

La cuvée Ponceau de Jean-Baptiste Hardy est issue de merlots, cabernets francs et sauvignons plantés en 1994 sur des granites et des argiles, avec une exposition au sud. Vinifié et élévé sur lies, pendant 18 mois, en fûts de 228l et en amphores. Ni collage, ni filtration.

Des journées entières dans les vignes
