{"id":88719,"date":"2025-07-22T15:22:20","date_gmt":"2025-07-22T13:22:20","guid":{"rendered":"https:\/\/www.mesvendanges.com\/shop\/uncategorized\/le-petit-clos-jean-baptiste-hardy-2023-75cl\/"},"modified":"2026-03-26T10:58:37","modified_gmt":"2026-03-26T09:58:37","slug":"le-petit-clos-jean-baptiste-hardy-2023-75cl","status":"publish","type":"product","link":"https:\/\/www.mesvendanges.com\/en\/shop\/wines\/le-petit-clos-jean-baptiste-hardy-2023-75cl\/","title":{"rendered":"LE PETIT CLOS"},"content":{"rendered":"<p>La cuv\u00e9e Le Petit Clos de Jean-Baptiste Hardy est issue de gamays des granites et des argiles, avec une exposition au sud. Un incoryable jus rubis, nez expressif, frais, complexit\u00e9 sur le poivre et le floral. Le bouche est croquante, avec beaucoup d&#8217;\u00e9clat, c&#8217;est savoureux et avec encore une fois de la fraicheur, ce qui n&#8217;emp\u00e8che pas la profondeur, amen\u00e9e par un grain de tanin parfaitement maitris\u00e9 !<\/p>\n","protected":false},"excerpt":{"rendered":"<p>La cuv\u00e9e Le Petit Clos de Jean-Baptiste Hardy est issue de gamays des granites et des argiles, avec une exposition au sud. Un incoryable jus rubis, nez expressif, frais, complexit\u00e9 sur le poivre et le floral. Le bouche est croquante, avec beaucoup d&#8217;\u00e9clat, c&#8217;est savoureux et avec encore une fois de la fraicheur, ce qui [&hellip;]<\/p>\n","protected":false},"featured_media":0,"template":"","meta":[],"product_cat":[3740],"product_tag":[],"acf":[],"yoast_head":"<!-- This site is optimized with the Yoast SEO plugin v19.3 - https:\/\/yoast.com\/wordpress\/plugins\/seo\/ -->\n<title>LE PETIT CLOS - Mes Vendanges<\/title>\n<meta name=\"robots\" content=\"index, follow, max-snippet:-1, max-image-preview:large, max-video-preview:-1\" \/>\n<link rel=\"canonical\" href=\"https:\/\/www.mesvendanges.com\/en\/shop\/wines\/le-petit-clos-jean-baptiste-hardy-2023-75cl\/\" \/>\n<meta property=\"og:locale\" content=\"en_US\" \/>\n<meta property=\"og:type\" content=\"article\" \/>\n<meta property=\"og:title\" content=\"LE PETIT CLOS - Mes Vendanges\" \/>\n<meta property=\"og:description\" content=\"La cuv\u00e9e Le Petit Clos de Jean-Baptiste Hardy est issue de gamays des granites et des argiles, avec une exposition au sud. Un incoryable jus rubis, nez expressif, frais, complexit\u00e9 sur le poivre et le floral. Le bouche est croquante, avec beaucoup d&#8217;\u00e9clat, c&#8217;est savoureux et avec encore une fois de la fraicheur, ce qui [&hellip;]\" \/>\n<meta property=\"og:url\" content=\"https:\/\/www.mesvendanges.com\/en\/shop\/wines\/le-petit-clos-jean-baptiste-hardy-2023-75cl\/\" \/>\n<meta property=\"og:site_name\" content=\"Mes Vendanges\" \/>\n<meta property=\"article:modified_time\" content=\"2026-03-26T09:58:37+00:00\" \/>\n<meta name=\"twitter:card\" content=\"summary_large_image\" \/>\n<script type=\"application\/ld+json\" class=\"yoast-schema-graph\">{\"@context\":\"https:\/\/schema.org\",\"@graph\":[{\"@type\":\"Organization\",\"@id\":\"https:\/\/www.mesvendanges.com\/en\/#organization\",\"name\":\"Mes Vendanges\",\"url\":\"https:\/\/www.mesvendanges.com\/en\/\",\"sameAs\":[],\"logo\":{\"@type\":\"ImageObject\",\"inLanguage\":\"fr-FR\",\"@id\":\"https:\/\/www.mesvendanges.com\/en\/#\/schema\/logo\/image\/\",\"url\":\"https:\/\/www.mesvendanges.com\/wp-content\/uploads\/2022\/02\/logo-mesvendanges.jpg\",\"contentUrl\":\"https:\/\/www.mesvendanges.com\/wp-content\/uploads\/2022\/02\/logo-mesvendanges.jpg\",\"width\":851,\"height\":260,\"caption\":\"Mes Vendanges\"},\"image\":{\"@id\":\"https:\/\/www.mesvendanges.com\/en\/#\/schema\/logo\/image\/\"}},{\"@type\":\"WebSite\",\"@id\":\"https:\/\/www.mesvendanges.com\/en\/#website\",\"url\":\"https:\/\/www.mesvendanges.com\/en\/\",\"name\":\"Mes Vendanges\",\"description\":\"Des journ\u00e9es enti\u00e8res dans les vignes\",\"publisher\":{\"@id\":\"https:\/\/www.mesvendanges.com\/en\/#organization\"},\"potentialAction\":[{\"@type\":\"SearchAction\",\"target\":{\"@type\":\"EntryPoint\",\"urlTemplate\":\"https:\/\/www.mesvendanges.com\/en\/?s={search_term_string}\"},\"query-input\":\"required name=search_term_string\"}],\"inLanguage\":\"fr-FR\"},{\"@type\":\"WebPage\",\"@id\":\"https:\/\/www.mesvendanges.com\/en\/shop\/wines\/le-petit-clos-jean-baptiste-hardy-2023-75cl\/\",\"url\":\"https:\/\/www.mesvendanges.com\/en\/shop\/wines\/le-petit-clos-jean-baptiste-hardy-2023-75cl\/\",\"name\":\"LE PETIT CLOS - Mes Vendanges\",\"isPartOf\":{\"@id\":\"https:\/\/www.mesvendanges.com\/en\/#website\"},\"datePublished\":\"2025-07-22T13:22:20+00:00\",\"dateModified\":\"2026-03-26T09:58:37+00:00\",\"breadcrumb\":{\"@id\":\"https:\/\/www.mesvendanges.com\/en\/shop\/wines\/le-petit-clos-jean-baptiste-hardy-2023-75cl\/#breadcrumb\"},\"inLanguage\":\"fr-FR\",\"potentialAction\":[{\"@type\":\"ReadAction\",\"target\":[\"https:\/\/www.mesvendanges.com\/en\/shop\/wines\/le-petit-clos-jean-baptiste-hardy-2023-75cl\/\"]}]},{\"@type\":\"BreadcrumbList\",\"@id\":\"https:\/\/www.mesvendanges.com\/en\/shop\/wines\/le-petit-clos-jean-baptiste-hardy-2023-75cl\/#breadcrumb\",\"itemListElement\":[{\"@type\":\"ListItem\",\"position\":1,\"name\":\"Home\",\"item\":\"https:\/\/www.mesvendanges.com\/en\/\"},{\"@type\":\"ListItem\",\"position\":2,\"name\":\"Shop\",\"item\":\"https:\/\/www.mesvendanges.com\/en\/shop\/\"},{\"@type\":\"ListItem\",\"position\":3,\"name\":\"LE PETIT CLOS\"}]}]}<\/script>\n<!-- \/ Yoast SEO plugin. -->","yoast_head_json":{"title":"LE PETIT CLOS - Mes Vendanges","robots":{"index":"index","follow":"follow","max-snippet":"max-snippet:-1","max-image-preview":"max-image-preview:large","max-video-preview":"max-video-preview:-1"},"canonical":"https:\/\/www.mesvendanges.com\/en\/shop\/wines\/le-petit-clos-jean-baptiste-hardy-2023-75cl\/","og_locale":"en_US","og_type":"article","og_title":"LE PETIT CLOS - Mes Vendanges","og_description":"La cuv\u00e9e Le Petit Clos de Jean-Baptiste Hardy est issue de gamays des granites et des argiles, avec une exposition au sud. Un incoryable jus rubis, nez expressif, frais, complexit\u00e9 sur le poivre et le floral. Le bouche est croquante, avec beaucoup d&#8217;\u00e9clat, c&#8217;est savoureux et avec encore une fois de la fraicheur, ce qui [&hellip;]","og_url":"https:\/\/www.mesvendanges.com\/en\/shop\/wines\/le-petit-clos-jean-baptiste-hardy-2023-75cl\/","og_site_name":"Mes Vendanges","article_modified_time":"2026-03-26T09:58:37+00:00","twitter_card":"summary_large_image","schema":{"@context":"https:\/\/schema.org","@graph":[{"@type":"Organization","@id":"https:\/\/www.mesvendanges.com\/en\/#organization","name":"Mes Vendanges","url":"https:\/\/www.mesvendanges.com\/en\/","sameAs":[],"logo":{"@type":"ImageObject","inLanguage":"fr-FR","@id":"https:\/\/www.mesvendanges.com\/en\/#\/schema\/logo\/image\/","url":"https:\/\/www.mesvendanges.com\/wp-content\/uploads\/2022\/02\/logo-mesvendanges.jpg","contentUrl":"https:\/\/www.mesvendanges.com\/wp-content\/uploads\/2022\/02\/logo-mesvendanges.jpg","width":851,"height":260,"caption":"Mes Vendanges"},"image":{"@id":"https:\/\/www.mesvendanges.com\/en\/#\/schema\/logo\/image\/"}},{"@type":"WebSite","@id":"https:\/\/www.mesvendanges.com\/en\/#website","url":"https:\/\/www.mesvendanges.com\/en\/","name":"Mes Vendanges","description":"Des journ\u00e9es enti\u00e8res dans les vignes","publisher":{"@id":"https:\/\/www.mesvendanges.com\/en\/#organization"},"potentialAction":[{"@type":"SearchAction","target":{"@type":"EntryPoint","urlTemplate":"https:\/\/www.mesvendanges.com\/en\/?s={search_term_string}"},"query-input":"required name=search_term_string"}],"inLanguage":"fr-FR"},{"@type":"WebPage","@id":"https:\/\/www.mesvendanges.com\/en\/shop\/wines\/le-petit-clos-jean-baptiste-hardy-2023-75cl\/","url":"https:\/\/www.mesvendanges.com\/en\/shop\/wines\/le-petit-clos-jean-baptiste-hardy-2023-75cl\/","name":"LE PETIT CLOS - Mes Vendanges","isPartOf":{"@id":"https:\/\/www.mesvendanges.com\/en\/#website"},"datePublished":"2025-07-22T13:22:20+00:00","dateModified":"2026-03-26T09:58:37+00:00","breadcrumb":{"@id":"https:\/\/www.mesvendanges.com\/en\/shop\/wines\/le-petit-clos-jean-baptiste-hardy-2023-75cl\/#breadcrumb"},"inLanguage":"fr-FR","potentialAction":[{"@type":"ReadAction","target":["https:\/\/www.mesvendanges.com\/en\/shop\/wines\/le-petit-clos-jean-baptiste-hardy-2023-75cl\/"]}]},{"@type":"BreadcrumbList","@id":"https:\/\/www.mesvendanges.com\/en\/shop\/wines\/le-petit-clos-jean-baptiste-hardy-2023-75cl\/#breadcrumb","itemListElement":[{"@type":"ListItem","position":1,"name":"Home","item":"https:\/\/www.mesvendanges.com\/en\/"},{"@type":"ListItem","position":2,"name":"Shop","item":"https:\/\/www.mesvendanges.com\/en\/shop\/"},{"@type":"ListItem","position":3,"name":"LE PETIT CLOS"}]}]}},"_links":{"self":[{"href":"https:\/\/www.mesvendanges.com\/en\/wp-json\/wp\/v2\/product\/88719"}],"collection":[{"href":"https:\/\/www.mesvendanges.com\/en\/wp-json\/wp\/v2\/product"}],"about":[{"href":"https:\/\/www.mesvendanges.com\/en\/wp-json\/wp\/v2\/types\/product"}],"wp:attachment":[{"href":"https:\/\/www.mesvendanges.com\/en\/wp-json\/wp\/v2\/media?parent=88719"}],"wp:term":[{"taxonomy":"product_cat","embeddable":true,"href":"https:\/\/www.mesvendanges.com\/en\/wp-json\/wp\/v2\/product_cat?post=88719"},{"taxonomy":"product_tag","embeddable":true,"href":"https:\/\/www.mesvendanges.com\/en\/wp-json\/wp\/v2\/product_tag?post=88719"}],"curies":[{"name":"wp","href":"https:\/\/api.w.org\/{rel}","templated":true}]}}

<p>La cuvée Le Petit Clos de Jean-Baptiste Hardy est issue de gamays des granites et des argiles, avec une exposition au sud. Un incoryable jus rubis, nez expressif, frais, complexité sur le poivre et le floral. Le bouche est croquante, avec beaucoup d&#8217;éclat, c&#8217;est savoureux et avec encore une fois de la fraicheur, ce qui n&#8217;empèche pas la profondeur, amenée par un grain de tanin parfaitement maitrisé !</p>

<p>La cuvée Le Petit Clos de Jean-Baptiste Hardy est issue de gamays des granites et des argiles, avec une exposition au sud. Un incoryable jus rubis, nez expressif, frais, complexité sur le poivre et le floral. Le bouche est croquante, avec beaucoup d&#8217;éclat, c&#8217;est savoureux et avec encore une fois de la fraicheur, ce qui [&hellip;]</p>

<!-- This site is optimized with the Yoast SEO plugin v19.3 - https://yoast.com/wordpress/plugins/seo/ -->
<title>LE PETIT CLOS - Mes Vendanges</title>
<meta name="robots" content="index, follow, max-snippet:-1, max-image-preview:large, max-video-preview:-1" />
<link rel="canonical" href="https://www.mesvendanges.com/en/shop/wines/le-petit-clos-jean-baptiste-hardy-2023-75cl/" />
<meta property="og:locale" content="en_US" />
<meta property="og:type" content="article" />
<meta property="og:title" content="LE PETIT CLOS - Mes Vendanges" />
<meta property="og:description" content="La cuvée Le Petit Clos de Jean-Baptiste Hardy est issue de gamays des granites et des argiles, avec une exposition au sud. Un incoryable jus rubis, nez expressif, frais, complexité sur le poivre et le floral. Le bouche est croquante, avec beaucoup d&#8217;éclat, c&#8217;est savoureux et avec encore une fois de la fraicheur, ce qui [&hellip;]" />
<meta property="og:url" content="https://www.mesvendanges.com/en/shop/wines/le-petit-clos-jean-baptiste-hardy-2023-75cl/" />
<meta property="og:site_name" content="Mes Vendanges" />
<meta property="article:modified_time" content="2026-03-26T09:58:37+00:00" />
<meta name="twitter:card" content="summary_large_image" />
<script type="application/ld+json" class="yoast-schema-graph">{"@context":"https://schema.org","@graph":[{"@type":"Organization","@id":"https://www.mesvendanges.com/en/#organization","name":"Mes Vendanges","url":"https://www.mesvendanges.com/en/","sameAs":[],"logo":{"@type":"ImageObject","inLanguage":"fr-FR","@id":"https://www.mesvendanges.com/en/#/schema/logo/image/","url":"https://www.mesvendanges.com/wp-content/uploads/2022/02/logo-mesvendanges.jpg","contentUrl":"https://www.mesvendanges.com/wp-content/uploads/2022/02/logo-mesvendanges.jpg","width":851,"height":260,"caption":"Mes Vendanges"},"image":{"@id":"https://www.mesvendanges.com/en/#/schema/logo/image/"}},{"@type":"WebSite","@id":"https://www.mesvendanges.com/en/#website","url":"https://www.mesvendanges.com/en/","name":"Mes Vendanges","description":"Des journées entières dans les vignes","publisher":{"@id":"https://www.mesvendanges.com/en/#organization"},"potentialAction":[{"@type":"SearchAction","target":{"@type":"EntryPoint","urlTemplate":"https://www.mesvendanges.com/en/?s={search_term_string}"},"query-input":"required name=search_term_string"}],"inLanguage":"fr-FR"},{"@type":"WebPage","@id":"https://www.mesvendanges.com/en/shop/wines/le-petit-clos-jean-baptiste-hardy-2023-75cl/","url":"https://www.mesvendanges.com/en/shop/wines/le-petit-clos-jean-baptiste-hardy-2023-75cl/","name":"LE PETIT CLOS - Mes Vendanges","isPartOf":{"@id":"https://www.mesvendanges.com/en/#website"},"datePublished":"2025-07-22T13:22:20+00:00","dateModified":"2026-03-26T09:58:37+00:00","breadcrumb":{"@id":"https://www.mesvendanges.com/en/shop/wines/le-petit-clos-jean-baptiste-hardy-2023-75cl/#breadcrumb"},"inLanguage":"fr-FR","potentialAction":[{"@type":"ReadAction","target":["https://www.mesvendanges.com/en/shop/wines/le-petit-clos-jean-baptiste-hardy-2023-75cl/"]}]},{"@type":"BreadcrumbList","@id":"https://www.mesvendanges.com/en/shop/wines/le-petit-clos-jean-baptiste-hardy-2023-75cl/#breadcrumb","itemListElement":[{"@type":"ListItem","position":1,"name":"Home","item":"https://www.mesvendanges.com/en/"},{"@type":"ListItem","position":2,"name":"Shop","item":"https://www.mesvendanges.com/en/shop/"},{"@type":"ListItem","position":3,"name":"LE PETIT CLOS"}]}]}</script>
<!-- / Yoast SEO plugin. -->

La cuvée Le Petit Clos de Jean-Baptiste Hardy est issue de gamays des granites et des argiles, avec une exposition au sud. Un incoryable jus rubis, nez expressif, frais, complexité sur le poivre et le floral. Le bouche est croquante, avec beaucoup d&#8217;éclat, c&#8217;est savoureux et avec encore une fois de la fraicheur, ce qui [&hellip;]

Des journées entières dans les vignes
