{"id":90689,"date":"2026-03-13T15:58:37","date_gmt":"2026-03-13T14:58:37","guid":{"rendered":"https:\/\/www.mesvendanges.com\/shop\/uncategorized\/gargamelle-domaine-de-montrieux-ariane-lesne-2022-75cl\/"},"modified":"2026-03-13T16:01:17","modified_gmt":"2026-03-13T15:01:17","slug":"gargamelle-domaine-de-montrieux-ariane-lesne-2022-75cl","status":"publish","type":"product","link":"https:\/\/www.mesvendanges.com\/en\/shop\/wines\/gargamelle-domaine-de-montrieux-ariane-lesne-2022-75cl\/","title":{"rendered":"GARGAMELLE"},"content":{"rendered":"<p>Assemblage de gamay de Bouze et de gamay de Chaudenay. Un gamay comme on les aime, o\u00f9 l&#8217;on va directement croquer la grappe. Le gamay de Bouze apporte cette couleur et ce grain de tanin unique, qui donne cette bouche tout \u00e0 la fois gourmande et solide \u00e0 la fois. un vin qui ne s&#8217;effacera pas \u00e0 table, bien au contraire.<\/p>\n","protected":false},"excerpt":{"rendered":"<p>Assemblage de gamay de Bouze et de gamay de Chaudenay. Un gamay comme on les aime, o\u00f9 l&#8217;on va directement croquer la grappe. Le gamay de Bouze apporte cette couleur et ce grain de tanin unique, qui donne cette bouche tout \u00e0 la fois gourmande et solide \u00e0 la fois. un vin qui ne s&#8217;effacera [&hellip;]<\/p>\n","protected":false},"featured_media":90686,"template":"","meta":[],"product_cat":[3740],"product_tag":[],"acf":[],"yoast_head":"<!-- This site is optimized with the Yoast SEO plugin v19.3 - https:\/\/yoast.com\/wordpress\/plugins\/seo\/ -->\n<title>GARGAMELLE - Mes Vendanges<\/title>\n<meta name=\"robots\" content=\"index, follow, max-snippet:-1, max-image-preview:large, max-video-preview:-1\" \/>\n<link rel=\"canonical\" href=\"https:\/\/www.mesvendanges.com\/en\/shop\/wines\/gargamelle-domaine-de-montrieux-ariane-lesne-2022-75cl\/\" \/>\n<meta property=\"og:locale\" content=\"en_US\" \/>\n<meta property=\"og:type\" content=\"article\" \/>\n<meta property=\"og:title\" content=\"GARGAMELLE - Mes Vendanges\" \/>\n<meta property=\"og:description\" content=\"Assemblage de gamay de Bouze et de gamay de Chaudenay. Un gamay comme on les aime, o\u00f9 l&#8217;on va directement croquer la grappe. Le gamay de Bouze apporte cette couleur et ce grain de tanin unique, qui donne cette bouche tout \u00e0 la fois gourmande et solide \u00e0 la fois. un vin qui ne s&#8217;effacera [&hellip;]\" \/>\n<meta property=\"og:url\" content=\"https:\/\/www.mesvendanges.com\/en\/shop\/wines\/gargamelle-domaine-de-montrieux-ariane-lesne-2022-75cl\/\" \/>\n<meta property=\"og:site_name\" content=\"Mes Vendanges\" \/>\n<meta property=\"article:modified_time\" content=\"2026-03-13T15:01:17+00:00\" \/>\n<meta property=\"og:image\" content=\"https:\/\/www.mesvendanges.com\/wp-content\/uploads\/2026\/03\/domaine-de-montrieux-gargamelle-png.png\" \/>\n\t<meta property=\"og:image:width\" content=\"580\" \/>\n\t<meta property=\"og:image:height\" content=\"1500\" \/>\n\t<meta property=\"og:image:type\" content=\"image\/png\" \/>\n<meta name=\"twitter:card\" content=\"summary_large_image\" \/>\n<script type=\"application\/ld+json\" class=\"yoast-schema-graph\">{\"@context\":\"https:\/\/schema.org\",\"@graph\":[{\"@type\":\"Organization\",\"@id\":\"https:\/\/www.mesvendanges.com\/en\/#organization\",\"name\":\"Mes Vendanges\",\"url\":\"https:\/\/www.mesvendanges.com\/en\/\",\"sameAs\":[],\"logo\":{\"@type\":\"ImageObject\",\"inLanguage\":\"fr-FR\",\"@id\":\"https:\/\/www.mesvendanges.com\/en\/#\/schema\/logo\/image\/\",\"url\":\"https:\/\/www.mesvendanges.com\/wp-content\/uploads\/2022\/02\/logo-mesvendanges.jpg\",\"contentUrl\":\"https:\/\/www.mesvendanges.com\/wp-content\/uploads\/2022\/02\/logo-mesvendanges.jpg\",\"width\":851,\"height\":260,\"caption\":\"Mes Vendanges\"},\"image\":{\"@id\":\"https:\/\/www.mesvendanges.com\/en\/#\/schema\/logo\/image\/\"}},{\"@type\":\"WebSite\",\"@id\":\"https:\/\/www.mesvendanges.com\/en\/#website\",\"url\":\"https:\/\/www.mesvendanges.com\/en\/\",\"name\":\"Mes Vendanges\",\"description\":\"Des journ\u00e9es enti\u00e8res dans les vignes\",\"publisher\":{\"@id\":\"https:\/\/www.mesvendanges.com\/en\/#organization\"},\"potentialAction\":[{\"@type\":\"SearchAction\",\"target\":{\"@type\":\"EntryPoint\",\"urlTemplate\":\"https:\/\/www.mesvendanges.com\/en\/?s={search_term_string}\"},\"query-input\":\"required name=search_term_string\"}],\"inLanguage\":\"fr-FR\"},{\"@type\":\"ImageObject\",\"inLanguage\":\"fr-FR\",\"@id\":\"https:\/\/www.mesvendanges.com\/en\/shop\/wines\/gargamelle-domaine-de-montrieux-ariane-lesne-2022-75cl\/#primaryimage\",\"url\":\"https:\/\/www.mesvendanges.com\/wp-content\/uploads\/2026\/03\/domaine-de-montrieux-gargamelle-png.png\",\"contentUrl\":\"https:\/\/www.mesvendanges.com\/wp-content\/uploads\/2026\/03\/domaine-de-montrieux-gargamelle-png.png\",\"width\":580,\"height\":1500},{\"@type\":\"WebPage\",\"@id\":\"https:\/\/www.mesvendanges.com\/en\/shop\/wines\/gargamelle-domaine-de-montrieux-ariane-lesne-2022-75cl\/\",\"url\":\"https:\/\/www.mesvendanges.com\/en\/shop\/wines\/gargamelle-domaine-de-montrieux-ariane-lesne-2022-75cl\/\",\"name\":\"GARGAMELLE - Mes Vendanges\",\"isPartOf\":{\"@id\":\"https:\/\/www.mesvendanges.com\/en\/#website\"},\"primaryImageOfPage\":{\"@id\":\"https:\/\/www.mesvendanges.com\/en\/shop\/wines\/gargamelle-domaine-de-montrieux-ariane-lesne-2022-75cl\/#primaryimage\"},\"datePublished\":\"2026-03-13T14:58:37+00:00\",\"dateModified\":\"2026-03-13T15:01:17+00:00\",\"breadcrumb\":{\"@id\":\"https:\/\/www.mesvendanges.com\/en\/shop\/wines\/gargamelle-domaine-de-montrieux-ariane-lesne-2022-75cl\/#breadcrumb\"},\"inLanguage\":\"fr-FR\",\"potentialAction\":[{\"@type\":\"ReadAction\",\"target\":[\"https:\/\/www.mesvendanges.com\/en\/shop\/wines\/gargamelle-domaine-de-montrieux-ariane-lesne-2022-75cl\/\"]}]},{\"@type\":\"BreadcrumbList\",\"@id\":\"https:\/\/www.mesvendanges.com\/en\/shop\/wines\/gargamelle-domaine-de-montrieux-ariane-lesne-2022-75cl\/#breadcrumb\",\"itemListElement\":[{\"@type\":\"ListItem\",\"position\":1,\"name\":\"Home\",\"item\":\"https:\/\/www.mesvendanges.com\/en\/\"},{\"@type\":\"ListItem\",\"position\":2,\"name\":\"Shop\",\"item\":\"https:\/\/www.mesvendanges.com\/en\/shop\/\"},{\"@type\":\"ListItem\",\"position\":3,\"name\":\"GARGAMELLE\"}]}]}<\/script>\n<!-- \/ Yoast SEO plugin. -->","yoast_head_json":{"title":"GARGAMELLE - Mes Vendanges","robots":{"index":"index","follow":"follow","max-snippet":"max-snippet:-1","max-image-preview":"max-image-preview:large","max-video-preview":"max-video-preview:-1"},"canonical":"https:\/\/www.mesvendanges.com\/en\/shop\/wines\/gargamelle-domaine-de-montrieux-ariane-lesne-2022-75cl\/","og_locale":"en_US","og_type":"article","og_title":"GARGAMELLE - Mes Vendanges","og_description":"Assemblage de gamay de Bouze et de gamay de Chaudenay. Un gamay comme on les aime, o\u00f9 l&#8217;on va directement croquer la grappe. Le gamay de Bouze apporte cette couleur et ce grain de tanin unique, qui donne cette bouche tout \u00e0 la fois gourmande et solide \u00e0 la fois. un vin qui ne s&#8217;effacera [&hellip;]","og_url":"https:\/\/www.mesvendanges.com\/en\/shop\/wines\/gargamelle-domaine-de-montrieux-ariane-lesne-2022-75cl\/","og_site_name":"Mes Vendanges","article_modified_time":"2026-03-13T15:01:17+00:00","og_image":[{"width":580,"height":1500,"url":"https:\/\/www.mesvendanges.com\/wp-content\/uploads\/2026\/03\/domaine-de-montrieux-gargamelle-png.png","type":"image\/png"}],"twitter_card":"summary_large_image","schema":{"@context":"https:\/\/schema.org","@graph":[{"@type":"Organization","@id":"https:\/\/www.mesvendanges.com\/en\/#organization","name":"Mes Vendanges","url":"https:\/\/www.mesvendanges.com\/en\/","sameAs":[],"logo":{"@type":"ImageObject","inLanguage":"fr-FR","@id":"https:\/\/www.mesvendanges.com\/en\/#\/schema\/logo\/image\/","url":"https:\/\/www.mesvendanges.com\/wp-content\/uploads\/2022\/02\/logo-mesvendanges.jpg","contentUrl":"https:\/\/www.mesvendanges.com\/wp-content\/uploads\/2022\/02\/logo-mesvendanges.jpg","width":851,"height":260,"caption":"Mes Vendanges"},"image":{"@id":"https:\/\/www.mesvendanges.com\/en\/#\/schema\/logo\/image\/"}},{"@type":"WebSite","@id":"https:\/\/www.mesvendanges.com\/en\/#website","url":"https:\/\/www.mesvendanges.com\/en\/","name":"Mes Vendanges","description":"Des journ\u00e9es enti\u00e8res dans les vignes","publisher":{"@id":"https:\/\/www.mesvendanges.com\/en\/#organization"},"potentialAction":[{"@type":"SearchAction","target":{"@type":"EntryPoint","urlTemplate":"https:\/\/www.mesvendanges.com\/en\/?s={search_term_string}"},"query-input":"required name=search_term_string"}],"inLanguage":"fr-FR"},{"@type":"ImageObject","inLanguage":"fr-FR","@id":"https:\/\/www.mesvendanges.com\/en\/shop\/wines\/gargamelle-domaine-de-montrieux-ariane-lesne-2022-75cl\/#primaryimage","url":"https:\/\/www.mesvendanges.com\/wp-content\/uploads\/2026\/03\/domaine-de-montrieux-gargamelle-png.png","contentUrl":"https:\/\/www.mesvendanges.com\/wp-content\/uploads\/2026\/03\/domaine-de-montrieux-gargamelle-png.png","width":580,"height":1500},{"@type":"WebPage","@id":"https:\/\/www.mesvendanges.com\/en\/shop\/wines\/gargamelle-domaine-de-montrieux-ariane-lesne-2022-75cl\/","url":"https:\/\/www.mesvendanges.com\/en\/shop\/wines\/gargamelle-domaine-de-montrieux-ariane-lesne-2022-75cl\/","name":"GARGAMELLE - Mes Vendanges","isPartOf":{"@id":"https:\/\/www.mesvendanges.com\/en\/#website"},"primaryImageOfPage":{"@id":"https:\/\/www.mesvendanges.com\/en\/shop\/wines\/gargamelle-domaine-de-montrieux-ariane-lesne-2022-75cl\/#primaryimage"},"datePublished":"2026-03-13T14:58:37+00:00","dateModified":"2026-03-13T15:01:17+00:00","breadcrumb":{"@id":"https:\/\/www.mesvendanges.com\/en\/shop\/wines\/gargamelle-domaine-de-montrieux-ariane-lesne-2022-75cl\/#breadcrumb"},"inLanguage":"fr-FR","potentialAction":[{"@type":"ReadAction","target":["https:\/\/www.mesvendanges.com\/en\/shop\/wines\/gargamelle-domaine-de-montrieux-ariane-lesne-2022-75cl\/"]}]},{"@type":"BreadcrumbList","@id":"https:\/\/www.mesvendanges.com\/en\/shop\/wines\/gargamelle-domaine-de-montrieux-ariane-lesne-2022-75cl\/#breadcrumb","itemListElement":[{"@type":"ListItem","position":1,"name":"Home","item":"https:\/\/www.mesvendanges.com\/en\/"},{"@type":"ListItem","position":2,"name":"Shop","item":"https:\/\/www.mesvendanges.com\/en\/shop\/"},{"@type":"ListItem","position":3,"name":"GARGAMELLE"}]}]}},"_links":{"self":[{"href":"https:\/\/www.mesvendanges.com\/en\/wp-json\/wp\/v2\/product\/90689"}],"collection":[{"href":"https:\/\/www.mesvendanges.com\/en\/wp-json\/wp\/v2\/product"}],"about":[{"href":"https:\/\/www.mesvendanges.com\/en\/wp-json\/wp\/v2\/types\/product"}],"wp:featuredmedia":[{"embeddable":true,"href":"https:\/\/www.mesvendanges.com\/en\/wp-json\/wp\/v2\/media\/90686"}],"wp:attachment":[{"href":"https:\/\/www.mesvendanges.com\/en\/wp-json\/wp\/v2\/media?parent=90689"}],"wp:term":[{"taxonomy":"product_cat","embeddable":true,"href":"https:\/\/www.mesvendanges.com\/en\/wp-json\/wp\/v2\/product_cat?post=90689"},{"taxonomy":"product_tag","embeddable":true,"href":"https:\/\/www.mesvendanges.com\/en\/wp-json\/wp\/v2\/product_tag?post=90689"}],"curies":[{"name":"wp","href":"https:\/\/api.w.org\/{rel}","templated":true}]}}

<p>Assemblage de gamay de Bouze et de gamay de Chaudenay. Un gamay comme on les aime, où l&#8217;on va directement croquer la grappe. Le gamay de Bouze apporte cette couleur et ce grain de tanin unique, qui donne cette bouche tout à la fois gourmande et solide à la fois. un vin qui ne s&#8217;effacera pas à table, bien au contraire.</p>

<p>Assemblage de gamay de Bouze et de gamay de Chaudenay. Un gamay comme on les aime, où l&#8217;on va directement croquer la grappe. Le gamay de Bouze apporte cette couleur et ce grain de tanin unique, qui donne cette bouche tout à la fois gourmande et solide à la fois. un vin qui ne s&#8217;effacera [&hellip;]</p>

<!-- This site is optimized with the Yoast SEO plugin v19.3 - https://yoast.com/wordpress/plugins/seo/ -->
<title>GARGAMELLE - Mes Vendanges</title>
<meta name="robots" content="index, follow, max-snippet:-1, max-image-preview:large, max-video-preview:-1" />
<link rel="canonical" href="https://www.mesvendanges.com/en/shop/wines/gargamelle-domaine-de-montrieux-ariane-lesne-2022-75cl/" />
<meta property="og:locale" content="en_US" />
<meta property="og:type" content="article" />
<meta property="og:title" content="GARGAMELLE - Mes Vendanges" />
<meta property="og:description" content="Assemblage de gamay de Bouze et de gamay de Chaudenay. Un gamay comme on les aime, où l&#8217;on va directement croquer la grappe. Le gamay de Bouze apporte cette couleur et ce grain de tanin unique, qui donne cette bouche tout à la fois gourmande et solide à la fois. un vin qui ne s&#8217;effacera [&hellip;]" />
<meta property="og:url" content="https://www.mesvendanges.com/en/shop/wines/gargamelle-domaine-de-montrieux-ariane-lesne-2022-75cl/" />
<meta property="og:site_name" content="Mes Vendanges" />
<meta property="article:modified_time" content="2026-03-13T15:01:17+00:00" />
<meta property="og:image" content="https://www.mesvendanges.com/wp-content/uploads/2026/03/domaine-de-montrieux-gargamelle-png.png" />
	<meta property="og:image:width" content="580" />
	<meta property="og:image:height" content="1500" />
	<meta property="og:image:type" content="image/png" />
<meta name="twitter:card" content="summary_large_image" />
<script type="application/ld+json" class="yoast-schema-graph">{"@context":"https://schema.org","@graph":[{"@type":"Organization","@id":"https://www.mesvendanges.com/en/#organization","name":"Mes Vendanges","url":"https://www.mesvendanges.com/en/","sameAs":[],"logo":{"@type":"ImageObject","inLanguage":"fr-FR","@id":"https://www.mesvendanges.com/en/#/schema/logo/image/","url":"https://www.mesvendanges.com/wp-content/uploads/2022/02/logo-mesvendanges.jpg","contentUrl":"https://www.mesvendanges.com/wp-content/uploads/2022/02/logo-mesvendanges.jpg","width":851,"height":260,"caption":"Mes Vendanges"},"image":{"@id":"https://www.mesvendanges.com/en/#/schema/logo/image/"}},{"@type":"WebSite","@id":"https://www.mesvendanges.com/en/#website","url":"https://www.mesvendanges.com/en/","name":"Mes Vendanges","description":"Des journées entières dans les vignes","publisher":{"@id":"https://www.mesvendanges.com/en/#organization"},"potentialAction":[{"@type":"SearchAction","target":{"@type":"EntryPoint","urlTemplate":"https://www.mesvendanges.com/en/?s={search_term_string}"},"query-input":"required name=search_term_string"}],"inLanguage":"fr-FR"},{"@type":"ImageObject","inLanguage":"fr-FR","@id":"https://www.mesvendanges.com/en/shop/wines/gargamelle-domaine-de-montrieux-ariane-lesne-2022-75cl/#primaryimage","url":"https://www.mesvendanges.com/wp-content/uploads/2026/03/domaine-de-montrieux-gargamelle-png.png","contentUrl":"https://www.mesvendanges.com/wp-content/uploads/2026/03/domaine-de-montrieux-gargamelle-png.png","width":580,"height":1500},{"@type":"WebPage","@id":"https://www.mesvendanges.com/en/shop/wines/gargamelle-domaine-de-montrieux-ariane-lesne-2022-75cl/","url":"https://www.mesvendanges.com/en/shop/wines/gargamelle-domaine-de-montrieux-ariane-lesne-2022-75cl/","name":"GARGAMELLE - Mes Vendanges","isPartOf":{"@id":"https://www.mesvendanges.com/en/#website"},"primaryImageOfPage":{"@id":"https://www.mesvendanges.com/en/shop/wines/gargamelle-domaine-de-montrieux-ariane-lesne-2022-75cl/#primaryimage"},"datePublished":"2026-03-13T14:58:37+00:00","dateModified":"2026-03-13T15:01:17+00:00","breadcrumb":{"@id":"https://www.mesvendanges.com/en/shop/wines/gargamelle-domaine-de-montrieux-ariane-lesne-2022-75cl/#breadcrumb"},"inLanguage":"fr-FR","potentialAction":[{"@type":"ReadAction","target":["https://www.mesvendanges.com/en/shop/wines/gargamelle-domaine-de-montrieux-ariane-lesne-2022-75cl/"]}]},{"@type":"BreadcrumbList","@id":"https://www.mesvendanges.com/en/shop/wines/gargamelle-domaine-de-montrieux-ariane-lesne-2022-75cl/#breadcrumb","itemListElement":[{"@type":"ListItem","position":1,"name":"Home","item":"https://www.mesvendanges.com/en/"},{"@type":"ListItem","position":2,"name":"Shop","item":"https://www.mesvendanges.com/en/shop/"},{"@type":"ListItem","position":3,"name":"GARGAMELLE"}]}]}</script>
<!-- / Yoast SEO plugin. -->

Assemblage de gamay de Bouze et de gamay de Chaudenay. Un gamay comme on les aime, où l&#8217;on va directement croquer la grappe. Le gamay de Bouze apporte cette couleur et ce grain de tanin unique, qui donne cette bouche tout à la fois gourmande et solide à la fois. un vin qui ne s&#8217;effacera [&hellip;]

Des journées entières dans les vignes
