{"id":47196,"date":"2022-08-02T17:19:23","date_gmt":"2022-08-02T15:19:23","guid":{"rendered":"https:\/\/www.mesvendanges.com\/les-domaines\/le-mi\/"},"modified":"2022-08-29T16:18:50","modified_gmt":"2022-08-29T14:18:50","slug":"le-mi","status":"publish","type":"domains","link":"https:\/\/www.mesvendanges.com\/fr\/les-domaines\/le-mi\/","title":{"rendered":"LE MI"},"content":{"rendered":"<p>Originaire de la Vall\u00e9e du Rh\u00f4ne septentrional, Thomas Jacques vient s&#8217;installer en Haute-Loire il y a une petite dizaine d&#8217;ann\u00e9es. Son rapport intense avec les paysages de vallons, de for\u00eats, d&#8217;estives du Livradois-Forez le conduisent \u00e0 l&#8217;apiculture, mais pas n&#8217;importe laquelle. C&#8217;est une apiculture issue d&#8217;une relation habit\u00e9e avec les lieux, avec les colonies d&#8217;abeilles, avec les saisons. Une apiculture douce, non productiviste, qui prend le temps. Les miels que propose Thomas Jacques sont le reflet de ces lieux, de ces temporalit\u00e9s. Les parfums sont intenses, subtils, pos\u00e9s. Les textures riches, pleines de caract\u00e8res. De grands miels !<\/p>\n","protected":false},"template":"","domains_category":[],"acf":[],"yoast_head":"<!-- This site is optimized with the Yoast SEO plugin v19.3 - https:\/\/yoast.com\/wordpress\/plugins\/seo\/ -->\n<title>LE MI - Mes Vendanges<\/title>\n<meta name=\"robots\" content=\"index, follow, max-snippet:-1, max-image-preview:large, max-video-preview:-1\" \/>\n<link rel=\"canonical\" href=\"https:\/\/www.mesvendanges.com\/fr\/les-domaines\/le-mi\/\" \/>\n<meta property=\"og:locale\" content=\"fr_FR\" \/>\n<meta property=\"og:type\" content=\"article\" \/>\n<meta property=\"og:title\" content=\"LE MI - Mes Vendanges\" \/>\n<meta property=\"og:description\" content=\"Originaire de la Vall\u00e9e du Rh\u00f4ne septentrional, Thomas Jacques vient s&#8217;installer en Haute-Loire il y a une petite dizaine d&#8217;ann\u00e9es. Son rapport intense avec les paysages de vallons, de for\u00eats, d&#8217;estives du Livradois-Forez le conduisent \u00e0 l&#8217;apiculture, mais pas n&#8217;importe laquelle. C&#8217;est une apiculture issue d&#8217;une relation habit\u00e9e avec les lieux, avec les colonies d&#8217;abeilles, [&hellip;]\" \/>\n<meta property=\"og:url\" content=\"https:\/\/www.mesvendanges.com\/fr\/les-domaines\/le-mi\/\" \/>\n<meta property=\"og:site_name\" content=\"Mes Vendanges\" \/>\n<meta property=\"article:modified_time\" content=\"2022-08-29T14:18:50+00:00\" \/>\n<meta name=\"twitter:card\" content=\"summary_large_image\" \/>\n<meta name=\"twitter:label1\" content=\"Dur\u00e9e de lecture estim\u00e9e\" \/>\n\t<meta name=\"twitter:data1\" content=\"1 minute\" \/>\n<script type=\"application\/ld+json\" class=\"yoast-schema-graph\">{\"@context\":\"https:\/\/schema.org\",\"@graph\":[{\"@type\":\"Organization\",\"@id\":\"https:\/\/www.mesvendanges.com\/en\/#organization\",\"name\":\"Mes Vendanges\",\"url\":\"https:\/\/www.mesvendanges.com\/en\/\",\"sameAs\":[],\"logo\":{\"@type\":\"ImageObject\",\"inLanguage\":\"fr-FR\",\"@id\":\"https:\/\/www.mesvendanges.com\/en\/#\/schema\/logo\/image\/\",\"url\":\"https:\/\/www.mesvendanges.com\/wp-content\/uploads\/2022\/02\/logo-mesvendanges.jpg\",\"contentUrl\":\"https:\/\/www.mesvendanges.com\/wp-content\/uploads\/2022\/02\/logo-mesvendanges.jpg\",\"width\":851,\"height\":260,\"caption\":\"Mes Vendanges\"},\"image\":{\"@id\":\"https:\/\/www.mesvendanges.com\/en\/#\/schema\/logo\/image\/\"}},{\"@type\":\"WebSite\",\"@id\":\"https:\/\/www.mesvendanges.com\/en\/#website\",\"url\":\"https:\/\/www.mesvendanges.com\/en\/\",\"name\":\"Mes Vendanges\",\"description\":\"Des journ\u00e9es enti\u00e8res dans les vignes\",\"publisher\":{\"@id\":\"https:\/\/www.mesvendanges.com\/en\/#organization\"},\"potentialAction\":[{\"@type\":\"SearchAction\",\"target\":{\"@type\":\"EntryPoint\",\"urlTemplate\":\"https:\/\/www.mesvendanges.com\/en\/?s={search_term_string}\"},\"query-input\":\"required name=search_term_string\"}],\"inLanguage\":\"fr-FR\"},{\"@type\":\"WebPage\",\"@id\":\"https:\/\/www.mesvendanges.com\/fr\/les-domaines\/le-mi\/\",\"url\":\"https:\/\/www.mesvendanges.com\/fr\/les-domaines\/le-mi\/\",\"name\":\"LE MI - Mes Vendanges\",\"isPartOf\":{\"@id\":\"https:\/\/www.mesvendanges.com\/en\/#website\"},\"datePublished\":\"2022-08-02T15:19:23+00:00\",\"dateModified\":\"2022-08-29T14:18:50+00:00\",\"breadcrumb\":{\"@id\":\"https:\/\/www.mesvendanges.com\/fr\/les-domaines\/le-mi\/#breadcrumb\"},\"inLanguage\":\"fr-FR\",\"potentialAction\":[{\"@type\":\"ReadAction\",\"target\":[\"https:\/\/www.mesvendanges.com\/fr\/les-domaines\/le-mi\/\"]}]},{\"@type\":\"BreadcrumbList\",\"@id\":\"https:\/\/www.mesvendanges.com\/fr\/les-domaines\/le-mi\/#breadcrumb\",\"itemListElement\":[{\"@type\":\"ListItem\",\"position\":1,\"name\":\"Accueil\",\"item\":\"https:\/\/www.mesvendanges.com\/fr\/\"},{\"@type\":\"ListItem\",\"position\":2,\"name\":\"LE MI\"}]}]}<\/script>\n<!-- \/ Yoast SEO plugin. -->","yoast_head_json":{"title":"LE MI - Mes Vendanges","robots":{"index":"index","follow":"follow","max-snippet":"max-snippet:-1","max-image-preview":"max-image-preview:large","max-video-preview":"max-video-preview:-1"},"canonical":"https:\/\/www.mesvendanges.com\/fr\/les-domaines\/le-mi\/","og_locale":"fr_FR","og_type":"article","og_title":"LE MI - Mes Vendanges","og_description":"Originaire de la Vall\u00e9e du Rh\u00f4ne septentrional, Thomas Jacques vient s&#8217;installer en Haute-Loire il y a une petite dizaine d&#8217;ann\u00e9es. Son rapport intense avec les paysages de vallons, de for\u00eats, d&#8217;estives du Livradois-Forez le conduisent \u00e0 l&#8217;apiculture, mais pas n&#8217;importe laquelle. C&#8217;est une apiculture issue d&#8217;une relation habit\u00e9e avec les lieux, avec les colonies d&#8217;abeilles, [&hellip;]","og_url":"https:\/\/www.mesvendanges.com\/fr\/les-domaines\/le-mi\/","og_site_name":"Mes Vendanges","article_modified_time":"2022-08-29T14:18:50+00:00","twitter_card":"summary_large_image","twitter_misc":{"Dur\u00e9e de lecture estim\u00e9e":"1 minute"},"schema":{"@context":"https:\/\/schema.org","@graph":[{"@type":"Organization","@id":"https:\/\/www.mesvendanges.com\/en\/#organization","name":"Mes Vendanges","url":"https:\/\/www.mesvendanges.com\/en\/","sameAs":[],"logo":{"@type":"ImageObject","inLanguage":"fr-FR","@id":"https:\/\/www.mesvendanges.com\/en\/#\/schema\/logo\/image\/","url":"https:\/\/www.mesvendanges.com\/wp-content\/uploads\/2022\/02\/logo-mesvendanges.jpg","contentUrl":"https:\/\/www.mesvendanges.com\/wp-content\/uploads\/2022\/02\/logo-mesvendanges.jpg","width":851,"height":260,"caption":"Mes Vendanges"},"image":{"@id":"https:\/\/www.mesvendanges.com\/en\/#\/schema\/logo\/image\/"}},{"@type":"WebSite","@id":"https:\/\/www.mesvendanges.com\/en\/#website","url":"https:\/\/www.mesvendanges.com\/en\/","name":"Mes Vendanges","description":"Des journ\u00e9es enti\u00e8res dans les vignes","publisher":{"@id":"https:\/\/www.mesvendanges.com\/en\/#organization"},"potentialAction":[{"@type":"SearchAction","target":{"@type":"EntryPoint","urlTemplate":"https:\/\/www.mesvendanges.com\/en\/?s={search_term_string}"},"query-input":"required name=search_term_string"}],"inLanguage":"fr-FR"},{"@type":"WebPage","@id":"https:\/\/www.mesvendanges.com\/fr\/les-domaines\/le-mi\/","url":"https:\/\/www.mesvendanges.com\/fr\/les-domaines\/le-mi\/","name":"LE MI - Mes Vendanges","isPartOf":{"@id":"https:\/\/www.mesvendanges.com\/en\/#website"},"datePublished":"2022-08-02T15:19:23+00:00","dateModified":"2022-08-29T14:18:50+00:00","breadcrumb":{"@id":"https:\/\/www.mesvendanges.com\/fr\/les-domaines\/le-mi\/#breadcrumb"},"inLanguage":"fr-FR","potentialAction":[{"@type":"ReadAction","target":["https:\/\/www.mesvendanges.com\/fr\/les-domaines\/le-mi\/"]}]},{"@type":"BreadcrumbList","@id":"https:\/\/www.mesvendanges.com\/fr\/les-domaines\/le-mi\/#breadcrumb","itemListElement":[{"@type":"ListItem","position":1,"name":"Accueil","item":"https:\/\/www.mesvendanges.com\/fr\/"},{"@type":"ListItem","position":2,"name":"LE MI"}]}]}},"_links":{"self":[{"href":"https:\/\/www.mesvendanges.com\/fr\/wp-json\/wp\/v2\/domains\/47196"}],"collection":[{"href":"https:\/\/www.mesvendanges.com\/fr\/wp-json\/wp\/v2\/domains"}],"about":[{"href":"https:\/\/www.mesvendanges.com\/fr\/wp-json\/wp\/v2\/types\/domains"}],"wp:attachment":[{"href":"https:\/\/www.mesvendanges.com\/fr\/wp-json\/wp\/v2\/media?parent=47196"}],"wp:term":[{"taxonomy":"domains_category","embeddable":true,"href":"https:\/\/www.mesvendanges.com\/fr\/wp-json\/wp\/v2\/domains_category?post=47196"}],"curies":[{"name":"wp","href":"https:\/\/api.w.org\/{rel}","templated":true}]}}

<p>Originaire de la Vallée du Rhône septentrional, Thomas Jacques vient s&#8217;installer en Haute-Loire il y a une petite dizaine d&#8217;années. Son rapport intense avec les paysages de vallons, de forêts, d&#8217;estives du Livradois-Forez le conduisent à l&#8217;apiculture, mais pas n&#8217;importe laquelle. C&#8217;est une apiculture issue d&#8217;une relation habitée avec les lieux, avec les colonies d&#8217;abeilles, avec les saisons. Une apiculture douce, non productiviste, qui prend le temps. Les miels que propose Thomas Jacques sont le reflet de ces lieux, de ces temporalités. Les parfums sont intenses, subtils, posés. Les textures riches, pleines de caractères. De grands miels !</p>

<!-- This site is optimized with the Yoast SEO plugin v19.3 - https://yoast.com/wordpress/plugins/seo/ -->
<title>LE MI - Mes Vendanges</title>
<meta name="robots" content="index, follow, max-snippet:-1, max-image-preview:large, max-video-preview:-1" />
<link rel="canonical" href="https://www.mesvendanges.com/fr/les-domaines/le-mi/" />
<meta property="og:locale" content="fr_FR" />
<meta property="og:type" content="article" />
<meta property="og:title" content="LE MI - Mes Vendanges" />
<meta property="og:description" content="Originaire de la Vallée du Rhône septentrional, Thomas Jacques vient s&#8217;installer en Haute-Loire il y a une petite dizaine d&#8217;années. Son rapport intense avec les paysages de vallons, de forêts, d&#8217;estives du Livradois-Forez le conduisent à l&#8217;apiculture, mais pas n&#8217;importe laquelle. C&#8217;est une apiculture issue d&#8217;une relation habitée avec les lieux, avec les colonies d&#8217;abeilles, [&hellip;]" />
<meta property="og:url" content="https://www.mesvendanges.com/fr/les-domaines/le-mi/" />
<meta property="og:site_name" content="Mes Vendanges" />
<meta property="article:modified_time" content="2022-08-29T14:18:50+00:00" />
<meta name="twitter:card" content="summary_large_image" />
<meta name="twitter:label1" content="Durée de lecture estimée" />
	<meta name="twitter:data1" content="1 minute" />
<script type="application/ld+json" class="yoast-schema-graph">{"@context":"https://schema.org","@graph":[{"@type":"Organization","@id":"https://www.mesvendanges.com/en/#organization","name":"Mes Vendanges","url":"https://www.mesvendanges.com/en/","sameAs":[],"logo":{"@type":"ImageObject","inLanguage":"fr-FR","@id":"https://www.mesvendanges.com/en/#/schema/logo/image/","url":"https://www.mesvendanges.com/wp-content/uploads/2022/02/logo-mesvendanges.jpg","contentUrl":"https://www.mesvendanges.com/wp-content/uploads/2022/02/logo-mesvendanges.jpg","width":851,"height":260,"caption":"Mes Vendanges"},"image":{"@id":"https://www.mesvendanges.com/en/#/schema/logo/image/"}},{"@type":"WebSite","@id":"https://www.mesvendanges.com/en/#website","url":"https://www.mesvendanges.com/en/","name":"Mes Vendanges","description":"Des journées entières dans les vignes","publisher":{"@id":"https://www.mesvendanges.com/en/#organization"},"potentialAction":[{"@type":"SearchAction","target":{"@type":"EntryPoint","urlTemplate":"https://www.mesvendanges.com/en/?s={search_term_string}"},"query-input":"required name=search_term_string"}],"inLanguage":"fr-FR"},{"@type":"WebPage","@id":"https://www.mesvendanges.com/fr/les-domaines/le-mi/","url":"https://www.mesvendanges.com/fr/les-domaines/le-mi/","name":"LE MI - Mes Vendanges","isPartOf":{"@id":"https://www.mesvendanges.com/en/#website"},"datePublished":"2022-08-02T15:19:23+00:00","dateModified":"2022-08-29T14:18:50+00:00","breadcrumb":{"@id":"https://www.mesvendanges.com/fr/les-domaines/le-mi/#breadcrumb"},"inLanguage":"fr-FR","potentialAction":[{"@type":"ReadAction","target":["https://www.mesvendanges.com/fr/les-domaines/le-mi/"]}]},{"@type":"BreadcrumbList","@id":"https://www.mesvendanges.com/fr/les-domaines/le-mi/#breadcrumb","itemListElement":[{"@type":"ListItem","position":1,"name":"Accueil","item":"https://www.mesvendanges.com/fr/"},{"@type":"ListItem","position":2,"name":"LE MI"}]}]}</script>
<!-- / Yoast SEO plugin. -->

Originaire de la Vallée du Rhône septentrional, Thomas Jacques vient s&#8217;installer en Haute-Loire il y a une petite dizaine d&#8217;années. Son rapport intense avec les paysages de vallons, de forêts, d&#8217;estives du Livradois-Forez le conduisent à l&#8217;apiculture, mais pas n&#8217;importe laquelle. C&#8217;est une apiculture issue d&#8217;une relation habitée avec les lieux, avec les colonies d&#8217;abeilles, [&hellip;]

Des journées entières dans les vignes
