{"id":31939,"date":"2022-08-02T11:13:33","date_gmt":"2022-08-02T09:13:33","guid":{"rendered":"https:\/\/www.mesvendanges.com\/shop\/non%20class\u00e9\/sydre-tendre\/"},"modified":"2025-07-07T17:42:21","modified_gmt":"2025-07-07T15:42:21","slug":"sydre-tendre-bordelet-dne-eric-nm-75cl","status":"publish","type":"product","link":"https:\/\/www.mesvendanges.com\/fr\/boutique\/vins\/sydre-tendre-bordelet-dne-eric-nm-75cl\/","title":{"rendered":"SYDRE TENDRE"},"content":{"rendered":"<p>Le cidre tendre (anciennement cidre doux) d&#8217;Eric Bordelet ne doit sa douceur qu&#8217;\u00e0 la maturit\u00e9 des pommes et \u00e0 son alcool faible (3\u00b0). Pas de manipulations technologique comme la cryoextraction, un cidre doux naturel, comme on devrait toujours en trouver, avec de vrais ar\u00f4mes de peau de pomme. Une petite merveille avec une galette des rois, des sabl\u00e9s aux beurre, ou encore une cr\u00eape beurre-sucre.<\/p>\n","protected":false},"excerpt":{"rendered":"<p>Le cidre tendre (anciennement cidre doux) d&#8217;Eric Bordelet ne doit sa douceur qu&#8217;\u00e0 la maturit\u00e9 des pommes et \u00e0 son alcool faible (3\u00b0). Pas de manipulations technologique comme la cryoextraction, un cidre doux naturel, comme on devrait toujours en trouver, avec de vrais ar\u00f4mes de peau de pomme. Une petite merveille avec une galette des [&hellip;]<\/p>\n","protected":false},"featured_media":7488,"template":"","meta":[],"product_cat":[3736],"product_tag":[],"acf":[],"yoast_head":"<!-- This site is optimized with the Yoast SEO plugin v19.3 - https:\/\/yoast.com\/wordpress\/plugins\/seo\/ -->\n<title>SYDRE TENDRE - Mes Vendanges<\/title>\n<meta name=\"robots\" content=\"index, follow, max-snippet:-1, max-image-preview:large, max-video-preview:-1\" \/>\n<link rel=\"canonical\" href=\"https:\/\/www.mesvendanges.com\/fr\/boutique\/vins\/sydre-tendre-bordelet-dne-eric-nm-75cl\/\" \/>\n<meta property=\"og:locale\" content=\"fr_FR\" \/>\n<meta property=\"og:type\" content=\"article\" \/>\n<meta property=\"og:title\" content=\"SYDRE TENDRE - Mes Vendanges\" \/>\n<meta property=\"og:description\" content=\"Le cidre tendre (anciennement cidre doux) d&#8217;Eric Bordelet ne doit sa douceur qu&#8217;\u00e0 la maturit\u00e9 des pommes et \u00e0 son alcool faible (3\u00b0). Pas de manipulations technologique comme la cryoextraction, un cidre doux naturel, comme on devrait toujours en trouver, avec de vrais ar\u00f4mes de peau de pomme. Une petite merveille avec une galette des [&hellip;]\" \/>\n<meta property=\"og:url\" content=\"https:\/\/www.mesvendanges.com\/fr\/boutique\/vins\/sydre-tendre-bordelet-dne-eric-nm-75cl\/\" \/>\n<meta property=\"og:site_name\" content=\"Mes Vendanges\" \/>\n<meta property=\"article:modified_time\" content=\"2025-07-07T15:42:21+00:00\" \/>\n<meta property=\"og:image\" content=\"https:\/\/www.mesvendanges.com\/wp-content\/uploads\/2022\/06\/eric-bordelet-sidre-cidre-tendre-png.png\" \/>\n\t<meta property=\"og:image:width\" content=\"445\" \/>\n\t<meta property=\"og:image:height\" content=\"1500\" \/>\n\t<meta property=\"og:image:type\" content=\"image\/png\" \/>\n<meta name=\"twitter:card\" content=\"summary_large_image\" \/>\n<script type=\"application\/ld+json\" class=\"yoast-schema-graph\">{\"@context\":\"https:\/\/schema.org\",\"@graph\":[{\"@type\":\"Organization\",\"@id\":\"https:\/\/www.mesvendanges.com\/en\/#organization\",\"name\":\"Mes Vendanges\",\"url\":\"https:\/\/www.mesvendanges.com\/en\/\",\"sameAs\":[],\"logo\":{\"@type\":\"ImageObject\",\"inLanguage\":\"fr-FR\",\"@id\":\"https:\/\/www.mesvendanges.com\/en\/#\/schema\/logo\/image\/\",\"url\":\"https:\/\/www.mesvendanges.com\/wp-content\/uploads\/2022\/02\/logo-mesvendanges.jpg\",\"contentUrl\":\"https:\/\/www.mesvendanges.com\/wp-content\/uploads\/2022\/02\/logo-mesvendanges.jpg\",\"width\":851,\"height\":260,\"caption\":\"Mes Vendanges\"},\"image\":{\"@id\":\"https:\/\/www.mesvendanges.com\/en\/#\/schema\/logo\/image\/\"}},{\"@type\":\"WebSite\",\"@id\":\"https:\/\/www.mesvendanges.com\/en\/#website\",\"url\":\"https:\/\/www.mesvendanges.com\/en\/\",\"name\":\"Mes Vendanges\",\"description\":\"Des journ\u00e9es enti\u00e8res dans les vignes\",\"publisher\":{\"@id\":\"https:\/\/www.mesvendanges.com\/en\/#organization\"},\"potentialAction\":[{\"@type\":\"SearchAction\",\"target\":{\"@type\":\"EntryPoint\",\"urlTemplate\":\"https:\/\/www.mesvendanges.com\/en\/?s={search_term_string}\"},\"query-input\":\"required name=search_term_string\"}],\"inLanguage\":\"fr-FR\"},{\"@type\":\"ImageObject\",\"inLanguage\":\"fr-FR\",\"@id\":\"https:\/\/www.mesvendanges.com\/fr\/boutique\/vins\/sydre-tendre-bordelet-dne-eric-nm-75cl\/#primaryimage\",\"url\":\"https:\/\/www.mesvendanges.com\/wp-content\/uploads\/2022\/06\/eric-bordelet-sidre-cidre-tendre-png.png\",\"contentUrl\":\"https:\/\/www.mesvendanges.com\/wp-content\/uploads\/2022\/06\/eric-bordelet-sidre-cidre-tendre-png.png\",\"width\":445,\"height\":1500},{\"@type\":\"WebPage\",\"@id\":\"https:\/\/www.mesvendanges.com\/fr\/boutique\/vins\/sydre-tendre-bordelet-dne-eric-nm-75cl\/\",\"url\":\"https:\/\/www.mesvendanges.com\/fr\/boutique\/vins\/sydre-tendre-bordelet-dne-eric-nm-75cl\/\",\"name\":\"SYDRE TENDRE - Mes Vendanges\",\"isPartOf\":{\"@id\":\"https:\/\/www.mesvendanges.com\/en\/#website\"},\"primaryImageOfPage\":{\"@id\":\"https:\/\/www.mesvendanges.com\/fr\/boutique\/vins\/sydre-tendre-bordelet-dne-eric-nm-75cl\/#primaryimage\"},\"datePublished\":\"2022-08-02T09:13:33+00:00\",\"dateModified\":\"2025-07-07T15:42:21+00:00\",\"breadcrumb\":{\"@id\":\"https:\/\/www.mesvendanges.com\/fr\/boutique\/vins\/sydre-tendre-bordelet-dne-eric-nm-75cl\/#breadcrumb\"},\"inLanguage\":\"fr-FR\",\"potentialAction\":[{\"@type\":\"ReadAction\",\"target\":[\"https:\/\/www.mesvendanges.com\/fr\/boutique\/vins\/sydre-tendre-bordelet-dne-eric-nm-75cl\/\"]}]},{\"@type\":\"BreadcrumbList\",\"@id\":\"https:\/\/www.mesvendanges.com\/fr\/boutique\/vins\/sydre-tendre-bordelet-dne-eric-nm-75cl\/#breadcrumb\",\"itemListElement\":[{\"@type\":\"ListItem\",\"position\":1,\"name\":\"Accueil\",\"item\":\"https:\/\/www.mesvendanges.com\/fr\/\"},{\"@type\":\"ListItem\",\"position\":2,\"name\":\"Boutique\",\"item\":\"https:\/\/www.mesvendanges.com\/fr\/boutique\/\"},{\"@type\":\"ListItem\",\"position\":3,\"name\":\"SYDRE TENDRE\"}]}]}<\/script>\n<!-- \/ Yoast SEO plugin. -->","yoast_head_json":{"title":"SYDRE TENDRE - Mes Vendanges","robots":{"index":"index","follow":"follow","max-snippet":"max-snippet:-1","max-image-preview":"max-image-preview:large","max-video-preview":"max-video-preview:-1"},"canonical":"https:\/\/www.mesvendanges.com\/fr\/boutique\/vins\/sydre-tendre-bordelet-dne-eric-nm-75cl\/","og_locale":"fr_FR","og_type":"article","og_title":"SYDRE TENDRE - Mes Vendanges","og_description":"Le cidre tendre (anciennement cidre doux) d&#8217;Eric Bordelet ne doit sa douceur qu&#8217;\u00e0 la maturit\u00e9 des pommes et \u00e0 son alcool faible (3\u00b0). Pas de manipulations technologique comme la cryoextraction, un cidre doux naturel, comme on devrait toujours en trouver, avec de vrais ar\u00f4mes de peau de pomme. Une petite merveille avec une galette des [&hellip;]","og_url":"https:\/\/www.mesvendanges.com\/fr\/boutique\/vins\/sydre-tendre-bordelet-dne-eric-nm-75cl\/","og_site_name":"Mes Vendanges","article_modified_time":"2025-07-07T15:42:21+00:00","og_image":[{"width":445,"height":1500,"url":"https:\/\/www.mesvendanges.com\/wp-content\/uploads\/2022\/06\/eric-bordelet-sidre-cidre-tendre-png.png","type":"image\/png"}],"twitter_card":"summary_large_image","schema":{"@context":"https:\/\/schema.org","@graph":[{"@type":"Organization","@id":"https:\/\/www.mesvendanges.com\/en\/#organization","name":"Mes Vendanges","url":"https:\/\/www.mesvendanges.com\/en\/","sameAs":[],"logo":{"@type":"ImageObject","inLanguage":"fr-FR","@id":"https:\/\/www.mesvendanges.com\/en\/#\/schema\/logo\/image\/","url":"https:\/\/www.mesvendanges.com\/wp-content\/uploads\/2022\/02\/logo-mesvendanges.jpg","contentUrl":"https:\/\/www.mesvendanges.com\/wp-content\/uploads\/2022\/02\/logo-mesvendanges.jpg","width":851,"height":260,"caption":"Mes Vendanges"},"image":{"@id":"https:\/\/www.mesvendanges.com\/en\/#\/schema\/logo\/image\/"}},{"@type":"WebSite","@id":"https:\/\/www.mesvendanges.com\/en\/#website","url":"https:\/\/www.mesvendanges.com\/en\/","name":"Mes Vendanges","description":"Des journ\u00e9es enti\u00e8res dans les vignes","publisher":{"@id":"https:\/\/www.mesvendanges.com\/en\/#organization"},"potentialAction":[{"@type":"SearchAction","target":{"@type":"EntryPoint","urlTemplate":"https:\/\/www.mesvendanges.com\/en\/?s={search_term_string}"},"query-input":"required name=search_term_string"}],"inLanguage":"fr-FR"},{"@type":"ImageObject","inLanguage":"fr-FR","@id":"https:\/\/www.mesvendanges.com\/fr\/boutique\/vins\/sydre-tendre-bordelet-dne-eric-nm-75cl\/#primaryimage","url":"https:\/\/www.mesvendanges.com\/wp-content\/uploads\/2022\/06\/eric-bordelet-sidre-cidre-tendre-png.png","contentUrl":"https:\/\/www.mesvendanges.com\/wp-content\/uploads\/2022\/06\/eric-bordelet-sidre-cidre-tendre-png.png","width":445,"height":1500},{"@type":"WebPage","@id":"https:\/\/www.mesvendanges.com\/fr\/boutique\/vins\/sydre-tendre-bordelet-dne-eric-nm-75cl\/","url":"https:\/\/www.mesvendanges.com\/fr\/boutique\/vins\/sydre-tendre-bordelet-dne-eric-nm-75cl\/","name":"SYDRE TENDRE - Mes Vendanges","isPartOf":{"@id":"https:\/\/www.mesvendanges.com\/en\/#website"},"primaryImageOfPage":{"@id":"https:\/\/www.mesvendanges.com\/fr\/boutique\/vins\/sydre-tendre-bordelet-dne-eric-nm-75cl\/#primaryimage"},"datePublished":"2022-08-02T09:13:33+00:00","dateModified":"2025-07-07T15:42:21+00:00","breadcrumb":{"@id":"https:\/\/www.mesvendanges.com\/fr\/boutique\/vins\/sydre-tendre-bordelet-dne-eric-nm-75cl\/#breadcrumb"},"inLanguage":"fr-FR","potentialAction":[{"@type":"ReadAction","target":["https:\/\/www.mesvendanges.com\/fr\/boutique\/vins\/sydre-tendre-bordelet-dne-eric-nm-75cl\/"]}]},{"@type":"BreadcrumbList","@id":"https:\/\/www.mesvendanges.com\/fr\/boutique\/vins\/sydre-tendre-bordelet-dne-eric-nm-75cl\/#breadcrumb","itemListElement":[{"@type":"ListItem","position":1,"name":"Accueil","item":"https:\/\/www.mesvendanges.com\/fr\/"},{"@type":"ListItem","position":2,"name":"Boutique","item":"https:\/\/www.mesvendanges.com\/fr\/boutique\/"},{"@type":"ListItem","position":3,"name":"SYDRE TENDRE"}]}]}},"_links":{"self":[{"href":"https:\/\/www.mesvendanges.com\/fr\/wp-json\/wp\/v2\/product\/31939"}],"collection":[{"href":"https:\/\/www.mesvendanges.com\/fr\/wp-json\/wp\/v2\/product"}],"about":[{"href":"https:\/\/www.mesvendanges.com\/fr\/wp-json\/wp\/v2\/types\/product"}],"wp:featuredmedia":[{"embeddable":true,"href":"https:\/\/www.mesvendanges.com\/fr\/wp-json\/wp\/v2\/media\/7488"}],"wp:attachment":[{"href":"https:\/\/www.mesvendanges.com\/fr\/wp-json\/wp\/v2\/media?parent=31939"}],"wp:term":[{"taxonomy":"product_cat","embeddable":true,"href":"https:\/\/www.mesvendanges.com\/fr\/wp-json\/wp\/v2\/product_cat?post=31939"},{"taxonomy":"product_tag","embeddable":true,"href":"https:\/\/www.mesvendanges.com\/fr\/wp-json\/wp\/v2\/product_tag?post=31939"}],"curies":[{"name":"wp","href":"https:\/\/api.w.org\/{rel}","templated":true}]}}

https://www.mesvendanges.com/shop/non%20classé/sydre-tendre/

<p>Le cidre tendre (anciennement cidre doux) d&#8217;Eric Bordelet ne doit sa douceur qu&#8217;à la maturité des pommes et à son alcool faible (3°). Pas de manipulations technologique comme la cryoextraction, un cidre doux naturel, comme on devrait toujours en trouver, avec de vrais arômes de peau de pomme. Une petite merveille avec une galette des rois, des sablés aux beurre, ou encore une crêpe beurre-sucre.</p>

<p>Le cidre tendre (anciennement cidre doux) d&#8217;Eric Bordelet ne doit sa douceur qu&#8217;à la maturité des pommes et à son alcool faible (3°). Pas de manipulations technologique comme la cryoextraction, un cidre doux naturel, comme on devrait toujours en trouver, avec de vrais arômes de peau de pomme. Une petite merveille avec une galette des [&hellip;]</p>

<!-- This site is optimized with the Yoast SEO plugin v19.3 - https://yoast.com/wordpress/plugins/seo/ -->
<title>SYDRE TENDRE - Mes Vendanges</title>
<meta name="robots" content="index, follow, max-snippet:-1, max-image-preview:large, max-video-preview:-1" />
<link rel="canonical" href="https://www.mesvendanges.com/fr/boutique/vins/sydre-tendre-bordelet-dne-eric-nm-75cl/" />
<meta property="og:locale" content="fr_FR" />
<meta property="og:type" content="article" />
<meta property="og:title" content="SYDRE TENDRE - Mes Vendanges" />
<meta property="og:description" content="Le cidre tendre (anciennement cidre doux) d&#8217;Eric Bordelet ne doit sa douceur qu&#8217;à la maturité des pommes et à son alcool faible (3°). Pas de manipulations technologique comme la cryoextraction, un cidre doux naturel, comme on devrait toujours en trouver, avec de vrais arômes de peau de pomme. Une petite merveille avec une galette des [&hellip;]" />
<meta property="og:url" content="https://www.mesvendanges.com/fr/boutique/vins/sydre-tendre-bordelet-dne-eric-nm-75cl/" />
<meta property="og:site_name" content="Mes Vendanges" />
<meta property="article:modified_time" content="2025-07-07T15:42:21+00:00" />
<meta property="og:image" content="https://www.mesvendanges.com/wp-content/uploads/2022/06/eric-bordelet-sidre-cidre-tendre-png.png" />
	<meta property="og:image:width" content="445" />
	<meta property="og:image:height" content="1500" />
	<meta property="og:image:type" content="image/png" />
<meta name="twitter:card" content="summary_large_image" />
<script type="application/ld+json" class="yoast-schema-graph">{"@context":"https://schema.org","@graph":[{"@type":"Organization","@id":"https://www.mesvendanges.com/en/#organization","name":"Mes Vendanges","url":"https://www.mesvendanges.com/en/","sameAs":[],"logo":{"@type":"ImageObject","inLanguage":"fr-FR","@id":"https://www.mesvendanges.com/en/#/schema/logo/image/","url":"https://www.mesvendanges.com/wp-content/uploads/2022/02/logo-mesvendanges.jpg","contentUrl":"https://www.mesvendanges.com/wp-content/uploads/2022/02/logo-mesvendanges.jpg","width":851,"height":260,"caption":"Mes Vendanges"},"image":{"@id":"https://www.mesvendanges.com/en/#/schema/logo/image/"}},{"@type":"WebSite","@id":"https://www.mesvendanges.com/en/#website","url":"https://www.mesvendanges.com/en/","name":"Mes Vendanges","description":"Des journées entières dans les vignes","publisher":{"@id":"https://www.mesvendanges.com/en/#organization"},"potentialAction":[{"@type":"SearchAction","target":{"@type":"EntryPoint","urlTemplate":"https://www.mesvendanges.com/en/?s={search_term_string}"},"query-input":"required name=search_term_string"}],"inLanguage":"fr-FR"},{"@type":"ImageObject","inLanguage":"fr-FR","@id":"https://www.mesvendanges.com/fr/boutique/vins/sydre-tendre-bordelet-dne-eric-nm-75cl/#primaryimage","url":"https://www.mesvendanges.com/wp-content/uploads/2022/06/eric-bordelet-sidre-cidre-tendre-png.png","contentUrl":"https://www.mesvendanges.com/wp-content/uploads/2022/06/eric-bordelet-sidre-cidre-tendre-png.png","width":445,"height":1500},{"@type":"WebPage","@id":"https://www.mesvendanges.com/fr/boutique/vins/sydre-tendre-bordelet-dne-eric-nm-75cl/","url":"https://www.mesvendanges.com/fr/boutique/vins/sydre-tendre-bordelet-dne-eric-nm-75cl/","name":"SYDRE TENDRE - Mes Vendanges","isPartOf":{"@id":"https://www.mesvendanges.com/en/#website"},"primaryImageOfPage":{"@id":"https://www.mesvendanges.com/fr/boutique/vins/sydre-tendre-bordelet-dne-eric-nm-75cl/#primaryimage"},"datePublished":"2022-08-02T09:13:33+00:00","dateModified":"2025-07-07T15:42:21+00:00","breadcrumb":{"@id":"https://www.mesvendanges.com/fr/boutique/vins/sydre-tendre-bordelet-dne-eric-nm-75cl/#breadcrumb"},"inLanguage":"fr-FR","potentialAction":[{"@type":"ReadAction","target":["https://www.mesvendanges.com/fr/boutique/vins/sydre-tendre-bordelet-dne-eric-nm-75cl/"]}]},{"@type":"BreadcrumbList","@id":"https://www.mesvendanges.com/fr/boutique/vins/sydre-tendre-bordelet-dne-eric-nm-75cl/#breadcrumb","itemListElement":[{"@type":"ListItem","position":1,"name":"Accueil","item":"https://www.mesvendanges.com/fr/"},{"@type":"ListItem","position":2,"name":"Boutique","item":"https://www.mesvendanges.com/fr/boutique/"},{"@type":"ListItem","position":3,"name":"SYDRE TENDRE"}]}]}</script>
<!-- / Yoast SEO plugin. -->

Le cidre tendre (anciennement cidre doux) d&#8217;Eric Bordelet ne doit sa douceur qu&#8217;à la maturité des pommes et à son alcool faible (3°). Pas de manipulations technologique comme la cryoextraction, un cidre doux naturel, comme on devrait toujours en trouver, avec de vrais arômes de peau de pomme. Une petite merveille avec une galette des [&hellip;]

Des journées entières dans les vignes
