{"id":35115,"date":"2022-08-02T12:27:06","date_gmt":"2022-08-02T10:27:06","guid":{"rendered":"https:\/\/www.mesvendanges.com\/shop\/non%20class\u00e9\/coteaux-dardenay-3\/"},"modified":"2023-12-05T08:58:51","modified_gmt":"2023-12-05T07:58:51","slug":"coteaux-dardenay-baudouin-dne-patrick-2010-75cl","status":"publish","type":"product","link":"https:\/\/www.mesvendanges.com\/fr\/boutique\/vins\/coteaux-dardenay-baudouin-dne-patrick-2010-75cl\/","title":{"rendered":"COTEAUX D&#8217;ARDENAY"},"content":{"rendered":"<p>Superbe r\u00e9ussite du domaine sur cet Anjou rouge d&#8217;une grande compl\u00e9tude. beaucoup de finesse au nez, et une bouche toute en volume avec une trame serr\u00e9e qui conduit le vin sur toute sa longeur. La finale est fraiche et salivante. Une bouteille qui affrontera les ann\u00e9es sans faiblir, et nous donnera surement autant de plaisir que Les Touches 1996 actuellement !<\/p>\n","protected":false},"excerpt":{"rendered":"<p>Superbe r\u00e9ussite du domaine sur cet Anjou rouge d&#8217;une grande compl\u00e9tude. beaucoup de finesse au nez, et une bouche toute en volume avec une trame serr\u00e9e qui conduit le vin sur toute sa longeur. La finale est fraiche et salivante. Une bouteille qui affrontera les ann\u00e9es sans faiblir, et nous donnera surement autant de plaisir [&hellip;]<\/p>\n","protected":false},"featured_media":0,"template":"","meta":[],"product_cat":[3736],"product_tag":[],"acf":[],"yoast_head":"<!-- This site is optimized with the Yoast SEO plugin v19.3 - https:\/\/yoast.com\/wordpress\/plugins\/seo\/ -->\n<title>COTEAUX D&#039;ARDENAY - Mes Vendanges<\/title>\n<meta name=\"robots\" content=\"index, follow, max-snippet:-1, max-image-preview:large, max-video-preview:-1\" \/>\n<link rel=\"canonical\" href=\"https:\/\/www.mesvendanges.com\/fr\/boutique\/vins\/coteaux-dardenay-baudouin-dne-patrick-2010-75cl\/\" \/>\n<meta property=\"og:locale\" content=\"fr_FR\" \/>\n<meta property=\"og:type\" content=\"article\" \/>\n<meta property=\"og:title\" content=\"COTEAUX D&#039;ARDENAY - Mes Vendanges\" \/>\n<meta property=\"og:description\" content=\"Superbe r\u00e9ussite du domaine sur cet Anjou rouge d&#8217;une grande compl\u00e9tude. beaucoup de finesse au nez, et une bouche toute en volume avec une trame serr\u00e9e qui conduit le vin sur toute sa longeur. La finale est fraiche et salivante. Une bouteille qui affrontera les ann\u00e9es sans faiblir, et nous donnera surement autant de plaisir [&hellip;]\" \/>\n<meta property=\"og:url\" content=\"https:\/\/www.mesvendanges.com\/fr\/boutique\/vins\/coteaux-dardenay-baudouin-dne-patrick-2010-75cl\/\" \/>\n<meta property=\"og:site_name\" content=\"Mes Vendanges\" \/>\n<meta property=\"article:modified_time\" content=\"2023-12-05T07:58:51+00:00\" \/>\n<meta name=\"twitter:card\" content=\"summary_large_image\" \/>\n<script type=\"application\/ld+json\" class=\"yoast-schema-graph\">{\"@context\":\"https:\/\/schema.org\",\"@graph\":[{\"@type\":\"Organization\",\"@id\":\"https:\/\/www.mesvendanges.com\/en\/#organization\",\"name\":\"Mes Vendanges\",\"url\":\"https:\/\/www.mesvendanges.com\/en\/\",\"sameAs\":[],\"logo\":{\"@type\":\"ImageObject\",\"inLanguage\":\"fr-FR\",\"@id\":\"https:\/\/www.mesvendanges.com\/en\/#\/schema\/logo\/image\/\",\"url\":\"https:\/\/www.mesvendanges.com\/wp-content\/uploads\/2022\/02\/logo-mesvendanges.jpg\",\"contentUrl\":\"https:\/\/www.mesvendanges.com\/wp-content\/uploads\/2022\/02\/logo-mesvendanges.jpg\",\"width\":851,\"height\":260,\"caption\":\"Mes Vendanges\"},\"image\":{\"@id\":\"https:\/\/www.mesvendanges.com\/en\/#\/schema\/logo\/image\/\"}},{\"@type\":\"WebSite\",\"@id\":\"https:\/\/www.mesvendanges.com\/en\/#website\",\"url\":\"https:\/\/www.mesvendanges.com\/en\/\",\"name\":\"Mes Vendanges\",\"description\":\"Des journ\u00e9es enti\u00e8res dans les vignes\",\"publisher\":{\"@id\":\"https:\/\/www.mesvendanges.com\/en\/#organization\"},\"potentialAction\":[{\"@type\":\"SearchAction\",\"target\":{\"@type\":\"EntryPoint\",\"urlTemplate\":\"https:\/\/www.mesvendanges.com\/en\/?s={search_term_string}\"},\"query-input\":\"required name=search_term_string\"}],\"inLanguage\":\"fr-FR\"},{\"@type\":\"WebPage\",\"@id\":\"https:\/\/www.mesvendanges.com\/fr\/boutique\/vins\/coteaux-dardenay-baudouin-dne-patrick-2010-75cl\/\",\"url\":\"https:\/\/www.mesvendanges.com\/fr\/boutique\/vins\/coteaux-dardenay-baudouin-dne-patrick-2010-75cl\/\",\"name\":\"COTEAUX D'ARDENAY - Mes Vendanges\",\"isPartOf\":{\"@id\":\"https:\/\/www.mesvendanges.com\/en\/#website\"},\"datePublished\":\"2022-08-02T10:27:06+00:00\",\"dateModified\":\"2023-12-05T07:58:51+00:00\",\"breadcrumb\":{\"@id\":\"https:\/\/www.mesvendanges.com\/fr\/boutique\/vins\/coteaux-dardenay-baudouin-dne-patrick-2010-75cl\/#breadcrumb\"},\"inLanguage\":\"fr-FR\",\"potentialAction\":[{\"@type\":\"ReadAction\",\"target\":[\"https:\/\/www.mesvendanges.com\/fr\/boutique\/vins\/coteaux-dardenay-baudouin-dne-patrick-2010-75cl\/\"]}]},{\"@type\":\"BreadcrumbList\",\"@id\":\"https:\/\/www.mesvendanges.com\/fr\/boutique\/vins\/coteaux-dardenay-baudouin-dne-patrick-2010-75cl\/#breadcrumb\",\"itemListElement\":[{\"@type\":\"ListItem\",\"position\":1,\"name\":\"Accueil\",\"item\":\"https:\/\/www.mesvendanges.com\/fr\/\"},{\"@type\":\"ListItem\",\"position\":2,\"name\":\"Boutique\",\"item\":\"https:\/\/www.mesvendanges.com\/fr\/boutique\/\"},{\"@type\":\"ListItem\",\"position\":3,\"name\":\"COTEAUX D&#8217;ARDENAY\"}]}]}<\/script>\n<!-- \/ Yoast SEO plugin. -->","yoast_head_json":{"title":"COTEAUX D'ARDENAY - Mes Vendanges","robots":{"index":"index","follow":"follow","max-snippet":"max-snippet:-1","max-image-preview":"max-image-preview:large","max-video-preview":"max-video-preview:-1"},"canonical":"https:\/\/www.mesvendanges.com\/fr\/boutique\/vins\/coteaux-dardenay-baudouin-dne-patrick-2010-75cl\/","og_locale":"fr_FR","og_type":"article","og_title":"COTEAUX D'ARDENAY - Mes Vendanges","og_description":"Superbe r\u00e9ussite du domaine sur cet Anjou rouge d&#8217;une grande compl\u00e9tude. beaucoup de finesse au nez, et une bouche toute en volume avec une trame serr\u00e9e qui conduit le vin sur toute sa longeur. La finale est fraiche et salivante. Une bouteille qui affrontera les ann\u00e9es sans faiblir, et nous donnera surement autant de plaisir [&hellip;]","og_url":"https:\/\/www.mesvendanges.com\/fr\/boutique\/vins\/coteaux-dardenay-baudouin-dne-patrick-2010-75cl\/","og_site_name":"Mes Vendanges","article_modified_time":"2023-12-05T07:58:51+00:00","twitter_card":"summary_large_image","schema":{"@context":"https:\/\/schema.org","@graph":[{"@type":"Organization","@id":"https:\/\/www.mesvendanges.com\/en\/#organization","name":"Mes Vendanges","url":"https:\/\/www.mesvendanges.com\/en\/","sameAs":[],"logo":{"@type":"ImageObject","inLanguage":"fr-FR","@id":"https:\/\/www.mesvendanges.com\/en\/#\/schema\/logo\/image\/","url":"https:\/\/www.mesvendanges.com\/wp-content\/uploads\/2022\/02\/logo-mesvendanges.jpg","contentUrl":"https:\/\/www.mesvendanges.com\/wp-content\/uploads\/2022\/02\/logo-mesvendanges.jpg","width":851,"height":260,"caption":"Mes Vendanges"},"image":{"@id":"https:\/\/www.mesvendanges.com\/en\/#\/schema\/logo\/image\/"}},{"@type":"WebSite","@id":"https:\/\/www.mesvendanges.com\/en\/#website","url":"https:\/\/www.mesvendanges.com\/en\/","name":"Mes Vendanges","description":"Des journ\u00e9es enti\u00e8res dans les vignes","publisher":{"@id":"https:\/\/www.mesvendanges.com\/en\/#organization"},"potentialAction":[{"@type":"SearchAction","target":{"@type":"EntryPoint","urlTemplate":"https:\/\/www.mesvendanges.com\/en\/?s={search_term_string}"},"query-input":"required name=search_term_string"}],"inLanguage":"fr-FR"},{"@type":"WebPage","@id":"https:\/\/www.mesvendanges.com\/fr\/boutique\/vins\/coteaux-dardenay-baudouin-dne-patrick-2010-75cl\/","url":"https:\/\/www.mesvendanges.com\/fr\/boutique\/vins\/coteaux-dardenay-baudouin-dne-patrick-2010-75cl\/","name":"COTEAUX D'ARDENAY - Mes Vendanges","isPartOf":{"@id":"https:\/\/www.mesvendanges.com\/en\/#website"},"datePublished":"2022-08-02T10:27:06+00:00","dateModified":"2023-12-05T07:58:51+00:00","breadcrumb":{"@id":"https:\/\/www.mesvendanges.com\/fr\/boutique\/vins\/coteaux-dardenay-baudouin-dne-patrick-2010-75cl\/#breadcrumb"},"inLanguage":"fr-FR","potentialAction":[{"@type":"ReadAction","target":["https:\/\/www.mesvendanges.com\/fr\/boutique\/vins\/coteaux-dardenay-baudouin-dne-patrick-2010-75cl\/"]}]},{"@type":"BreadcrumbList","@id":"https:\/\/www.mesvendanges.com\/fr\/boutique\/vins\/coteaux-dardenay-baudouin-dne-patrick-2010-75cl\/#breadcrumb","itemListElement":[{"@type":"ListItem","position":1,"name":"Accueil","item":"https:\/\/www.mesvendanges.com\/fr\/"},{"@type":"ListItem","position":2,"name":"Boutique","item":"https:\/\/www.mesvendanges.com\/fr\/boutique\/"},{"@type":"ListItem","position":3,"name":"COTEAUX D&#8217;ARDENAY"}]}]}},"_links":{"self":[{"href":"https:\/\/www.mesvendanges.com\/fr\/wp-json\/wp\/v2\/product\/35115"}],"collection":[{"href":"https:\/\/www.mesvendanges.com\/fr\/wp-json\/wp\/v2\/product"}],"about":[{"href":"https:\/\/www.mesvendanges.com\/fr\/wp-json\/wp\/v2\/types\/product"}],"wp:attachment":[{"href":"https:\/\/www.mesvendanges.com\/fr\/wp-json\/wp\/v2\/media?parent=35115"}],"wp:term":[{"taxonomy":"product_cat","embeddable":true,"href":"https:\/\/www.mesvendanges.com\/fr\/wp-json\/wp\/v2\/product_cat?post=35115"},{"taxonomy":"product_tag","embeddable":true,"href":"https:\/\/www.mesvendanges.com\/fr\/wp-json\/wp\/v2\/product_tag?post=35115"}],"curies":[{"name":"wp","href":"https:\/\/api.w.org\/{rel}","templated":true}]}}

https://www.mesvendanges.com/shop/non%20classé/coteaux-dardenay-3/

<p>Superbe réussite du domaine sur cet Anjou rouge d&#8217;une grande complétude. beaucoup de finesse au nez, et une bouche toute en volume avec une trame serrée qui conduit le vin sur toute sa longeur. La finale est fraiche et salivante. Une bouteille qui affrontera les années sans faiblir, et nous donnera surement autant de plaisir que Les Touches 1996 actuellement !</p>

<p>Superbe réussite du domaine sur cet Anjou rouge d&#8217;une grande complétude. beaucoup de finesse au nez, et une bouche toute en volume avec une trame serrée qui conduit le vin sur toute sa longeur. La finale est fraiche et salivante. Une bouteille qui affrontera les années sans faiblir, et nous donnera surement autant de plaisir [&hellip;]</p>

<!-- This site is optimized with the Yoast SEO plugin v19.3 - https://yoast.com/wordpress/plugins/seo/ -->
<title>COTEAUX D&#039;ARDENAY - Mes Vendanges</title>
<meta name="robots" content="index, follow, max-snippet:-1, max-image-preview:large, max-video-preview:-1" />
<link rel="canonical" href="https://www.mesvendanges.com/fr/boutique/vins/coteaux-dardenay-baudouin-dne-patrick-2010-75cl/" />
<meta property="og:locale" content="fr_FR" />
<meta property="og:type" content="article" />
<meta property="og:title" content="COTEAUX D&#039;ARDENAY - Mes Vendanges" />
<meta property="og:description" content="Superbe réussite du domaine sur cet Anjou rouge d&#8217;une grande complétude. beaucoup de finesse au nez, et une bouche toute en volume avec une trame serrée qui conduit le vin sur toute sa longeur. La finale est fraiche et salivante. Une bouteille qui affrontera les années sans faiblir, et nous donnera surement autant de plaisir [&hellip;]" />
<meta property="og:url" content="https://www.mesvendanges.com/fr/boutique/vins/coteaux-dardenay-baudouin-dne-patrick-2010-75cl/" />
<meta property="og:site_name" content="Mes Vendanges" />
<meta property="article:modified_time" content="2023-12-05T07:58:51+00:00" />
<meta name="twitter:card" content="summary_large_image" />
<script type="application/ld+json" class="yoast-schema-graph">{"@context":"https://schema.org","@graph":[{"@type":"Organization","@id":"https://www.mesvendanges.com/en/#organization","name":"Mes Vendanges","url":"https://www.mesvendanges.com/en/","sameAs":[],"logo":{"@type":"ImageObject","inLanguage":"fr-FR","@id":"https://www.mesvendanges.com/en/#/schema/logo/image/","url":"https://www.mesvendanges.com/wp-content/uploads/2022/02/logo-mesvendanges.jpg","contentUrl":"https://www.mesvendanges.com/wp-content/uploads/2022/02/logo-mesvendanges.jpg","width":851,"height":260,"caption":"Mes Vendanges"},"image":{"@id":"https://www.mesvendanges.com/en/#/schema/logo/image/"}},{"@type":"WebSite","@id":"https://www.mesvendanges.com/en/#website","url":"https://www.mesvendanges.com/en/","name":"Mes Vendanges","description":"Des journées entières dans les vignes","publisher":{"@id":"https://www.mesvendanges.com/en/#organization"},"potentialAction":[{"@type":"SearchAction","target":{"@type":"EntryPoint","urlTemplate":"https://www.mesvendanges.com/en/?s={search_term_string}"},"query-input":"required name=search_term_string"}],"inLanguage":"fr-FR"},{"@type":"WebPage","@id":"https://www.mesvendanges.com/fr/boutique/vins/coteaux-dardenay-baudouin-dne-patrick-2010-75cl/","url":"https://www.mesvendanges.com/fr/boutique/vins/coteaux-dardenay-baudouin-dne-patrick-2010-75cl/","name":"COTEAUX D'ARDENAY - Mes Vendanges","isPartOf":{"@id":"https://www.mesvendanges.com/en/#website"},"datePublished":"2022-08-02T10:27:06+00:00","dateModified":"2023-12-05T07:58:51+00:00","breadcrumb":{"@id":"https://www.mesvendanges.com/fr/boutique/vins/coteaux-dardenay-baudouin-dne-patrick-2010-75cl/#breadcrumb"},"inLanguage":"fr-FR","potentialAction":[{"@type":"ReadAction","target":["https://www.mesvendanges.com/fr/boutique/vins/coteaux-dardenay-baudouin-dne-patrick-2010-75cl/"]}]},{"@type":"BreadcrumbList","@id":"https://www.mesvendanges.com/fr/boutique/vins/coteaux-dardenay-baudouin-dne-patrick-2010-75cl/#breadcrumb","itemListElement":[{"@type":"ListItem","position":1,"name":"Accueil","item":"https://www.mesvendanges.com/fr/"},{"@type":"ListItem","position":2,"name":"Boutique","item":"https://www.mesvendanges.com/fr/boutique/"},{"@type":"ListItem","position":3,"name":"COTEAUX D&#8217;ARDENAY"}]}]}</script>
<!-- / Yoast SEO plugin. -->

Superbe réussite du domaine sur cet Anjou rouge d&#8217;une grande complétude. beaucoup de finesse au nez, et une bouche toute en volume avec une trame serrée qui conduit le vin sur toute sa longeur. La finale est fraiche et salivante. Une bouteille qui affrontera les années sans faiblir, et nous donnera surement autant de plaisir [&hellip;]

Des journées entières dans les vignes
