{"id":35427,"date":"2022-08-02T12:35:03","date_gmt":"2022-08-02T10:35:03","guid":{"rendered":"https:\/\/www.mesvendanges.com\/shop\/non%20class\u00e9\/dessus-de-la-carriere-2\/"},"modified":"2023-12-06T03:47:10","modified_gmt":"2023-12-06T02:47:10","slug":"dessus-de-la-carriere-picq-dne-gilbert-2010-75cl","status":"publish","type":"product","link":"https:\/\/www.mesvendanges.com\/fr\/boutique\/vins\/dessus-de-la-carriere-picq-dne-gilbert-2010-75cl\/","title":{"rendered":"DESSUS DE LA CARRIERE"},"content":{"rendered":"<p>Voici une petite merveille. Le Dessus de la Carri\u00e8re donne un vin \u00e0 la forte min\u00e9ralit\u00e9, soulign\u00e9e par le style \u00e9pur\u00e9 et tendu de Didier Picq, un GRAND chablis village.<\/p>\n<div><\/div>\n<div>commentaire Bettane &amp; Desseauve :<\/div>\n<div><span class=\"bd-vintage-text\" style=\"display: inline-block; width: 500px; border-right-style: solid; border-right-width: 1px; border-right-color: rgb(227, 186, 226); padding: 5px; vertical-align: top; color: rgb(43, 43, 33); font-family: 'Lucida Grande', 'Lucida Sans Unicode', Arial, Helvetica, sans-serif; font-weight: bold;\">Quelle tension min\u00e9rale ! Du jus de caillou. \u00c0 la fois solaire et tendu, \u00e7a vieillira \u00e0 la perfection 15 ans et plus !<\/span><span style=\"color: rgb(43, 43, 33); font-family: 'Lucida Grande', 'Lucida Sans Unicode', Arial, Helvetica, sans-serif; font-weight: bold; background-color: rgb(227, 186, 226);\"><\/span><span class=\"bd-vintage-detail\" style=\"display: inline-block; vertical-align: top; padding: 5px; color: rgb(43, 43, 33); font-family: 'Lucida Grande', 'Lucida Sans Unicode', Arial, Helvetica, sans-serif; font-weight: bold;\">Note: 16.0&nbsp;<br \/>Apog\u00e9e: de 2015 \u00e0 2025<\/span><\/div>\n","protected":false},"excerpt":{"rendered":"<p>Voici une petite merveille. Le Dessus de la Carri\u00e8re donne un vin \u00e0 la forte min\u00e9ralit\u00e9, soulign\u00e9e par le style \u00e9pur\u00e9 et tendu de Didier Picq, un GRAND chablis village. commentaire Bettane &amp; Desseauve : Quelle tension min\u00e9rale ! Du jus de caillou. \u00c0 la fois solaire et tendu, \u00e7a vieillira \u00e0 la perfection 15 [&hellip;]<\/p>\n","protected":false},"featured_media":0,"template":"","meta":{"_acf_changed":false},"product_brand":[],"product_cat":[3736],"product_tag":[],"class_list":["post-35427","product","type-product","status-publish","product_cat-vins","first","outofstock","taxable","shipping-taxable","purchasable","product-type-simple"],"acf":[],"yoast_head":"<!-- This site is optimized with the Yoast SEO plugin v28.2 - https:\/\/yoast.com\/product\/yoast-seo-wordpress\/ -->\n<title>DESSUS DE LA CARRIERE - Mes Vendanges<\/title>\n<meta name=\"robots\" content=\"index, follow, max-snippet:-1, max-image-preview:large, max-video-preview:-1\" \/>\n<link rel=\"canonical\" href=\"https:\/\/www.mesvendanges.com\/fr\/boutique\/vins\/dessus-de-la-carriere-picq-dne-gilbert-2010-75cl\/\" \/>\n<meta property=\"og:locale\" content=\"fr_FR\" \/>\n<meta property=\"og:type\" content=\"article\" \/>\n<meta property=\"og:title\" content=\"DESSUS DE LA CARRIERE - Mes Vendanges\" \/>\n<meta property=\"og:description\" content=\"Voici une petite merveille. Le Dessus de la Carri\u00e8re donne un vin \u00e0 la forte min\u00e9ralit\u00e9, soulign\u00e9e par le style \u00e9pur\u00e9 et tendu de Didier Picq, un GRAND chablis village. commentaire Bettane &amp; Desseauve : Quelle tension min\u00e9rale ! Du jus de caillou. \u00c0 la fois solaire et tendu, \u00e7a vieillira \u00e0 la perfection 15 [&hellip;]\" \/>\n<meta property=\"og:url\" content=\"https:\/\/www.mesvendanges.com\/fr\/boutique\/vins\/dessus-de-la-carriere-picq-dne-gilbert-2010-75cl\/\" \/>\n<meta property=\"og:site_name\" content=\"Mes Vendanges\" \/>\n<meta property=\"article:modified_time\" content=\"2023-12-06T02:47:10+00:00\" \/>\n<meta name=\"twitter:card\" content=\"summary_large_image\" \/>\n<script type=\"application\/ld+json\" class=\"yoast-schema-graph\">{\"@context\":\"https:\\\/\\\/schema.org\",\"@graph\":[{\"@type\":\"WebPage\",\"@id\":\"https:\\\/\\\/www.mesvendanges.com\\\/fr\\\/boutique\\\/vins\\\/dessus-de-la-carriere-picq-dne-gilbert-2010-75cl\\\/\",\"url\":\"https:\\\/\\\/www.mesvendanges.com\\\/fr\\\/boutique\\\/vins\\\/dessus-de-la-carriere-picq-dne-gilbert-2010-75cl\\\/\",\"name\":\"DESSUS DE LA CARRIERE - Mes Vendanges\",\"isPartOf\":{\"@id\":\"https:\\\/\\\/www.mesvendanges.com\\\/en\\\/#website\"},\"datePublished\":\"2022-08-02T10:35:03+00:00\",\"dateModified\":\"2023-12-06T02:47:10+00:00\",\"breadcrumb\":{\"@id\":\"https:\\\/\\\/www.mesvendanges.com\\\/fr\\\/boutique\\\/vins\\\/dessus-de-la-carriere-picq-dne-gilbert-2010-75cl\\\/#breadcrumb\"},\"inLanguage\":\"fr-FR\",\"potentialAction\":[{\"@type\":\"ReadAction\",\"target\":[\"https:\\\/\\\/www.mesvendanges.com\\\/fr\\\/boutique\\\/vins\\\/dessus-de-la-carriere-picq-dne-gilbert-2010-75cl\\\/\"]}]},{\"@type\":\"BreadcrumbList\",\"@id\":\"https:\\\/\\\/www.mesvendanges.com\\\/fr\\\/boutique\\\/vins\\\/dessus-de-la-carriere-picq-dne-gilbert-2010-75cl\\\/#breadcrumb\",\"itemListElement\":[{\"@type\":\"ListItem\",\"position\":1,\"name\":\"Accueil\",\"item\":\"https:\\\/\\\/www.mesvendanges.com\\\/fr\\\/\"},{\"@type\":\"ListItem\",\"position\":2,\"name\":\"Boutique\",\"item\":\"https:\\\/\\\/www.mesvendanges.com\\\/fr\\\/boutique\\\/\"},{\"@type\":\"ListItem\",\"position\":3,\"name\":\"DESSUS DE LA CARRIERE\"}]},{\"@type\":\"WebSite\",\"@id\":\"https:\\\/\\\/www.mesvendanges.com\\\/en\\\/#website\",\"url\":\"https:\\\/\\\/www.mesvendanges.com\\\/en\\\/\",\"name\":\"Mes Vendanges\",\"description\":\"Des journ\u00e9es enti\u00e8res dans les vignes\",\"publisher\":{\"@id\":\"https:\\\/\\\/www.mesvendanges.com\\\/en\\\/#organization\"},\"potentialAction\":[{\"@type\":\"SearchAction\",\"target\":{\"@type\":\"EntryPoint\",\"urlTemplate\":\"https:\\\/\\\/www.mesvendanges.com\\\/en\\\/?s={search_term_string}\"},\"query-input\":{\"@type\":\"PropertyValueSpecification\",\"valueRequired\":true,\"valueName\":\"search_term_string\"}}],\"inLanguage\":\"fr-FR\"},{\"@type\":\"Organization\",\"@id\":\"https:\\\/\\\/www.mesvendanges.com\\\/en\\\/#organization\",\"name\":\"Mes Vendanges\",\"url\":\"https:\\\/\\\/www.mesvendanges.com\\\/en\\\/\",\"logo\":{\"@type\":\"ImageObject\",\"inLanguage\":\"fr-FR\",\"@id\":\"https:\\\/\\\/www.mesvendanges.com\\\/en\\\/#\\\/schema\\\/logo\\\/image\\\/\",\"url\":\"https:\\\/\\\/www.mesvendanges.com\\\/wp-content\\\/uploads\\\/2022\\\/02\\\/logo-mesvendanges.jpg\",\"contentUrl\":\"https:\\\/\\\/www.mesvendanges.com\\\/wp-content\\\/uploads\\\/2022\\\/02\\\/logo-mesvendanges.jpg\",\"width\":851,\"height\":260,\"caption\":\"Mes Vendanges\"},\"image\":{\"@id\":\"https:\\\/\\\/www.mesvendanges.com\\\/en\\\/#\\\/schema\\\/logo\\\/image\\\/\"}}]}<\/script>\n<!-- \/ Yoast SEO plugin. -->","yoast_head_json":{"title":"DESSUS DE LA CARRIERE - Mes Vendanges","robots":{"index":"index","follow":"follow","max-snippet":"max-snippet:-1","max-image-preview":"max-image-preview:large","max-video-preview":"max-video-preview:-1"},"canonical":"https:\/\/www.mesvendanges.com\/fr\/boutique\/vins\/dessus-de-la-carriere-picq-dne-gilbert-2010-75cl\/","og_locale":"fr_FR","og_type":"article","og_title":"DESSUS DE LA CARRIERE - Mes Vendanges","og_description":"Voici une petite merveille. Le Dessus de la Carri\u00e8re donne un vin \u00e0 la forte min\u00e9ralit\u00e9, soulign\u00e9e par le style \u00e9pur\u00e9 et tendu de Didier Picq, un GRAND chablis village. commentaire Bettane &amp; Desseauve : Quelle tension min\u00e9rale ! Du jus de caillou. \u00c0 la fois solaire et tendu, \u00e7a vieillira \u00e0 la perfection 15 [&hellip;]","og_url":"https:\/\/www.mesvendanges.com\/fr\/boutique\/vins\/dessus-de-la-carriere-picq-dne-gilbert-2010-75cl\/","og_site_name":"Mes Vendanges","article_modified_time":"2023-12-06T02:47:10+00:00","twitter_card":"summary_large_image","schema":{"@context":"https:\/\/schema.org","@graph":[{"@type":"WebPage","@id":"https:\/\/www.mesvendanges.com\/fr\/boutique\/vins\/dessus-de-la-carriere-picq-dne-gilbert-2010-75cl\/","url":"https:\/\/www.mesvendanges.com\/fr\/boutique\/vins\/dessus-de-la-carriere-picq-dne-gilbert-2010-75cl\/","name":"DESSUS DE LA CARRIERE - Mes Vendanges","isPartOf":{"@id":"https:\/\/www.mesvendanges.com\/en\/#website"},"datePublished":"2022-08-02T10:35:03+00:00","dateModified":"2023-12-06T02:47:10+00:00","breadcrumb":{"@id":"https:\/\/www.mesvendanges.com\/fr\/boutique\/vins\/dessus-de-la-carriere-picq-dne-gilbert-2010-75cl\/#breadcrumb"},"inLanguage":"fr-FR","potentialAction":[{"@type":"ReadAction","target":["https:\/\/www.mesvendanges.com\/fr\/boutique\/vins\/dessus-de-la-carriere-picq-dne-gilbert-2010-75cl\/"]}]},{"@type":"BreadcrumbList","@id":"https:\/\/www.mesvendanges.com\/fr\/boutique\/vins\/dessus-de-la-carriere-picq-dne-gilbert-2010-75cl\/#breadcrumb","itemListElement":[{"@type":"ListItem","position":1,"name":"Accueil","item":"https:\/\/www.mesvendanges.com\/fr\/"},{"@type":"ListItem","position":2,"name":"Boutique","item":"https:\/\/www.mesvendanges.com\/fr\/boutique\/"},{"@type":"ListItem","position":3,"name":"DESSUS DE LA CARRIERE"}]},{"@type":"WebSite","@id":"https:\/\/www.mesvendanges.com\/en\/#website","url":"https:\/\/www.mesvendanges.com\/en\/","name":"Mes Vendanges","description":"Des journ\u00e9es enti\u00e8res dans les vignes","publisher":{"@id":"https:\/\/www.mesvendanges.com\/en\/#organization"},"potentialAction":[{"@type":"SearchAction","target":{"@type":"EntryPoint","urlTemplate":"https:\/\/www.mesvendanges.com\/en\/?s={search_term_string}"},"query-input":{"@type":"PropertyValueSpecification","valueRequired":true,"valueName":"search_term_string"}}],"inLanguage":"fr-FR"},{"@type":"Organization","@id":"https:\/\/www.mesvendanges.com\/en\/#organization","name":"Mes Vendanges","url":"https:\/\/www.mesvendanges.com\/en\/","logo":{"@type":"ImageObject","inLanguage":"fr-FR","@id":"https:\/\/www.mesvendanges.com\/en\/#\/schema\/logo\/image\/","url":"https:\/\/www.mesvendanges.com\/wp-content\/uploads\/2022\/02\/logo-mesvendanges.jpg","contentUrl":"https:\/\/www.mesvendanges.com\/wp-content\/uploads\/2022\/02\/logo-mesvendanges.jpg","width":851,"height":260,"caption":"Mes Vendanges"},"image":{"@id":"https:\/\/www.mesvendanges.com\/en\/#\/schema\/logo\/image\/"}}]}},"_links":{"self":[{"href":"https:\/\/www.mesvendanges.com\/fr\/wp-json\/wp\/v2\/product\/35427","targetHints":{"allow":["GET"]}}],"collection":[{"href":"https:\/\/www.mesvendanges.com\/fr\/wp-json\/wp\/v2\/product"}],"about":[{"href":"https:\/\/www.mesvendanges.com\/fr\/wp-json\/wp\/v2\/types\/product"}],"wp:attachment":[{"href":"https:\/\/www.mesvendanges.com\/fr\/wp-json\/wp\/v2\/media?parent=35427"}],"wp:term":[{"taxonomy":"product_brand","embeddable":true,"href":"https:\/\/www.mesvendanges.com\/fr\/wp-json\/wp\/v2\/product_brand?post=35427"},{"taxonomy":"product_cat","embeddable":true,"href":"https:\/\/www.mesvendanges.com\/fr\/wp-json\/wp\/v2\/product_cat?post=35427"},{"taxonomy":"product_tag","embeddable":true,"href":"https:\/\/www.mesvendanges.com\/fr\/wp-json\/wp\/v2\/product_tag?post=35427"}],"curies":[{"name":"wp","href":"https:\/\/api.w.org\/{rel}","templated":true}]}}

https://www.mesvendanges.com/shop/non%20classé/dessus-de-la-carriere-2/

<p>Voici une petite merveille. Le Dessus de la Carrière donne un vin à la forte minéralité, soulignée par le style épuré et tendu de Didier Picq, un GRAND chablis village.</p>
<div></div>
<div>commentaire Bettane &amp; Desseauve :</div>
<div><span class="bd-vintage-text" style="display: inline-block; width: 500px; border-right-style: solid; border-right-width: 1px; border-right-color: rgb(227, 186, 226); padding: 5px; vertical-align: top; color: rgb(43, 43, 33); font-family: 'Lucida Grande', 'Lucida Sans Unicode', Arial, Helvetica, sans-serif; font-weight: bold;">Quelle tension minérale ! Du jus de caillou. À la fois solaire et tendu, ça vieillira à la perfection 15 ans et plus !</span><span style="color: rgb(43, 43, 33); font-family: 'Lucida Grande', 'Lucida Sans Unicode', Arial, Helvetica, sans-serif; font-weight: bold; background-color: rgb(227, 186, 226);"></span><span class="bd-vintage-detail" style="display: inline-block; vertical-align: top; padding: 5px; color: rgb(43, 43, 33); font-family: 'Lucida Grande', 'Lucida Sans Unicode', Arial, Helvetica, sans-serif; font-weight: bold;">Note: 16.0&nbsp;<br />Apogée: de 2015 à 2025</span></div>

<p>Voici une petite merveille. Le Dessus de la Carrière donne un vin à la forte minéralité, soulignée par le style épuré et tendu de Didier Picq, un GRAND chablis village. commentaire Bettane &amp; Desseauve : Quelle tension minérale ! Du jus de caillou. À la fois solaire et tendu, ça vieillira à la perfection 15 [&hellip;]</p>

<!-- This site is optimized with the Yoast SEO plugin v28.2 - https://yoast.com/product/yoast-seo-wordpress/ -->
<title>DESSUS DE LA CARRIERE - Mes Vendanges</title>
<meta name="robots" content="index, follow, max-snippet:-1, max-image-preview:large, max-video-preview:-1" />
<link rel="canonical" href="https://www.mesvendanges.com/fr/boutique/vins/dessus-de-la-carriere-picq-dne-gilbert-2010-75cl/" />
<meta property="og:locale" content="fr_FR" />
<meta property="og:type" content="article" />
<meta property="og:title" content="DESSUS DE LA CARRIERE - Mes Vendanges" />
<meta property="og:description" content="Voici une petite merveille. Le Dessus de la Carrière donne un vin à la forte minéralité, soulignée par le style épuré et tendu de Didier Picq, un GRAND chablis village. commentaire Bettane &amp; Desseauve : Quelle tension minérale ! Du jus de caillou. À la fois solaire et tendu, ça vieillira à la perfection 15 [&hellip;]" />
<meta property="og:url" content="https://www.mesvendanges.com/fr/boutique/vins/dessus-de-la-carriere-picq-dne-gilbert-2010-75cl/" />
<meta property="og:site_name" content="Mes Vendanges" />
<meta property="article:modified_time" content="2023-12-06T02:47:10+00:00" />
<meta name="twitter:card" content="summary_large_image" />
<script type="application/ld+json" class="yoast-schema-graph">{"@context":"https:\/\/schema.org","@graph":[{"@type":"WebPage","@id":"https:\/\/www.mesvendanges.com\/fr\/boutique\/vins\/dessus-de-la-carriere-picq-dne-gilbert-2010-75cl\/","url":"https:\/\/www.mesvendanges.com\/fr\/boutique\/vins\/dessus-de-la-carriere-picq-dne-gilbert-2010-75cl\/","name":"DESSUS DE LA CARRIERE - Mes Vendanges","isPartOf":{"@id":"https:\/\/www.mesvendanges.com\/en\/#website"},"datePublished":"2022-08-02T10:35:03+00:00","dateModified":"2023-12-06T02:47:10+00:00","breadcrumb":{"@id":"https:\/\/www.mesvendanges.com\/fr\/boutique\/vins\/dessus-de-la-carriere-picq-dne-gilbert-2010-75cl\/#breadcrumb"},"inLanguage":"fr-FR","potentialAction":[{"@type":"ReadAction","target":["https:\/\/www.mesvendanges.com\/fr\/boutique\/vins\/dessus-de-la-carriere-picq-dne-gilbert-2010-75cl\/"]}]},{"@type":"BreadcrumbList","@id":"https:\/\/www.mesvendanges.com\/fr\/boutique\/vins\/dessus-de-la-carriere-picq-dne-gilbert-2010-75cl\/#breadcrumb","itemListElement":[{"@type":"ListItem","position":1,"name":"Accueil","item":"https:\/\/www.mesvendanges.com\/fr\/"},{"@type":"ListItem","position":2,"name":"Boutique","item":"https:\/\/www.mesvendanges.com\/fr\/boutique\/"},{"@type":"ListItem","position":3,"name":"DESSUS DE LA CARRIERE"}]},{"@type":"WebSite","@id":"https:\/\/www.mesvendanges.com\/en\/#website","url":"https:\/\/www.mesvendanges.com\/en\/","name":"Mes Vendanges","description":"Des journées entières dans les vignes","publisher":{"@id":"https:\/\/www.mesvendanges.com\/en\/#organization"},"potentialAction":[{"@type":"SearchAction","target":{"@type":"EntryPoint","urlTemplate":"https:\/\/www.mesvendanges.com\/en\/?s={search_term_string}"},"query-input":{"@type":"PropertyValueSpecification","valueRequired":true,"valueName":"search_term_string"}}],"inLanguage":"fr-FR"},{"@type":"Organization","@id":"https:\/\/www.mesvendanges.com\/en\/#organization","name":"Mes Vendanges","url":"https:\/\/www.mesvendanges.com\/en\/","logo":{"@type":"ImageObject","inLanguage":"fr-FR","@id":"https:\/\/www.mesvendanges.com\/en\/#\/schema\/logo\/image\/","url":"https:\/\/www.mesvendanges.com\/wp-content\/uploads\/2022\/02\/logo-mesvendanges.jpg","contentUrl":"https:\/\/www.mesvendanges.com\/wp-content\/uploads\/2022\/02\/logo-mesvendanges.jpg","width":851,"height":260,"caption":"Mes Vendanges"},"image":{"@id":"https:\/\/www.mesvendanges.com\/en\/#\/schema\/logo\/image\/"}}]}</script>
<!-- / Yoast SEO plugin. -->

Voici une petite merveille. Le Dessus de la Carrière donne un vin à la forte minéralité, soulignée par le style épuré et tendu de Didier Picq, un GRAND chablis village. commentaire Bettane &amp; Desseauve : Quelle tension minérale ! Du jus de caillou. À la fois solaire et tendu, ça vieillira à la perfection 15 [&hellip;]

Des journées entières dans les vignes
