{"id":36207,"date":"2022-08-02T12:55:46","date_gmt":"2022-08-02T10:55:46","guid":{"rendered":"https:\/\/www.mesvendanges.com\/shop\/non%20class\u00e9\/la-combe-brulee\/"},"modified":"2023-12-05T13:08:10","modified_gmt":"2023-12-05T12:08:10","slug":"la-combe-brulee-clavelier-bruno-2011-75cl","status":"publish","type":"product","link":"https:\/\/www.mesvendanges.com\/fr\/boutique\/vins\/la-combe-brulee-clavelier-bruno-2011-75cl\/","title":{"rendered":"LA COMBE BRULEE"},"content":{"rendered":"<p><span style=\"color: rgb(45, 45, 45); font-family: verdana, Arial, 'sans serif'; font-size: 12px; text-align: justify;\">Les vieilles-vignes de plus de 85 ans de la Combe-Brul\u00e9e (52 ares) donnent un vosne-roman\u00e9e fin et complexe. Situ\u00e9 dans une petite vall\u00e9e ferm\u00e9e (combe) du m\u00eame nom, au pied du coteau, la maturit\u00e9 y est plus lente qu\u2019ailleurs. Le microclimat sp\u00e9cifique alterne la fra\u00eecheur du fond de combe et la chaleur de la r\u00e9verb\u00e9ration des pierres du coteau. Le sol s\u2019est constitu\u00e9 sur un socle de calcaire \u00e0 chailles qui, par la silice qu\u2019elles contiennent, pourraient \u00eatre \u00e0 l\u2019origine des touches fum\u00e9es, de pierre \u00e0 fusil souvent pr\u00e9sentes dans cette cuv\u00e9e.&nbsp;<\/span><br style=\"color: rgb(45, 45, 45); font-family: verdana, Arial, 'sans serif'; font-size: 12px; text-align: justify;\"><span style=\"color: rgb(45, 45, 45); font-family: verdana, Arial, 'sans serif'; font-size: 12px; text-align: justify;\">Le vin peut prendre un caract\u00e8re tendu les ann\u00e9es froides ou une expression plus ouverte dans les ann\u00e9es favorables. Quel que soit le mill\u00e9sime, le&nbsp;<\/span><strong style=\"color: rgb(45, 45, 45); font-family: verdana, Arial, 'sans serif'; font-size: 12px; text-align: justify;\">vosne-roman\u00e9e La Combe Brul\u00e9e<\/strong><span style=\"color: rgb(45, 45, 45); font-family: verdana, Arial, 'sans serif'; font-size: 12px; text-align: justify;\">&nbsp;montre toujours une grande complexit\u00e9 \u00e0 l\u2019a\u00e9ration (baies sauvages, fleurs, roche chaude) d\u00e9voilant en particulier une belle viscosit\u00e9 de mati\u00e8re. C\u2019est un vin subtil qui s\u2019exprime sur sa longueur min\u00e9rale.<\/span><\/p>\n","protected":false},"excerpt":{"rendered":"<p>Les vieilles-vignes de plus de 85 ans de la Combe-Brul\u00e9e (52 ares) donnent un vosne-roman\u00e9e fin et complexe. Situ\u00e9 dans une petite vall\u00e9e ferm\u00e9e (combe) du m\u00eame nom, au pied du coteau, la maturit\u00e9 y est plus lente qu\u2019ailleurs. Le microclimat sp\u00e9cifique alterne la fra\u00eecheur du fond de combe et la chaleur de la r\u00e9verb\u00e9ration [&hellip;]<\/p>\n","protected":false},"featured_media":0,"template":"","meta":[],"product_cat":[3736],"product_tag":[],"acf":[],"yoast_head":"<!-- This site is optimized with the Yoast SEO plugin v19.3 - https:\/\/yoast.com\/wordpress\/plugins\/seo\/ -->\n<title>LA COMBE BRULEE - Mes Vendanges<\/title>\n<meta name=\"robots\" content=\"index, follow, max-snippet:-1, max-image-preview:large, max-video-preview:-1\" \/>\n<link rel=\"canonical\" href=\"https:\/\/www.mesvendanges.com\/fr\/boutique\/vins\/la-combe-brulee-clavelier-bruno-2011-75cl\/\" \/>\n<meta property=\"og:locale\" content=\"fr_FR\" \/>\n<meta property=\"og:type\" content=\"article\" \/>\n<meta property=\"og:title\" content=\"LA COMBE BRULEE - Mes Vendanges\" \/>\n<meta property=\"og:description\" content=\"Les vieilles-vignes de plus de 85 ans de la Combe-Brul\u00e9e (52 ares) donnent un vosne-roman\u00e9e fin et complexe. Situ\u00e9 dans une petite vall\u00e9e ferm\u00e9e (combe) du m\u00eame nom, au pied du coteau, la maturit\u00e9 y est plus lente qu\u2019ailleurs. Le microclimat sp\u00e9cifique alterne la fra\u00eecheur du fond de combe et la chaleur de la r\u00e9verb\u00e9ration [&hellip;]\" \/>\n<meta property=\"og:url\" content=\"https:\/\/www.mesvendanges.com\/fr\/boutique\/vins\/la-combe-brulee-clavelier-bruno-2011-75cl\/\" \/>\n<meta property=\"og:site_name\" content=\"Mes Vendanges\" \/>\n<meta property=\"article:modified_time\" content=\"2023-12-05T12:08:10+00:00\" \/>\n<meta name=\"twitter:card\" content=\"summary_large_image\" \/>\n<meta name=\"twitter:label1\" content=\"Dur\u00e9e de lecture estim\u00e9e\" \/>\n\t<meta name=\"twitter:data1\" content=\"1 minute\" \/>\n<script type=\"application\/ld+json\" class=\"yoast-schema-graph\">{\"@context\":\"https:\/\/schema.org\",\"@graph\":[{\"@type\":\"Organization\",\"@id\":\"https:\/\/www.mesvendanges.com\/en\/#organization\",\"name\":\"Mes Vendanges\",\"url\":\"https:\/\/www.mesvendanges.com\/en\/\",\"sameAs\":[],\"logo\":{\"@type\":\"ImageObject\",\"inLanguage\":\"fr-FR\",\"@id\":\"https:\/\/www.mesvendanges.com\/en\/#\/schema\/logo\/image\/\",\"url\":\"https:\/\/www.mesvendanges.com\/wp-content\/uploads\/2022\/02\/logo-mesvendanges.jpg\",\"contentUrl\":\"https:\/\/www.mesvendanges.com\/wp-content\/uploads\/2022\/02\/logo-mesvendanges.jpg\",\"width\":851,\"height\":260,\"caption\":\"Mes Vendanges\"},\"image\":{\"@id\":\"https:\/\/www.mesvendanges.com\/en\/#\/schema\/logo\/image\/\"}},{\"@type\":\"WebSite\",\"@id\":\"https:\/\/www.mesvendanges.com\/en\/#website\",\"url\":\"https:\/\/www.mesvendanges.com\/en\/\",\"name\":\"Mes Vendanges\",\"description\":\"Des journ\u00e9es enti\u00e8res dans les vignes\",\"publisher\":{\"@id\":\"https:\/\/www.mesvendanges.com\/en\/#organization\"},\"potentialAction\":[{\"@type\":\"SearchAction\",\"target\":{\"@type\":\"EntryPoint\",\"urlTemplate\":\"https:\/\/www.mesvendanges.com\/en\/?s={search_term_string}\"},\"query-input\":\"required name=search_term_string\"}],\"inLanguage\":\"fr-FR\"},{\"@type\":\"WebPage\",\"@id\":\"https:\/\/www.mesvendanges.com\/fr\/boutique\/vins\/la-combe-brulee-clavelier-bruno-2011-75cl\/\",\"url\":\"https:\/\/www.mesvendanges.com\/fr\/boutique\/vins\/la-combe-brulee-clavelier-bruno-2011-75cl\/\",\"name\":\"LA COMBE BRULEE - Mes Vendanges\",\"isPartOf\":{\"@id\":\"https:\/\/www.mesvendanges.com\/en\/#website\"},\"datePublished\":\"2022-08-02T10:55:46+00:00\",\"dateModified\":\"2023-12-05T12:08:10+00:00\",\"breadcrumb\":{\"@id\":\"https:\/\/www.mesvendanges.com\/fr\/boutique\/vins\/la-combe-brulee-clavelier-bruno-2011-75cl\/#breadcrumb\"},\"inLanguage\":\"fr-FR\",\"potentialAction\":[{\"@type\":\"ReadAction\",\"target\":[\"https:\/\/www.mesvendanges.com\/fr\/boutique\/vins\/la-combe-brulee-clavelier-bruno-2011-75cl\/\"]}]},{\"@type\":\"BreadcrumbList\",\"@id\":\"https:\/\/www.mesvendanges.com\/fr\/boutique\/vins\/la-combe-brulee-clavelier-bruno-2011-75cl\/#breadcrumb\",\"itemListElement\":[{\"@type\":\"ListItem\",\"position\":1,\"name\":\"Accueil\",\"item\":\"https:\/\/www.mesvendanges.com\/fr\/\"},{\"@type\":\"ListItem\",\"position\":2,\"name\":\"Boutique\",\"item\":\"https:\/\/www.mesvendanges.com\/fr\/boutique\/\"},{\"@type\":\"ListItem\",\"position\":3,\"name\":\"LA COMBE BRULEE\"}]}]}<\/script>\n<!-- \/ Yoast SEO plugin. -->","yoast_head_json":{"title":"LA COMBE BRULEE - Mes Vendanges","robots":{"index":"index","follow":"follow","max-snippet":"max-snippet:-1","max-image-preview":"max-image-preview:large","max-video-preview":"max-video-preview:-1"},"canonical":"https:\/\/www.mesvendanges.com\/fr\/boutique\/vins\/la-combe-brulee-clavelier-bruno-2011-75cl\/","og_locale":"fr_FR","og_type":"article","og_title":"LA COMBE BRULEE - Mes Vendanges","og_description":"Les vieilles-vignes de plus de 85 ans de la Combe-Brul\u00e9e (52 ares) donnent un vosne-roman\u00e9e fin et complexe. Situ\u00e9 dans une petite vall\u00e9e ferm\u00e9e (combe) du m\u00eame nom, au pied du coteau, la maturit\u00e9 y est plus lente qu\u2019ailleurs. Le microclimat sp\u00e9cifique alterne la fra\u00eecheur du fond de combe et la chaleur de la r\u00e9verb\u00e9ration [&hellip;]","og_url":"https:\/\/www.mesvendanges.com\/fr\/boutique\/vins\/la-combe-brulee-clavelier-bruno-2011-75cl\/","og_site_name":"Mes Vendanges","article_modified_time":"2023-12-05T12:08:10+00:00","twitter_card":"summary_large_image","twitter_misc":{"Dur\u00e9e de lecture estim\u00e9e":"1 minute"},"schema":{"@context":"https:\/\/schema.org","@graph":[{"@type":"Organization","@id":"https:\/\/www.mesvendanges.com\/en\/#organization","name":"Mes Vendanges","url":"https:\/\/www.mesvendanges.com\/en\/","sameAs":[],"logo":{"@type":"ImageObject","inLanguage":"fr-FR","@id":"https:\/\/www.mesvendanges.com\/en\/#\/schema\/logo\/image\/","url":"https:\/\/www.mesvendanges.com\/wp-content\/uploads\/2022\/02\/logo-mesvendanges.jpg","contentUrl":"https:\/\/www.mesvendanges.com\/wp-content\/uploads\/2022\/02\/logo-mesvendanges.jpg","width":851,"height":260,"caption":"Mes Vendanges"},"image":{"@id":"https:\/\/www.mesvendanges.com\/en\/#\/schema\/logo\/image\/"}},{"@type":"WebSite","@id":"https:\/\/www.mesvendanges.com\/en\/#website","url":"https:\/\/www.mesvendanges.com\/en\/","name":"Mes Vendanges","description":"Des journ\u00e9es enti\u00e8res dans les vignes","publisher":{"@id":"https:\/\/www.mesvendanges.com\/en\/#organization"},"potentialAction":[{"@type":"SearchAction","target":{"@type":"EntryPoint","urlTemplate":"https:\/\/www.mesvendanges.com\/en\/?s={search_term_string}"},"query-input":"required name=search_term_string"}],"inLanguage":"fr-FR"},{"@type":"WebPage","@id":"https:\/\/www.mesvendanges.com\/fr\/boutique\/vins\/la-combe-brulee-clavelier-bruno-2011-75cl\/","url":"https:\/\/www.mesvendanges.com\/fr\/boutique\/vins\/la-combe-brulee-clavelier-bruno-2011-75cl\/","name":"LA COMBE BRULEE - Mes Vendanges","isPartOf":{"@id":"https:\/\/www.mesvendanges.com\/en\/#website"},"datePublished":"2022-08-02T10:55:46+00:00","dateModified":"2023-12-05T12:08:10+00:00","breadcrumb":{"@id":"https:\/\/www.mesvendanges.com\/fr\/boutique\/vins\/la-combe-brulee-clavelier-bruno-2011-75cl\/#breadcrumb"},"inLanguage":"fr-FR","potentialAction":[{"@type":"ReadAction","target":["https:\/\/www.mesvendanges.com\/fr\/boutique\/vins\/la-combe-brulee-clavelier-bruno-2011-75cl\/"]}]},{"@type":"BreadcrumbList","@id":"https:\/\/www.mesvendanges.com\/fr\/boutique\/vins\/la-combe-brulee-clavelier-bruno-2011-75cl\/#breadcrumb","itemListElement":[{"@type":"ListItem","position":1,"name":"Accueil","item":"https:\/\/www.mesvendanges.com\/fr\/"},{"@type":"ListItem","position":2,"name":"Boutique","item":"https:\/\/www.mesvendanges.com\/fr\/boutique\/"},{"@type":"ListItem","position":3,"name":"LA COMBE BRULEE"}]}]}},"_links":{"self":[{"href":"https:\/\/www.mesvendanges.com\/fr\/wp-json\/wp\/v2\/product\/36207"}],"collection":[{"href":"https:\/\/www.mesvendanges.com\/fr\/wp-json\/wp\/v2\/product"}],"about":[{"href":"https:\/\/www.mesvendanges.com\/fr\/wp-json\/wp\/v2\/types\/product"}],"wp:attachment":[{"href":"https:\/\/www.mesvendanges.com\/fr\/wp-json\/wp\/v2\/media?parent=36207"}],"wp:term":[{"taxonomy":"product_cat","embeddable":true,"href":"https:\/\/www.mesvendanges.com\/fr\/wp-json\/wp\/v2\/product_cat?post=36207"},{"taxonomy":"product_tag","embeddable":true,"href":"https:\/\/www.mesvendanges.com\/fr\/wp-json\/wp\/v2\/product_tag?post=36207"}],"curies":[{"name":"wp","href":"https:\/\/api.w.org\/{rel}","templated":true}]}}

https://www.mesvendanges.com/shop/non%20classé/la-combe-brulee/

<p><span style="color: rgb(45, 45, 45); font-family: verdana, Arial, 'sans serif'; font-size: 12px; text-align: justify;">Les vieilles-vignes de plus de 85 ans de la Combe-Brulée (52 ares) donnent un vosne-romanée fin et complexe. Situé dans une petite vallée fermée (combe) du même nom, au pied du coteau, la maturité y est plus lente qu’ailleurs. Le microclimat spécifique alterne la fraîcheur du fond de combe et la chaleur de la réverbération des pierres du coteau. Le sol s’est constitué sur un socle de calcaire à chailles qui, par la silice qu’elles contiennent, pourraient être à l’origine des touches fumées, de pierre à fusil souvent présentes dans cette cuvée.&nbsp;</span><br style="color: rgb(45, 45, 45); font-family: verdana, Arial, 'sans serif'; font-size: 12px; text-align: justify;"><span style="color: rgb(45, 45, 45); font-family: verdana, Arial, 'sans serif'; font-size: 12px; text-align: justify;">Le vin peut prendre un caractère tendu les années froides ou une expression plus ouverte dans les années favorables. Quel que soit le millésime, le&nbsp;</span><strong style="color: rgb(45, 45, 45); font-family: verdana, Arial, 'sans serif'; font-size: 12px; text-align: justify;">vosne-romanée La Combe Brulée</strong><span style="color: rgb(45, 45, 45); font-family: verdana, Arial, 'sans serif'; font-size: 12px; text-align: justify;">&nbsp;montre toujours une grande complexité à l’aération (baies sauvages, fleurs, roche chaude) dévoilant en particulier une belle viscosité de matière. C’est un vin subtil qui s’exprime sur sa longueur minérale.</span></p>

<p>Les vieilles-vignes de plus de 85 ans de la Combe-Brulée (52 ares) donnent un vosne-romanée fin et complexe. Situé dans une petite vallée fermée (combe) du même nom, au pied du coteau, la maturité y est plus lente qu’ailleurs. Le microclimat spécifique alterne la fraîcheur du fond de combe et la chaleur de la réverbération [&hellip;]</p>

<!-- This site is optimized with the Yoast SEO plugin v19.3 - https://yoast.com/wordpress/plugins/seo/ -->
<title>LA COMBE BRULEE - Mes Vendanges</title>
<meta name="robots" content="index, follow, max-snippet:-1, max-image-preview:large, max-video-preview:-1" />
<link rel="canonical" href="https://www.mesvendanges.com/fr/boutique/vins/la-combe-brulee-clavelier-bruno-2011-75cl/" />
<meta property="og:locale" content="fr_FR" />
<meta property="og:type" content="article" />
<meta property="og:title" content="LA COMBE BRULEE - Mes Vendanges" />
<meta property="og:description" content="Les vieilles-vignes de plus de 85 ans de la Combe-Brulée (52 ares) donnent un vosne-romanée fin et complexe. Situé dans une petite vallée fermée (combe) du même nom, au pied du coteau, la maturité y est plus lente qu’ailleurs. Le microclimat spécifique alterne la fraîcheur du fond de combe et la chaleur de la réverbération [&hellip;]" />
<meta property="og:url" content="https://www.mesvendanges.com/fr/boutique/vins/la-combe-brulee-clavelier-bruno-2011-75cl/" />
<meta property="og:site_name" content="Mes Vendanges" />
<meta property="article:modified_time" content="2023-12-05T12:08:10+00:00" />
<meta name="twitter:card" content="summary_large_image" />
<meta name="twitter:label1" content="Durée de lecture estimée" />
	<meta name="twitter:data1" content="1 minute" />
<script type="application/ld+json" class="yoast-schema-graph">{"@context":"https://schema.org","@graph":[{"@type":"Organization","@id":"https://www.mesvendanges.com/en/#organization","name":"Mes Vendanges","url":"https://www.mesvendanges.com/en/","sameAs":[],"logo":{"@type":"ImageObject","inLanguage":"fr-FR","@id":"https://www.mesvendanges.com/en/#/schema/logo/image/","url":"https://www.mesvendanges.com/wp-content/uploads/2022/02/logo-mesvendanges.jpg","contentUrl":"https://www.mesvendanges.com/wp-content/uploads/2022/02/logo-mesvendanges.jpg","width":851,"height":260,"caption":"Mes Vendanges"},"image":{"@id":"https://www.mesvendanges.com/en/#/schema/logo/image/"}},{"@type":"WebSite","@id":"https://www.mesvendanges.com/en/#website","url":"https://www.mesvendanges.com/en/","name":"Mes Vendanges","description":"Des journées entières dans les vignes","publisher":{"@id":"https://www.mesvendanges.com/en/#organization"},"potentialAction":[{"@type":"SearchAction","target":{"@type":"EntryPoint","urlTemplate":"https://www.mesvendanges.com/en/?s={search_term_string}"},"query-input":"required name=search_term_string"}],"inLanguage":"fr-FR"},{"@type":"WebPage","@id":"https://www.mesvendanges.com/fr/boutique/vins/la-combe-brulee-clavelier-bruno-2011-75cl/","url":"https://www.mesvendanges.com/fr/boutique/vins/la-combe-brulee-clavelier-bruno-2011-75cl/","name":"LA COMBE BRULEE - Mes Vendanges","isPartOf":{"@id":"https://www.mesvendanges.com/en/#website"},"datePublished":"2022-08-02T10:55:46+00:00","dateModified":"2023-12-05T12:08:10+00:00","breadcrumb":{"@id":"https://www.mesvendanges.com/fr/boutique/vins/la-combe-brulee-clavelier-bruno-2011-75cl/#breadcrumb"},"inLanguage":"fr-FR","potentialAction":[{"@type":"ReadAction","target":["https://www.mesvendanges.com/fr/boutique/vins/la-combe-brulee-clavelier-bruno-2011-75cl/"]}]},{"@type":"BreadcrumbList","@id":"https://www.mesvendanges.com/fr/boutique/vins/la-combe-brulee-clavelier-bruno-2011-75cl/#breadcrumb","itemListElement":[{"@type":"ListItem","position":1,"name":"Accueil","item":"https://www.mesvendanges.com/fr/"},{"@type":"ListItem","position":2,"name":"Boutique","item":"https://www.mesvendanges.com/fr/boutique/"},{"@type":"ListItem","position":3,"name":"LA COMBE BRULEE"}]}]}</script>
<!-- / Yoast SEO plugin. -->

Les vieilles-vignes de plus de 85 ans de la Combe-Brulée (52 ares) donnent un vosne-romanée fin et complexe. Situé dans une petite vallée fermée (combe) du même nom, au pied du coteau, la maturité y est plus lente qu’ailleurs. Le microclimat spécifique alterne la fraîcheur du fond de combe et la chaleur de la réverbération [&hellip;]

Des journées entières dans les vignes
