{"id":37443,"date":"2022-08-02T13:29:45","date_gmt":"2022-08-02T11:29:45","guid":{"rendered":"https:\/\/www.mesvendanges.com\/shop\/non%20class\u00e9\/le-feu-3\/"},"modified":"2023-12-05T09:43:02","modified_gmt":"2023-12-05T08:43:02","slug":"le-feu-belluard-dne-2013-75cl","status":"publish","type":"product","link":"https:\/\/www.mesvendanges.com\/fr\/boutique\/vins\/le-feu-belluard-dne-2013-75cl\/","title":{"rendered":"LE FEU"},"content":{"rendered":"<p>Le Feu 2013 du domaine Belluard est issu du c\u00e9page Gringet, vieux c\u00e9page autochtone de la vall\u00e9e de l&#8217;Arve en Haute-Savoie. C\u00e9page tardif qui r\u00e9ussi particuli\u00e8rement bien sur les coteaux d&#8217;Ayse \u00e0 450 m\u00e8tres d&#8217;altitude. Le coteau est expos\u00e9 sud-est avec un sol compos\u00e9 de s\u00e9diments de cascades glaci\u00e8res (argile rouge charg\u00e9e en alumine de fer). Les fortes pentes \u00e0 40% et les rendements&nbsp;ma\u00eetrises&nbsp;(35 hl\/ha) permettent d&#8217;obtenir, avec l&#8217;aide d&#8217;une viticulture tr\u00e8s soign\u00e9e une parfaite maturit\u00e9 des baies. Les vinifications se font en douceur avec un pressurage pneumatique et des fermentations sur levures indig\u00e8nes. L&#8217;\u00e9levage est conduit pour 60% en cuves b\u00e9ton ovo\u00efdes. Filtration l\u00e9g\u00e8re avant la mise et suflitage tout en douceur (-30mg de SO2 total)<\/p>\n<div><\/div>\n<div>Ce vin pr\u00e9sente une palette aromatique tr\u00e8s fine, qui s&#8217;exprime en l\u00e9g\u00e8res touches diffuses, du floral \u00e0 la p\u00eache blanche, un nez qui ne s&#8217;impose pas, mais qui vous appelle par sa pl\u00e9nitude retenue. La bouche est \u00e0 son image, construite sur la texture du vin, plus que sur son motif. La trame est splendide, avec un fruit blanc et des saveurs de torrent de montagne, d&#8217;eau de roche, la finesse des argiles&nbsp;s\u2019exprime&nbsp;pleinement dans le&nbsp;rayonnement&nbsp;du vin !<\/div>\n<div>Tr\u00e8s belle bouteille a boire sur de beaux poissons, ou encore des quenelles de brochets !<\/div>\n","protected":false},"excerpt":{"rendered":"<p>Le Feu 2013 du domaine Belluard est issu du c\u00e9page Gringet, vieux c\u00e9page autochtone de la vall\u00e9e de l&#8217;Arve en Haute-Savoie. C\u00e9page tardif qui r\u00e9ussi particuli\u00e8rement bien sur les coteaux d&#8217;Ayse \u00e0 450 m\u00e8tres d&#8217;altitude. Le coteau est expos\u00e9 sud-est avec un sol compos\u00e9 de s\u00e9diments de cascades glaci\u00e8res (argile rouge charg\u00e9e en alumine de [&hellip;]<\/p>\n","protected":false},"featured_media":0,"template":"","meta":[],"product_cat":[3736],"product_tag":[],"acf":[],"yoast_head":"<!-- This site is optimized with the Yoast SEO plugin v19.3 - https:\/\/yoast.com\/wordpress\/plugins\/seo\/ -->\n<title>LE FEU - Mes Vendanges<\/title>\n<meta name=\"robots\" content=\"index, follow, max-snippet:-1, max-image-preview:large, max-video-preview:-1\" \/>\n<link rel=\"canonical\" href=\"https:\/\/www.mesvendanges.com\/fr\/boutique\/vins\/le-feu-belluard-dne-2013-75cl\/\" \/>\n<meta property=\"og:locale\" content=\"fr_FR\" \/>\n<meta property=\"og:type\" content=\"article\" \/>\n<meta property=\"og:title\" content=\"LE FEU - Mes Vendanges\" \/>\n<meta property=\"og:description\" content=\"Le Feu 2013 du domaine Belluard est issu du c\u00e9page Gringet, vieux c\u00e9page autochtone de la vall\u00e9e de l&#8217;Arve en Haute-Savoie. C\u00e9page tardif qui r\u00e9ussi particuli\u00e8rement bien sur les coteaux d&#8217;Ayse \u00e0 450 m\u00e8tres d&#8217;altitude. Le coteau est expos\u00e9 sud-est avec un sol compos\u00e9 de s\u00e9diments de cascades glaci\u00e8res (argile rouge charg\u00e9e en alumine de [&hellip;]\" \/>\n<meta property=\"og:url\" content=\"https:\/\/www.mesvendanges.com\/fr\/boutique\/vins\/le-feu-belluard-dne-2013-75cl\/\" \/>\n<meta property=\"og:site_name\" content=\"Mes Vendanges\" \/>\n<meta property=\"article:modified_time\" content=\"2023-12-05T08:43:02+00:00\" \/>\n<meta name=\"twitter:card\" content=\"summary_large_image\" \/>\n<meta name=\"twitter:label1\" content=\"Dur\u00e9e de lecture estim\u00e9e\" \/>\n\t<meta name=\"twitter:data1\" content=\"1 minute\" \/>\n<script type=\"application\/ld+json\" class=\"yoast-schema-graph\">{\"@context\":\"https:\/\/schema.org\",\"@graph\":[{\"@type\":\"Organization\",\"@id\":\"https:\/\/www.mesvendanges.com\/en\/#organization\",\"name\":\"Mes Vendanges\",\"url\":\"https:\/\/www.mesvendanges.com\/en\/\",\"sameAs\":[],\"logo\":{\"@type\":\"ImageObject\",\"inLanguage\":\"fr-FR\",\"@id\":\"https:\/\/www.mesvendanges.com\/en\/#\/schema\/logo\/image\/\",\"url\":\"https:\/\/www.mesvendanges.com\/wp-content\/uploads\/2022\/02\/logo-mesvendanges.jpg\",\"contentUrl\":\"https:\/\/www.mesvendanges.com\/wp-content\/uploads\/2022\/02\/logo-mesvendanges.jpg\",\"width\":851,\"height\":260,\"caption\":\"Mes Vendanges\"},\"image\":{\"@id\":\"https:\/\/www.mesvendanges.com\/en\/#\/schema\/logo\/image\/\"}},{\"@type\":\"WebSite\",\"@id\":\"https:\/\/www.mesvendanges.com\/en\/#website\",\"url\":\"https:\/\/www.mesvendanges.com\/en\/\",\"name\":\"Mes Vendanges\",\"description\":\"Des journ\u00e9es enti\u00e8res dans les vignes\",\"publisher\":{\"@id\":\"https:\/\/www.mesvendanges.com\/en\/#organization\"},\"potentialAction\":[{\"@type\":\"SearchAction\",\"target\":{\"@type\":\"EntryPoint\",\"urlTemplate\":\"https:\/\/www.mesvendanges.com\/en\/?s={search_term_string}\"},\"query-input\":\"required name=search_term_string\"}],\"inLanguage\":\"fr-FR\"},{\"@type\":\"WebPage\",\"@id\":\"https:\/\/www.mesvendanges.com\/fr\/boutique\/vins\/le-feu-belluard-dne-2013-75cl\/\",\"url\":\"https:\/\/www.mesvendanges.com\/fr\/boutique\/vins\/le-feu-belluard-dne-2013-75cl\/\",\"name\":\"LE FEU - Mes Vendanges\",\"isPartOf\":{\"@id\":\"https:\/\/www.mesvendanges.com\/en\/#website\"},\"datePublished\":\"2022-08-02T11:29:45+00:00\",\"dateModified\":\"2023-12-05T08:43:02+00:00\",\"breadcrumb\":{\"@id\":\"https:\/\/www.mesvendanges.com\/fr\/boutique\/vins\/le-feu-belluard-dne-2013-75cl\/#breadcrumb\"},\"inLanguage\":\"fr-FR\",\"potentialAction\":[{\"@type\":\"ReadAction\",\"target\":[\"https:\/\/www.mesvendanges.com\/fr\/boutique\/vins\/le-feu-belluard-dne-2013-75cl\/\"]}]},{\"@type\":\"BreadcrumbList\",\"@id\":\"https:\/\/www.mesvendanges.com\/fr\/boutique\/vins\/le-feu-belluard-dne-2013-75cl\/#breadcrumb\",\"itemListElement\":[{\"@type\":\"ListItem\",\"position\":1,\"name\":\"Accueil\",\"item\":\"https:\/\/www.mesvendanges.com\/fr\/\"},{\"@type\":\"ListItem\",\"position\":2,\"name\":\"Boutique\",\"item\":\"https:\/\/www.mesvendanges.com\/fr\/boutique\/\"},{\"@type\":\"ListItem\",\"position\":3,\"name\":\"LE FEU\"}]}]}<\/script>\n<!-- \/ Yoast SEO plugin. -->","yoast_head_json":{"title":"LE FEU - Mes Vendanges","robots":{"index":"index","follow":"follow","max-snippet":"max-snippet:-1","max-image-preview":"max-image-preview:large","max-video-preview":"max-video-preview:-1"},"canonical":"https:\/\/www.mesvendanges.com\/fr\/boutique\/vins\/le-feu-belluard-dne-2013-75cl\/","og_locale":"fr_FR","og_type":"article","og_title":"LE FEU - Mes Vendanges","og_description":"Le Feu 2013 du domaine Belluard est issu du c\u00e9page Gringet, vieux c\u00e9page autochtone de la vall\u00e9e de l&#8217;Arve en Haute-Savoie. C\u00e9page tardif qui r\u00e9ussi particuli\u00e8rement bien sur les coteaux d&#8217;Ayse \u00e0 450 m\u00e8tres d&#8217;altitude. Le coteau est expos\u00e9 sud-est avec un sol compos\u00e9 de s\u00e9diments de cascades glaci\u00e8res (argile rouge charg\u00e9e en alumine de [&hellip;]","og_url":"https:\/\/www.mesvendanges.com\/fr\/boutique\/vins\/le-feu-belluard-dne-2013-75cl\/","og_site_name":"Mes Vendanges","article_modified_time":"2023-12-05T08:43:02+00:00","twitter_card":"summary_large_image","twitter_misc":{"Dur\u00e9e de lecture estim\u00e9e":"1 minute"},"schema":{"@context":"https:\/\/schema.org","@graph":[{"@type":"Organization","@id":"https:\/\/www.mesvendanges.com\/en\/#organization","name":"Mes Vendanges","url":"https:\/\/www.mesvendanges.com\/en\/","sameAs":[],"logo":{"@type":"ImageObject","inLanguage":"fr-FR","@id":"https:\/\/www.mesvendanges.com\/en\/#\/schema\/logo\/image\/","url":"https:\/\/www.mesvendanges.com\/wp-content\/uploads\/2022\/02\/logo-mesvendanges.jpg","contentUrl":"https:\/\/www.mesvendanges.com\/wp-content\/uploads\/2022\/02\/logo-mesvendanges.jpg","width":851,"height":260,"caption":"Mes Vendanges"},"image":{"@id":"https:\/\/www.mesvendanges.com\/en\/#\/schema\/logo\/image\/"}},{"@type":"WebSite","@id":"https:\/\/www.mesvendanges.com\/en\/#website","url":"https:\/\/www.mesvendanges.com\/en\/","name":"Mes Vendanges","description":"Des journ\u00e9es enti\u00e8res dans les vignes","publisher":{"@id":"https:\/\/www.mesvendanges.com\/en\/#organization"},"potentialAction":[{"@type":"SearchAction","target":{"@type":"EntryPoint","urlTemplate":"https:\/\/www.mesvendanges.com\/en\/?s={search_term_string}"},"query-input":"required name=search_term_string"}],"inLanguage":"fr-FR"},{"@type":"WebPage","@id":"https:\/\/www.mesvendanges.com\/fr\/boutique\/vins\/le-feu-belluard-dne-2013-75cl\/","url":"https:\/\/www.mesvendanges.com\/fr\/boutique\/vins\/le-feu-belluard-dne-2013-75cl\/","name":"LE FEU - Mes Vendanges","isPartOf":{"@id":"https:\/\/www.mesvendanges.com\/en\/#website"},"datePublished":"2022-08-02T11:29:45+00:00","dateModified":"2023-12-05T08:43:02+00:00","breadcrumb":{"@id":"https:\/\/www.mesvendanges.com\/fr\/boutique\/vins\/le-feu-belluard-dne-2013-75cl\/#breadcrumb"},"inLanguage":"fr-FR","potentialAction":[{"@type":"ReadAction","target":["https:\/\/www.mesvendanges.com\/fr\/boutique\/vins\/le-feu-belluard-dne-2013-75cl\/"]}]},{"@type":"BreadcrumbList","@id":"https:\/\/www.mesvendanges.com\/fr\/boutique\/vins\/le-feu-belluard-dne-2013-75cl\/#breadcrumb","itemListElement":[{"@type":"ListItem","position":1,"name":"Accueil","item":"https:\/\/www.mesvendanges.com\/fr\/"},{"@type":"ListItem","position":2,"name":"Boutique","item":"https:\/\/www.mesvendanges.com\/fr\/boutique\/"},{"@type":"ListItem","position":3,"name":"LE FEU"}]}]}},"_links":{"self":[{"href":"https:\/\/www.mesvendanges.com\/fr\/wp-json\/wp\/v2\/product\/37443"}],"collection":[{"href":"https:\/\/www.mesvendanges.com\/fr\/wp-json\/wp\/v2\/product"}],"about":[{"href":"https:\/\/www.mesvendanges.com\/fr\/wp-json\/wp\/v2\/types\/product"}],"wp:attachment":[{"href":"https:\/\/www.mesvendanges.com\/fr\/wp-json\/wp\/v2\/media?parent=37443"}],"wp:term":[{"taxonomy":"product_cat","embeddable":true,"href":"https:\/\/www.mesvendanges.com\/fr\/wp-json\/wp\/v2\/product_cat?post=37443"},{"taxonomy":"product_tag","embeddable":true,"href":"https:\/\/www.mesvendanges.com\/fr\/wp-json\/wp\/v2\/product_tag?post=37443"}],"curies":[{"name":"wp","href":"https:\/\/api.w.org\/{rel}","templated":true}]}}

https://www.mesvendanges.com/shop/non%20classé/le-feu-3/

<p>Le Feu 2013 du domaine Belluard est issu du cépage Gringet, vieux cépage autochtone de la vallée de l&#8217;Arve en Haute-Savoie. Cépage tardif qui réussi particulièrement bien sur les coteaux d&#8217;Ayse à 450 mètres d&#8217;altitude. Le coteau est exposé sud-est avec un sol composé de sédiments de cascades glacières (argile rouge chargée en alumine de fer). Les fortes pentes à 40% et les rendements&nbsp;maîtrises&nbsp;(35 hl/ha) permettent d&#8217;obtenir, avec l&#8217;aide d&#8217;une viticulture très soignée une parfaite maturité des baies. Les vinifications se font en douceur avec un pressurage pneumatique et des fermentations sur levures indigènes. L&#8217;élevage est conduit pour 60% en cuves béton ovoïdes. Filtration légère avant la mise et suflitage tout en douceur (-30mg de SO2 total)</p>
<div></div>
<div>Ce vin présente une palette aromatique très fine, qui s&#8217;exprime en légères touches diffuses, du floral à la pêche blanche, un nez qui ne s&#8217;impose pas, mais qui vous appelle par sa plénitude retenue. La bouche est à son image, construite sur la texture du vin, plus que sur son motif. La trame est splendide, avec un fruit blanc et des saveurs de torrent de montagne, d&#8217;eau de roche, la finesse des argiles&nbsp;s’exprime&nbsp;pleinement dans le&nbsp;rayonnement&nbsp;du vin !</div>
<div>Très belle bouteille a boire sur de beaux poissons, ou encore des quenelles de brochets !</div>

<p>Le Feu 2013 du domaine Belluard est issu du cépage Gringet, vieux cépage autochtone de la vallée de l&#8217;Arve en Haute-Savoie. Cépage tardif qui réussi particulièrement bien sur les coteaux d&#8217;Ayse à 450 mètres d&#8217;altitude. Le coteau est exposé sud-est avec un sol composé de sédiments de cascades glacières (argile rouge chargée en alumine de [&hellip;]</p>

<!-- This site is optimized with the Yoast SEO plugin v19.3 - https://yoast.com/wordpress/plugins/seo/ -->
<title>LE FEU - Mes Vendanges</title>
<meta name="robots" content="index, follow, max-snippet:-1, max-image-preview:large, max-video-preview:-1" />
<link rel="canonical" href="https://www.mesvendanges.com/fr/boutique/vins/le-feu-belluard-dne-2013-75cl/" />
<meta property="og:locale" content="fr_FR" />
<meta property="og:type" content="article" />
<meta property="og:title" content="LE FEU - Mes Vendanges" />
<meta property="og:description" content="Le Feu 2013 du domaine Belluard est issu du cépage Gringet, vieux cépage autochtone de la vallée de l&#8217;Arve en Haute-Savoie. Cépage tardif qui réussi particulièrement bien sur les coteaux d&#8217;Ayse à 450 mètres d&#8217;altitude. Le coteau est exposé sud-est avec un sol composé de sédiments de cascades glacières (argile rouge chargée en alumine de [&hellip;]" />
<meta property="og:url" content="https://www.mesvendanges.com/fr/boutique/vins/le-feu-belluard-dne-2013-75cl/" />
<meta property="og:site_name" content="Mes Vendanges" />
<meta property="article:modified_time" content="2023-12-05T08:43:02+00:00" />
<meta name="twitter:card" content="summary_large_image" />
<meta name="twitter:label1" content="Durée de lecture estimée" />
	<meta name="twitter:data1" content="1 minute" />
<script type="application/ld+json" class="yoast-schema-graph">{"@context":"https://schema.org","@graph":[{"@type":"Organization","@id":"https://www.mesvendanges.com/en/#organization","name":"Mes Vendanges","url":"https://www.mesvendanges.com/en/","sameAs":[],"logo":{"@type":"ImageObject","inLanguage":"fr-FR","@id":"https://www.mesvendanges.com/en/#/schema/logo/image/","url":"https://www.mesvendanges.com/wp-content/uploads/2022/02/logo-mesvendanges.jpg","contentUrl":"https://www.mesvendanges.com/wp-content/uploads/2022/02/logo-mesvendanges.jpg","width":851,"height":260,"caption":"Mes Vendanges"},"image":{"@id":"https://www.mesvendanges.com/en/#/schema/logo/image/"}},{"@type":"WebSite","@id":"https://www.mesvendanges.com/en/#website","url":"https://www.mesvendanges.com/en/","name":"Mes Vendanges","description":"Des journées entières dans les vignes","publisher":{"@id":"https://www.mesvendanges.com/en/#organization"},"potentialAction":[{"@type":"SearchAction","target":{"@type":"EntryPoint","urlTemplate":"https://www.mesvendanges.com/en/?s={search_term_string}"},"query-input":"required name=search_term_string"}],"inLanguage":"fr-FR"},{"@type":"WebPage","@id":"https://www.mesvendanges.com/fr/boutique/vins/le-feu-belluard-dne-2013-75cl/","url":"https://www.mesvendanges.com/fr/boutique/vins/le-feu-belluard-dne-2013-75cl/","name":"LE FEU - Mes Vendanges","isPartOf":{"@id":"https://www.mesvendanges.com/en/#website"},"datePublished":"2022-08-02T11:29:45+00:00","dateModified":"2023-12-05T08:43:02+00:00","breadcrumb":{"@id":"https://www.mesvendanges.com/fr/boutique/vins/le-feu-belluard-dne-2013-75cl/#breadcrumb"},"inLanguage":"fr-FR","potentialAction":[{"@type":"ReadAction","target":["https://www.mesvendanges.com/fr/boutique/vins/le-feu-belluard-dne-2013-75cl/"]}]},{"@type":"BreadcrumbList","@id":"https://www.mesvendanges.com/fr/boutique/vins/le-feu-belluard-dne-2013-75cl/#breadcrumb","itemListElement":[{"@type":"ListItem","position":1,"name":"Accueil","item":"https://www.mesvendanges.com/fr/"},{"@type":"ListItem","position":2,"name":"Boutique","item":"https://www.mesvendanges.com/fr/boutique/"},{"@type":"ListItem","position":3,"name":"LE FEU"}]}]}</script>
<!-- / Yoast SEO plugin. -->

Le Feu 2013 du domaine Belluard est issu du cépage Gringet, vieux cépage autochtone de la vallée de l&#8217;Arve en Haute-Savoie. Cépage tardif qui réussi particulièrement bien sur les coteaux d&#8217;Ayse à 450 mètres d&#8217;altitude. Le coteau est exposé sud-est avec un sol composé de sédiments de cascades glacières (argile rouge chargée en alumine de [&hellip;]

Des journées entières dans les vignes
