{"id":37791,"date":"2022-08-02T13:39:17","date_gmt":"2022-08-02T11:39:17","guid":{"rendered":"https:\/\/www.mesvendanges.com\/shop\/non%20class\u00e9\/les-sens-du-fruit-blanc-3\/"},"modified":"2023-12-05T21:51:55","modified_gmt":"2023-12-05T20:51:55","slug":"les-sens-du-fruit-blanc-jonc-blanc-ch-2013-75cl","status":"publish","type":"product","link":"https:\/\/www.mesvendanges.com\/fr\/boutique\/vins\/les-sens-du-fruit-blanc-jonc-blanc-ch-2013-75cl\/","title":{"rendered":"LES SENS DU FRUIT &#8211; Blanc"},"content":{"rendered":"<p>Vin de France blanc 2012 \u00ab Les Sens du Fruit \u00bb Ce vin blanc sec et tendre est issu de 35% de Sauvignon gris et de 35% de Sauvignon blanc et 30% de S\u00e9millon, vinifi\u00e9 en cuve inox, \u00e9lev\u00e9 sur lies fines. Un fruit puissant, tr\u00e8s m\u00fbr avec un bel \u00e9quilibre, une bouche ronde et ample sur une finale fra\u00eeche et tonique. R\u00e9server aux plats exotiques, viandes blanches et fromage.<\/p>\n<div><\/div>\n<div>&nbsp;Le Ch\u00e2teau Jonc-Blanc est en agriculture biologique certifi\u00e9e.<\/div>\n","protected":false},"excerpt":{"rendered":"<p>Vin de France blanc 2012 \u00ab Les Sens du Fruit \u00bb Ce vin blanc sec et tendre est issu de 35% de Sauvignon gris et de 35% de Sauvignon blanc et 30% de S\u00e9millon, vinifi\u00e9 en cuve inox, \u00e9lev\u00e9 sur lies fines. Un fruit puissant, tr\u00e8s m\u00fbr avec un bel \u00e9quilibre, une bouche ronde et [&hellip;]<\/p>\n","protected":false},"featured_media":0,"template":"","meta":[],"product_cat":[3736],"product_tag":[],"acf":[],"yoast_head":"<!-- This site is optimized with the Yoast SEO plugin v19.3 - https:\/\/yoast.com\/wordpress\/plugins\/seo\/ -->\n<title>LES SENS DU FRUIT - Blanc - Mes Vendanges<\/title>\n<meta name=\"robots\" content=\"index, follow, max-snippet:-1, max-image-preview:large, max-video-preview:-1\" \/>\n<link rel=\"canonical\" href=\"https:\/\/www.mesvendanges.com\/fr\/boutique\/vins\/les-sens-du-fruit-blanc-jonc-blanc-ch-2013-75cl\/\" \/>\n<meta property=\"og:locale\" content=\"fr_FR\" \/>\n<meta property=\"og:type\" content=\"article\" \/>\n<meta property=\"og:title\" content=\"LES SENS DU FRUIT - Blanc - Mes Vendanges\" \/>\n<meta property=\"og:description\" content=\"Vin de France blanc 2012 \u00ab Les Sens du Fruit \u00bb Ce vin blanc sec et tendre est issu de 35% de Sauvignon gris et de 35% de Sauvignon blanc et 30% de S\u00e9millon, vinifi\u00e9 en cuve inox, \u00e9lev\u00e9 sur lies fines. Un fruit puissant, tr\u00e8s m\u00fbr avec un bel \u00e9quilibre, une bouche ronde et [&hellip;]\" \/>\n<meta property=\"og:url\" content=\"https:\/\/www.mesvendanges.com\/fr\/boutique\/vins\/les-sens-du-fruit-blanc-jonc-blanc-ch-2013-75cl\/\" \/>\n<meta property=\"og:site_name\" content=\"Mes Vendanges\" \/>\n<meta property=\"article:modified_time\" content=\"2023-12-05T20:51:55+00:00\" \/>\n<meta name=\"twitter:card\" content=\"summary_large_image\" \/>\n<script type=\"application\/ld+json\" class=\"yoast-schema-graph\">{\"@context\":\"https:\/\/schema.org\",\"@graph\":[{\"@type\":\"Organization\",\"@id\":\"https:\/\/www.mesvendanges.com\/en\/#organization\",\"name\":\"Mes Vendanges\",\"url\":\"https:\/\/www.mesvendanges.com\/en\/\",\"sameAs\":[],\"logo\":{\"@type\":\"ImageObject\",\"inLanguage\":\"fr-FR\",\"@id\":\"https:\/\/www.mesvendanges.com\/en\/#\/schema\/logo\/image\/\",\"url\":\"https:\/\/www.mesvendanges.com\/wp-content\/uploads\/2022\/02\/logo-mesvendanges.jpg\",\"contentUrl\":\"https:\/\/www.mesvendanges.com\/wp-content\/uploads\/2022\/02\/logo-mesvendanges.jpg\",\"width\":851,\"height\":260,\"caption\":\"Mes Vendanges\"},\"image\":{\"@id\":\"https:\/\/www.mesvendanges.com\/en\/#\/schema\/logo\/image\/\"}},{\"@type\":\"WebSite\",\"@id\":\"https:\/\/www.mesvendanges.com\/en\/#website\",\"url\":\"https:\/\/www.mesvendanges.com\/en\/\",\"name\":\"Mes Vendanges\",\"description\":\"Des journ\u00e9es enti\u00e8res dans les vignes\",\"publisher\":{\"@id\":\"https:\/\/www.mesvendanges.com\/en\/#organization\"},\"potentialAction\":[{\"@type\":\"SearchAction\",\"target\":{\"@type\":\"EntryPoint\",\"urlTemplate\":\"https:\/\/www.mesvendanges.com\/en\/?s={search_term_string}\"},\"query-input\":\"required name=search_term_string\"}],\"inLanguage\":\"fr-FR\"},{\"@type\":\"WebPage\",\"@id\":\"https:\/\/www.mesvendanges.com\/fr\/boutique\/vins\/les-sens-du-fruit-blanc-jonc-blanc-ch-2013-75cl\/\",\"url\":\"https:\/\/www.mesvendanges.com\/fr\/boutique\/vins\/les-sens-du-fruit-blanc-jonc-blanc-ch-2013-75cl\/\",\"name\":\"LES SENS DU FRUIT - Blanc - Mes Vendanges\",\"isPartOf\":{\"@id\":\"https:\/\/www.mesvendanges.com\/en\/#website\"},\"datePublished\":\"2022-08-02T11:39:17+00:00\",\"dateModified\":\"2023-12-05T20:51:55+00:00\",\"breadcrumb\":{\"@id\":\"https:\/\/www.mesvendanges.com\/fr\/boutique\/vins\/les-sens-du-fruit-blanc-jonc-blanc-ch-2013-75cl\/#breadcrumb\"},\"inLanguage\":\"fr-FR\",\"potentialAction\":[{\"@type\":\"ReadAction\",\"target\":[\"https:\/\/www.mesvendanges.com\/fr\/boutique\/vins\/les-sens-du-fruit-blanc-jonc-blanc-ch-2013-75cl\/\"]}]},{\"@type\":\"BreadcrumbList\",\"@id\":\"https:\/\/www.mesvendanges.com\/fr\/boutique\/vins\/les-sens-du-fruit-blanc-jonc-blanc-ch-2013-75cl\/#breadcrumb\",\"itemListElement\":[{\"@type\":\"ListItem\",\"position\":1,\"name\":\"Accueil\",\"item\":\"https:\/\/www.mesvendanges.com\/fr\/\"},{\"@type\":\"ListItem\",\"position\":2,\"name\":\"Boutique\",\"item\":\"https:\/\/www.mesvendanges.com\/fr\/boutique\/\"},{\"@type\":\"ListItem\",\"position\":3,\"name\":\"LES SENS DU FRUIT &#8211; Blanc\"}]}]}<\/script>\n<!-- \/ Yoast SEO plugin. -->","yoast_head_json":{"title":"LES SENS DU FRUIT - Blanc - Mes Vendanges","robots":{"index":"index","follow":"follow","max-snippet":"max-snippet:-1","max-image-preview":"max-image-preview:large","max-video-preview":"max-video-preview:-1"},"canonical":"https:\/\/www.mesvendanges.com\/fr\/boutique\/vins\/les-sens-du-fruit-blanc-jonc-blanc-ch-2013-75cl\/","og_locale":"fr_FR","og_type":"article","og_title":"LES SENS DU FRUIT - Blanc - Mes Vendanges","og_description":"Vin de France blanc 2012 \u00ab Les Sens du Fruit \u00bb Ce vin blanc sec et tendre est issu de 35% de Sauvignon gris et de 35% de Sauvignon blanc et 30% de S\u00e9millon, vinifi\u00e9 en cuve inox, \u00e9lev\u00e9 sur lies fines. Un fruit puissant, tr\u00e8s m\u00fbr avec un bel \u00e9quilibre, une bouche ronde et [&hellip;]","og_url":"https:\/\/www.mesvendanges.com\/fr\/boutique\/vins\/les-sens-du-fruit-blanc-jonc-blanc-ch-2013-75cl\/","og_site_name":"Mes Vendanges","article_modified_time":"2023-12-05T20:51:55+00:00","twitter_card":"summary_large_image","schema":{"@context":"https:\/\/schema.org","@graph":[{"@type":"Organization","@id":"https:\/\/www.mesvendanges.com\/en\/#organization","name":"Mes Vendanges","url":"https:\/\/www.mesvendanges.com\/en\/","sameAs":[],"logo":{"@type":"ImageObject","inLanguage":"fr-FR","@id":"https:\/\/www.mesvendanges.com\/en\/#\/schema\/logo\/image\/","url":"https:\/\/www.mesvendanges.com\/wp-content\/uploads\/2022\/02\/logo-mesvendanges.jpg","contentUrl":"https:\/\/www.mesvendanges.com\/wp-content\/uploads\/2022\/02\/logo-mesvendanges.jpg","width":851,"height":260,"caption":"Mes Vendanges"},"image":{"@id":"https:\/\/www.mesvendanges.com\/en\/#\/schema\/logo\/image\/"}},{"@type":"WebSite","@id":"https:\/\/www.mesvendanges.com\/en\/#website","url":"https:\/\/www.mesvendanges.com\/en\/","name":"Mes Vendanges","description":"Des journ\u00e9es enti\u00e8res dans les vignes","publisher":{"@id":"https:\/\/www.mesvendanges.com\/en\/#organization"},"potentialAction":[{"@type":"SearchAction","target":{"@type":"EntryPoint","urlTemplate":"https:\/\/www.mesvendanges.com\/en\/?s={search_term_string}"},"query-input":"required name=search_term_string"}],"inLanguage":"fr-FR"},{"@type":"WebPage","@id":"https:\/\/www.mesvendanges.com\/fr\/boutique\/vins\/les-sens-du-fruit-blanc-jonc-blanc-ch-2013-75cl\/","url":"https:\/\/www.mesvendanges.com\/fr\/boutique\/vins\/les-sens-du-fruit-blanc-jonc-blanc-ch-2013-75cl\/","name":"LES SENS DU FRUIT - Blanc - Mes Vendanges","isPartOf":{"@id":"https:\/\/www.mesvendanges.com\/en\/#website"},"datePublished":"2022-08-02T11:39:17+00:00","dateModified":"2023-12-05T20:51:55+00:00","breadcrumb":{"@id":"https:\/\/www.mesvendanges.com\/fr\/boutique\/vins\/les-sens-du-fruit-blanc-jonc-blanc-ch-2013-75cl\/#breadcrumb"},"inLanguage":"fr-FR","potentialAction":[{"@type":"ReadAction","target":["https:\/\/www.mesvendanges.com\/fr\/boutique\/vins\/les-sens-du-fruit-blanc-jonc-blanc-ch-2013-75cl\/"]}]},{"@type":"BreadcrumbList","@id":"https:\/\/www.mesvendanges.com\/fr\/boutique\/vins\/les-sens-du-fruit-blanc-jonc-blanc-ch-2013-75cl\/#breadcrumb","itemListElement":[{"@type":"ListItem","position":1,"name":"Accueil","item":"https:\/\/www.mesvendanges.com\/fr\/"},{"@type":"ListItem","position":2,"name":"Boutique","item":"https:\/\/www.mesvendanges.com\/fr\/boutique\/"},{"@type":"ListItem","position":3,"name":"LES SENS DU FRUIT &#8211; Blanc"}]}]}},"_links":{"self":[{"href":"https:\/\/www.mesvendanges.com\/fr\/wp-json\/wp\/v2\/product\/37791"}],"collection":[{"href":"https:\/\/www.mesvendanges.com\/fr\/wp-json\/wp\/v2\/product"}],"about":[{"href":"https:\/\/www.mesvendanges.com\/fr\/wp-json\/wp\/v2\/types\/product"}],"wp:attachment":[{"href":"https:\/\/www.mesvendanges.com\/fr\/wp-json\/wp\/v2\/media?parent=37791"}],"wp:term":[{"taxonomy":"product_cat","embeddable":true,"href":"https:\/\/www.mesvendanges.com\/fr\/wp-json\/wp\/v2\/product_cat?post=37791"},{"taxonomy":"product_tag","embeddable":true,"href":"https:\/\/www.mesvendanges.com\/fr\/wp-json\/wp\/v2\/product_tag?post=37791"}],"curies":[{"name":"wp","href":"https:\/\/api.w.org\/{rel}","templated":true}]}}

https://www.mesvendanges.com/shop/non%20classé/les-sens-du-fruit-blanc-3/

<p>Vin de France blanc 2012 « Les Sens du Fruit » Ce vin blanc sec et tendre est issu de 35% de Sauvignon gris et de 35% de Sauvignon blanc et 30% de Sémillon, vinifié en cuve inox, élevé sur lies fines. Un fruit puissant, très mûr avec un bel équilibre, une bouche ronde et ample sur une finale fraîche et tonique. Réserver aux plats exotiques, viandes blanches et fromage.</p>
<div></div>
<div>&nbsp;Le Château Jonc-Blanc est en agriculture biologique certifiée.</div>

<p>Vin de France blanc 2012 « Les Sens du Fruit » Ce vin blanc sec et tendre est issu de 35% de Sauvignon gris et de 35% de Sauvignon blanc et 30% de Sémillon, vinifié en cuve inox, élevé sur lies fines. Un fruit puissant, très mûr avec un bel équilibre, une bouche ronde et [&hellip;]</p>

<!-- This site is optimized with the Yoast SEO plugin v19.3 - https://yoast.com/wordpress/plugins/seo/ -->
<title>LES SENS DU FRUIT - Blanc - Mes Vendanges</title>
<meta name="robots" content="index, follow, max-snippet:-1, max-image-preview:large, max-video-preview:-1" />
<link rel="canonical" href="https://www.mesvendanges.com/fr/boutique/vins/les-sens-du-fruit-blanc-jonc-blanc-ch-2013-75cl/" />
<meta property="og:locale" content="fr_FR" />
<meta property="og:type" content="article" />
<meta property="og:title" content="LES SENS DU FRUIT - Blanc - Mes Vendanges" />
<meta property="og:description" content="Vin de France blanc 2012 « Les Sens du Fruit » Ce vin blanc sec et tendre est issu de 35% de Sauvignon gris et de 35% de Sauvignon blanc et 30% de Sémillon, vinifié en cuve inox, élevé sur lies fines. Un fruit puissant, très mûr avec un bel équilibre, une bouche ronde et [&hellip;]" />
<meta property="og:url" content="https://www.mesvendanges.com/fr/boutique/vins/les-sens-du-fruit-blanc-jonc-blanc-ch-2013-75cl/" />
<meta property="og:site_name" content="Mes Vendanges" />
<meta property="article:modified_time" content="2023-12-05T20:51:55+00:00" />
<meta name="twitter:card" content="summary_large_image" />
<script type="application/ld+json" class="yoast-schema-graph">{"@context":"https://schema.org","@graph":[{"@type":"Organization","@id":"https://www.mesvendanges.com/en/#organization","name":"Mes Vendanges","url":"https://www.mesvendanges.com/en/","sameAs":[],"logo":{"@type":"ImageObject","inLanguage":"fr-FR","@id":"https://www.mesvendanges.com/en/#/schema/logo/image/","url":"https://www.mesvendanges.com/wp-content/uploads/2022/02/logo-mesvendanges.jpg","contentUrl":"https://www.mesvendanges.com/wp-content/uploads/2022/02/logo-mesvendanges.jpg","width":851,"height":260,"caption":"Mes Vendanges"},"image":{"@id":"https://www.mesvendanges.com/en/#/schema/logo/image/"}},{"@type":"WebSite","@id":"https://www.mesvendanges.com/en/#website","url":"https://www.mesvendanges.com/en/","name":"Mes Vendanges","description":"Des journées entières dans les vignes","publisher":{"@id":"https://www.mesvendanges.com/en/#organization"},"potentialAction":[{"@type":"SearchAction","target":{"@type":"EntryPoint","urlTemplate":"https://www.mesvendanges.com/en/?s={search_term_string}"},"query-input":"required name=search_term_string"}],"inLanguage":"fr-FR"},{"@type":"WebPage","@id":"https://www.mesvendanges.com/fr/boutique/vins/les-sens-du-fruit-blanc-jonc-blanc-ch-2013-75cl/","url":"https://www.mesvendanges.com/fr/boutique/vins/les-sens-du-fruit-blanc-jonc-blanc-ch-2013-75cl/","name":"LES SENS DU FRUIT - Blanc - Mes Vendanges","isPartOf":{"@id":"https://www.mesvendanges.com/en/#website"},"datePublished":"2022-08-02T11:39:17+00:00","dateModified":"2023-12-05T20:51:55+00:00","breadcrumb":{"@id":"https://www.mesvendanges.com/fr/boutique/vins/les-sens-du-fruit-blanc-jonc-blanc-ch-2013-75cl/#breadcrumb"},"inLanguage":"fr-FR","potentialAction":[{"@type":"ReadAction","target":["https://www.mesvendanges.com/fr/boutique/vins/les-sens-du-fruit-blanc-jonc-blanc-ch-2013-75cl/"]}]},{"@type":"BreadcrumbList","@id":"https://www.mesvendanges.com/fr/boutique/vins/les-sens-du-fruit-blanc-jonc-blanc-ch-2013-75cl/#breadcrumb","itemListElement":[{"@type":"ListItem","position":1,"name":"Accueil","item":"https://www.mesvendanges.com/fr/"},{"@type":"ListItem","position":2,"name":"Boutique","item":"https://www.mesvendanges.com/fr/boutique/"},{"@type":"ListItem","position":3,"name":"LES SENS DU FRUIT &#8211; Blanc"}]}]}</script>
<!-- / Yoast SEO plugin. -->

Vin de France blanc 2012 « Les Sens du Fruit » Ce vin blanc sec et tendre est issu de 35% de Sauvignon gris et de 35% de Sauvignon blanc et 30% de Sémillon, vinifié en cuve inox, élevé sur lies fines. Un fruit puissant, très mûr avec un bel équilibre, une bouche ronde et [&hellip;]

Des journées entières dans les vignes
