{"id":38333,"date":"2022-08-02T13:52:52","date_gmt":"2022-08-02T11:52:52","guid":{"rendered":"https:\/\/www.mesvendanges.com\/shop\/non%20class\u00e9\/les-beaux-monts-3\/"},"modified":"2023-12-05T13:10:14","modified_gmt":"2023-12-05T12:10:14","slug":"les-beaux-monts-clavelier-bruno-2013-75cl","status":"publish","type":"product","link":"https:\/\/www.mesvendanges.com\/fr\/boutique\/vins\/les-beaux-monts-clavelier-bruno-2013-75cl\/","title":{"rendered":"LES BEAUX-MONTS"},"content":{"rendered":"<p><span style=\"color: rgb(45, 45, 45); font-family: verdana, Arial, 'sans serif'; font-size: 12px; text-align: justify;\">La parcelle du domaine occupe 49,60 ares dans la partie centrale du cru. La vigne, plant\u00e9e en s\u00e9lection massale juste apr\u00e8s la seconde guerre mondiale, est \u00e2g\u00e9e d\u2019environ 65 ans.<\/span><br style=\"color: rgb(45, 45, 45); font-family: verdana, Arial, 'sans serif'; font-size: 12px; text-align: justify;\"><span style=\"color: rgb(45, 45, 45); font-family: verdana, Arial, 'sans serif'; font-size: 12px; text-align: justify;\">L\u2019exposition y est Est Sud-Est. C\u2019est une vigne \u00e0 la situation tr\u00e8s saine : bien ventil\u00e9e, tr\u00e8s ensoleill\u00e9e avec une grande luminosit\u00e9. Le sol, constitu\u00e9 d\u2019argiles de couleur ocre rouge et de cailloux, est d\u2019une profondeur de 30 \u00e0 40 cm, sur un substrat m\u00ealant le calcaire oolithique et des calcaires plus durs (Comblanchien\/Pr\u00e9meaux) affleurant par endroits. La forte pierosit\u00e9 et la pente garantissent un excellent drainage.<\/span><br style=\"color: rgb(45, 45, 45); font-family: verdana, Arial, 'sans serif'; font-size: 12px; text-align: justify;\"><span style=\"color: rgb(45, 45, 45); font-family: verdana, Arial, 'sans serif'; font-size: 12px; text-align: justify;\">La pl\u00e9nitude de la situation et l\u2019\u00e2ge des vignes donnent r\u00e9guli\u00e8rement un vin plein \u00e0 l\u2019autorit\u00e9 tranquille. D\u2019une grande complexit\u00e9 d\u2019expression, la mati\u00e8re est velout\u00e9e, structur\u00e9e et \u00e9l\u00e9gante. Le&nbsp;<\/span><strong style=\"color: rgb(45, 45, 45); font-family: verdana, Arial, 'sans serif'; font-size: 12px; text-align: justify;\">vosne-roman\u00e9e 1er cru Les Beaux Monts<\/strong><span style=\"color: rgb(45, 45, 45); font-family: verdana, Arial, 'sans serif'; font-size: 12px; text-align: justify;\">&nbsp;est un vin complet aux tanins denses et profonds qui a besoin de temps pour d\u00e9velopper toute la finesse de sa texture. La riche palette de ses ar\u00f4mes d\u00e9voile tour \u00e0 tour des notes de fruits rouges, de cerise bigarreau, de prunes, de fleurs capiteuses et de pain d\u2019\u00e9pice.<\/span><\/p>\n","protected":false},"excerpt":{"rendered":"<p>La parcelle du domaine occupe 49,60 ares dans la partie centrale du cru. La vigne, plant\u00e9e en s\u00e9lection massale juste apr\u00e8s la seconde guerre mondiale, est \u00e2g\u00e9e d\u2019environ 65 ans.L\u2019exposition y est Est Sud-Est. C\u2019est une vigne \u00e0 la situation tr\u00e8s saine : bien ventil\u00e9e, tr\u00e8s ensoleill\u00e9e avec une grande luminosit\u00e9. Le sol, constitu\u00e9 d\u2019argiles [&hellip;]<\/p>\n","protected":false},"featured_media":0,"template":"","meta":[],"product_cat":[3736],"product_tag":[],"acf":[],"yoast_head":"<!-- This site is optimized with the Yoast SEO plugin v19.3 - https:\/\/yoast.com\/wordpress\/plugins\/seo\/ -->\n<title>LES BEAUX-MONTS - Mes Vendanges<\/title>\n<meta name=\"robots\" content=\"index, follow, max-snippet:-1, max-image-preview:large, max-video-preview:-1\" \/>\n<link rel=\"canonical\" href=\"https:\/\/www.mesvendanges.com\/fr\/boutique\/vins\/les-beaux-monts-clavelier-bruno-2013-75cl\/\" \/>\n<meta property=\"og:locale\" content=\"fr_FR\" \/>\n<meta property=\"og:type\" content=\"article\" \/>\n<meta property=\"og:title\" content=\"LES BEAUX-MONTS - Mes Vendanges\" \/>\n<meta property=\"og:description\" content=\"La parcelle du domaine occupe 49,60 ares dans la partie centrale du cru. La vigne, plant\u00e9e en s\u00e9lection massale juste apr\u00e8s la seconde guerre mondiale, est \u00e2g\u00e9e d\u2019environ 65 ans.L\u2019exposition y est Est Sud-Est. C\u2019est une vigne \u00e0 la situation tr\u00e8s saine : bien ventil\u00e9e, tr\u00e8s ensoleill\u00e9e avec une grande luminosit\u00e9. Le sol, constitu\u00e9 d\u2019argiles [&hellip;]\" \/>\n<meta property=\"og:url\" content=\"https:\/\/www.mesvendanges.com\/fr\/boutique\/vins\/les-beaux-monts-clavelier-bruno-2013-75cl\/\" \/>\n<meta property=\"og:site_name\" content=\"Mes Vendanges\" \/>\n<meta property=\"article:modified_time\" content=\"2023-12-05T12:10:14+00:00\" \/>\n<meta name=\"twitter:card\" content=\"summary_large_image\" \/>\n<meta name=\"twitter:label1\" content=\"Dur\u00e9e de lecture estim\u00e9e\" \/>\n\t<meta name=\"twitter:data1\" content=\"1 minute\" \/>\n<script type=\"application\/ld+json\" class=\"yoast-schema-graph\">{\"@context\":\"https:\/\/schema.org\",\"@graph\":[{\"@type\":\"Organization\",\"@id\":\"https:\/\/www.mesvendanges.com\/en\/#organization\",\"name\":\"Mes Vendanges\",\"url\":\"https:\/\/www.mesvendanges.com\/en\/\",\"sameAs\":[],\"logo\":{\"@type\":\"ImageObject\",\"inLanguage\":\"fr-FR\",\"@id\":\"https:\/\/www.mesvendanges.com\/en\/#\/schema\/logo\/image\/\",\"url\":\"https:\/\/www.mesvendanges.com\/wp-content\/uploads\/2022\/02\/logo-mesvendanges.jpg\",\"contentUrl\":\"https:\/\/www.mesvendanges.com\/wp-content\/uploads\/2022\/02\/logo-mesvendanges.jpg\",\"width\":851,\"height\":260,\"caption\":\"Mes Vendanges\"},\"image\":{\"@id\":\"https:\/\/www.mesvendanges.com\/en\/#\/schema\/logo\/image\/\"}},{\"@type\":\"WebSite\",\"@id\":\"https:\/\/www.mesvendanges.com\/en\/#website\",\"url\":\"https:\/\/www.mesvendanges.com\/en\/\",\"name\":\"Mes Vendanges\",\"description\":\"Des journ\u00e9es enti\u00e8res dans les vignes\",\"publisher\":{\"@id\":\"https:\/\/www.mesvendanges.com\/en\/#organization\"},\"potentialAction\":[{\"@type\":\"SearchAction\",\"target\":{\"@type\":\"EntryPoint\",\"urlTemplate\":\"https:\/\/www.mesvendanges.com\/en\/?s={search_term_string}\"},\"query-input\":\"required name=search_term_string\"}],\"inLanguage\":\"fr-FR\"},{\"@type\":\"WebPage\",\"@id\":\"https:\/\/www.mesvendanges.com\/fr\/boutique\/vins\/les-beaux-monts-clavelier-bruno-2013-75cl\/\",\"url\":\"https:\/\/www.mesvendanges.com\/fr\/boutique\/vins\/les-beaux-monts-clavelier-bruno-2013-75cl\/\",\"name\":\"LES BEAUX-MONTS - Mes Vendanges\",\"isPartOf\":{\"@id\":\"https:\/\/www.mesvendanges.com\/en\/#website\"},\"datePublished\":\"2022-08-02T11:52:52+00:00\",\"dateModified\":\"2023-12-05T12:10:14+00:00\",\"breadcrumb\":{\"@id\":\"https:\/\/www.mesvendanges.com\/fr\/boutique\/vins\/les-beaux-monts-clavelier-bruno-2013-75cl\/#breadcrumb\"},\"inLanguage\":\"fr-FR\",\"potentialAction\":[{\"@type\":\"ReadAction\",\"target\":[\"https:\/\/www.mesvendanges.com\/fr\/boutique\/vins\/les-beaux-monts-clavelier-bruno-2013-75cl\/\"]}]},{\"@type\":\"BreadcrumbList\",\"@id\":\"https:\/\/www.mesvendanges.com\/fr\/boutique\/vins\/les-beaux-monts-clavelier-bruno-2013-75cl\/#breadcrumb\",\"itemListElement\":[{\"@type\":\"ListItem\",\"position\":1,\"name\":\"Accueil\",\"item\":\"https:\/\/www.mesvendanges.com\/fr\/\"},{\"@type\":\"ListItem\",\"position\":2,\"name\":\"Boutique\",\"item\":\"https:\/\/www.mesvendanges.com\/fr\/boutique\/\"},{\"@type\":\"ListItem\",\"position\":3,\"name\":\"LES BEAUX-MONTS\"}]}]}<\/script>\n<!-- \/ Yoast SEO plugin. -->","yoast_head_json":{"title":"LES BEAUX-MONTS - Mes Vendanges","robots":{"index":"index","follow":"follow","max-snippet":"max-snippet:-1","max-image-preview":"max-image-preview:large","max-video-preview":"max-video-preview:-1"},"canonical":"https:\/\/www.mesvendanges.com\/fr\/boutique\/vins\/les-beaux-monts-clavelier-bruno-2013-75cl\/","og_locale":"fr_FR","og_type":"article","og_title":"LES BEAUX-MONTS - Mes Vendanges","og_description":"La parcelle du domaine occupe 49,60 ares dans la partie centrale du cru. La vigne, plant\u00e9e en s\u00e9lection massale juste apr\u00e8s la seconde guerre mondiale, est \u00e2g\u00e9e d\u2019environ 65 ans.L\u2019exposition y est Est Sud-Est. C\u2019est une vigne \u00e0 la situation tr\u00e8s saine : bien ventil\u00e9e, tr\u00e8s ensoleill\u00e9e avec une grande luminosit\u00e9. Le sol, constitu\u00e9 d\u2019argiles [&hellip;]","og_url":"https:\/\/www.mesvendanges.com\/fr\/boutique\/vins\/les-beaux-monts-clavelier-bruno-2013-75cl\/","og_site_name":"Mes Vendanges","article_modified_time":"2023-12-05T12:10:14+00:00","twitter_card":"summary_large_image","twitter_misc":{"Dur\u00e9e de lecture estim\u00e9e":"1 minute"},"schema":{"@context":"https:\/\/schema.org","@graph":[{"@type":"Organization","@id":"https:\/\/www.mesvendanges.com\/en\/#organization","name":"Mes Vendanges","url":"https:\/\/www.mesvendanges.com\/en\/","sameAs":[],"logo":{"@type":"ImageObject","inLanguage":"fr-FR","@id":"https:\/\/www.mesvendanges.com\/en\/#\/schema\/logo\/image\/","url":"https:\/\/www.mesvendanges.com\/wp-content\/uploads\/2022\/02\/logo-mesvendanges.jpg","contentUrl":"https:\/\/www.mesvendanges.com\/wp-content\/uploads\/2022\/02\/logo-mesvendanges.jpg","width":851,"height":260,"caption":"Mes Vendanges"},"image":{"@id":"https:\/\/www.mesvendanges.com\/en\/#\/schema\/logo\/image\/"}},{"@type":"WebSite","@id":"https:\/\/www.mesvendanges.com\/en\/#website","url":"https:\/\/www.mesvendanges.com\/en\/","name":"Mes Vendanges","description":"Des journ\u00e9es enti\u00e8res dans les vignes","publisher":{"@id":"https:\/\/www.mesvendanges.com\/en\/#organization"},"potentialAction":[{"@type":"SearchAction","target":{"@type":"EntryPoint","urlTemplate":"https:\/\/www.mesvendanges.com\/en\/?s={search_term_string}"},"query-input":"required name=search_term_string"}],"inLanguage":"fr-FR"},{"@type":"WebPage","@id":"https:\/\/www.mesvendanges.com\/fr\/boutique\/vins\/les-beaux-monts-clavelier-bruno-2013-75cl\/","url":"https:\/\/www.mesvendanges.com\/fr\/boutique\/vins\/les-beaux-monts-clavelier-bruno-2013-75cl\/","name":"LES BEAUX-MONTS - Mes Vendanges","isPartOf":{"@id":"https:\/\/www.mesvendanges.com\/en\/#website"},"datePublished":"2022-08-02T11:52:52+00:00","dateModified":"2023-12-05T12:10:14+00:00","breadcrumb":{"@id":"https:\/\/www.mesvendanges.com\/fr\/boutique\/vins\/les-beaux-monts-clavelier-bruno-2013-75cl\/#breadcrumb"},"inLanguage":"fr-FR","potentialAction":[{"@type":"ReadAction","target":["https:\/\/www.mesvendanges.com\/fr\/boutique\/vins\/les-beaux-monts-clavelier-bruno-2013-75cl\/"]}]},{"@type":"BreadcrumbList","@id":"https:\/\/www.mesvendanges.com\/fr\/boutique\/vins\/les-beaux-monts-clavelier-bruno-2013-75cl\/#breadcrumb","itemListElement":[{"@type":"ListItem","position":1,"name":"Accueil","item":"https:\/\/www.mesvendanges.com\/fr\/"},{"@type":"ListItem","position":2,"name":"Boutique","item":"https:\/\/www.mesvendanges.com\/fr\/boutique\/"},{"@type":"ListItem","position":3,"name":"LES BEAUX-MONTS"}]}]}},"_links":{"self":[{"href":"https:\/\/www.mesvendanges.com\/fr\/wp-json\/wp\/v2\/product\/38333"}],"collection":[{"href":"https:\/\/www.mesvendanges.com\/fr\/wp-json\/wp\/v2\/product"}],"about":[{"href":"https:\/\/www.mesvendanges.com\/fr\/wp-json\/wp\/v2\/types\/product"}],"wp:attachment":[{"href":"https:\/\/www.mesvendanges.com\/fr\/wp-json\/wp\/v2\/media?parent=38333"}],"wp:term":[{"taxonomy":"product_cat","embeddable":true,"href":"https:\/\/www.mesvendanges.com\/fr\/wp-json\/wp\/v2\/product_cat?post=38333"},{"taxonomy":"product_tag","embeddable":true,"href":"https:\/\/www.mesvendanges.com\/fr\/wp-json\/wp\/v2\/product_tag?post=38333"}],"curies":[{"name":"wp","href":"https:\/\/api.w.org\/{rel}","templated":true}]}}

https://www.mesvendanges.com/shop/non%20classé/les-beaux-monts-3/

<p><span style="color: rgb(45, 45, 45); font-family: verdana, Arial, 'sans serif'; font-size: 12px; text-align: justify;">La parcelle du domaine occupe 49,60 ares dans la partie centrale du cru. La vigne, plantée en sélection massale juste après la seconde guerre mondiale, est âgée d’environ 65 ans.</span><br style="color: rgb(45, 45, 45); font-family: verdana, Arial, 'sans serif'; font-size: 12px; text-align: justify;"><span style="color: rgb(45, 45, 45); font-family: verdana, Arial, 'sans serif'; font-size: 12px; text-align: justify;">L’exposition y est Est Sud-Est. C’est une vigne à la situation très saine : bien ventilée, très ensoleillée avec une grande luminosité. Le sol, constitué d’argiles de couleur ocre rouge et de cailloux, est d’une profondeur de 30 à 40 cm, sur un substrat mêlant le calcaire oolithique et des calcaires plus durs (Comblanchien/Prémeaux) affleurant par endroits. La forte pierosité et la pente garantissent un excellent drainage.</span><br style="color: rgb(45, 45, 45); font-family: verdana, Arial, 'sans serif'; font-size: 12px; text-align: justify;"><span style="color: rgb(45, 45, 45); font-family: verdana, Arial, 'sans serif'; font-size: 12px; text-align: justify;">La plénitude de la situation et l’âge des vignes donnent régulièrement un vin plein à l’autorité tranquille. D’une grande complexité d’expression, la matière est veloutée, structurée et élégante. Le&nbsp;</span><strong style="color: rgb(45, 45, 45); font-family: verdana, Arial, 'sans serif'; font-size: 12px; text-align: justify;">vosne-romanée 1er cru Les Beaux Monts</strong><span style="color: rgb(45, 45, 45); font-family: verdana, Arial, 'sans serif'; font-size: 12px; text-align: justify;">&nbsp;est un vin complet aux tanins denses et profonds qui a besoin de temps pour développer toute la finesse de sa texture. La riche palette de ses arômes dévoile tour à tour des notes de fruits rouges, de cerise bigarreau, de prunes, de fleurs capiteuses et de pain d’épice.</span></p>

<p>La parcelle du domaine occupe 49,60 ares dans la partie centrale du cru. La vigne, plantée en sélection massale juste après la seconde guerre mondiale, est âgée d’environ 65 ans.L’exposition y est Est Sud-Est. C’est une vigne à la situation très saine : bien ventilée, très ensoleillée avec une grande luminosité. Le sol, constitué d’argiles [&hellip;]</p>

<!-- This site is optimized with the Yoast SEO plugin v19.3 - https://yoast.com/wordpress/plugins/seo/ -->
<title>LES BEAUX-MONTS - Mes Vendanges</title>
<meta name="robots" content="index, follow, max-snippet:-1, max-image-preview:large, max-video-preview:-1" />
<link rel="canonical" href="https://www.mesvendanges.com/fr/boutique/vins/les-beaux-monts-clavelier-bruno-2013-75cl/" />
<meta property="og:locale" content="fr_FR" />
<meta property="og:type" content="article" />
<meta property="og:title" content="LES BEAUX-MONTS - Mes Vendanges" />
<meta property="og:description" content="La parcelle du domaine occupe 49,60 ares dans la partie centrale du cru. La vigne, plantée en sélection massale juste après la seconde guerre mondiale, est âgée d’environ 65 ans.L’exposition y est Est Sud-Est. C’est une vigne à la situation très saine : bien ventilée, très ensoleillée avec une grande luminosité. Le sol, constitué d’argiles [&hellip;]" />
<meta property="og:url" content="https://www.mesvendanges.com/fr/boutique/vins/les-beaux-monts-clavelier-bruno-2013-75cl/" />
<meta property="og:site_name" content="Mes Vendanges" />
<meta property="article:modified_time" content="2023-12-05T12:10:14+00:00" />
<meta name="twitter:card" content="summary_large_image" />
<meta name="twitter:label1" content="Durée de lecture estimée" />
	<meta name="twitter:data1" content="1 minute" />
<script type="application/ld+json" class="yoast-schema-graph">{"@context":"https://schema.org","@graph":[{"@type":"Organization","@id":"https://www.mesvendanges.com/en/#organization","name":"Mes Vendanges","url":"https://www.mesvendanges.com/en/","sameAs":[],"logo":{"@type":"ImageObject","inLanguage":"fr-FR","@id":"https://www.mesvendanges.com/en/#/schema/logo/image/","url":"https://www.mesvendanges.com/wp-content/uploads/2022/02/logo-mesvendanges.jpg","contentUrl":"https://www.mesvendanges.com/wp-content/uploads/2022/02/logo-mesvendanges.jpg","width":851,"height":260,"caption":"Mes Vendanges"},"image":{"@id":"https://www.mesvendanges.com/en/#/schema/logo/image/"}},{"@type":"WebSite","@id":"https://www.mesvendanges.com/en/#website","url":"https://www.mesvendanges.com/en/","name":"Mes Vendanges","description":"Des journées entières dans les vignes","publisher":{"@id":"https://www.mesvendanges.com/en/#organization"},"potentialAction":[{"@type":"SearchAction","target":{"@type":"EntryPoint","urlTemplate":"https://www.mesvendanges.com/en/?s={search_term_string}"},"query-input":"required name=search_term_string"}],"inLanguage":"fr-FR"},{"@type":"WebPage","@id":"https://www.mesvendanges.com/fr/boutique/vins/les-beaux-monts-clavelier-bruno-2013-75cl/","url":"https://www.mesvendanges.com/fr/boutique/vins/les-beaux-monts-clavelier-bruno-2013-75cl/","name":"LES BEAUX-MONTS - Mes Vendanges","isPartOf":{"@id":"https://www.mesvendanges.com/en/#website"},"datePublished":"2022-08-02T11:52:52+00:00","dateModified":"2023-12-05T12:10:14+00:00","breadcrumb":{"@id":"https://www.mesvendanges.com/fr/boutique/vins/les-beaux-monts-clavelier-bruno-2013-75cl/#breadcrumb"},"inLanguage":"fr-FR","potentialAction":[{"@type":"ReadAction","target":["https://www.mesvendanges.com/fr/boutique/vins/les-beaux-monts-clavelier-bruno-2013-75cl/"]}]},{"@type":"BreadcrumbList","@id":"https://www.mesvendanges.com/fr/boutique/vins/les-beaux-monts-clavelier-bruno-2013-75cl/#breadcrumb","itemListElement":[{"@type":"ListItem","position":1,"name":"Accueil","item":"https://www.mesvendanges.com/fr/"},{"@type":"ListItem","position":2,"name":"Boutique","item":"https://www.mesvendanges.com/fr/boutique/"},{"@type":"ListItem","position":3,"name":"LES BEAUX-MONTS"}]}]}</script>
<!-- / Yoast SEO plugin. -->

La parcelle du domaine occupe 49,60 ares dans la partie centrale du cru. La vigne, plantée en sélection massale juste après la seconde guerre mondiale, est âgée d’environ 65 ans.L’exposition y est Est Sud-Est. C’est une vigne à la situation très saine : bien ventilée, très ensoleillée avec une grande luminosité. Le sol, constitué d’argiles [&hellip;]

Des journées entières dans les vignes
