{"id":43193,"date":"2022-08-02T15:50:44","date_gmt":"2022-08-02T13:50:44","guid":{"rendered":"https:\/\/www.mesvendanges.com\/shop\/non%20class\u00e9\/les-adres-magnum\/"},"modified":"2023-12-06T06:54:27","modified_gmt":"2023-12-06T05:54:27","slug":"les-adres-magnum-trapadis-dne-du-2016-150cl","status":"publish","type":"product","link":"https:\/\/www.mesvendanges.com\/fr\/boutique\/vins\/les-adres-magnum-trapadis-dne-du-2016-150cl\/","title":{"rendered":"LES ADRES MAGNUM"},"content":{"rendered":"<p>Le Rasteau Les Adr\u00e9s du domaine du Trapadis est pour nous une tr\u00e8s belle bouteille&nbsp;m\u00e9ridionale&nbsp; Loin de la chaleur et de la puissance que l&#8217;on retrouve habituellement sur Rasteau, c&#8217;est un vin \u00e9quilibr\u00e9, fin avec beaucoup de&nbsp;fra\u00eecheur&nbsp;et surtout une superbe fruit, clair, d\u00e9li\u00e9, comme on peut en trouver en Bourgogne.<\/p>\n<div>Les terroirs de cette cuv\u00e9e sont argilo-calcaires, en coteaux, sur marnes bleues pour les Grenache (80%) et Carignan (10%); et argilo calcaire en plaine, sur argiles rouges et cailloux roul\u00e9s pour le Mourv\u00e8dre (10%). Les rendements sont autour de 15 \u00e0 20hl\/ha selon les c\u00e9pages. La vendange est \u00e9rafl\u00e9e, l\u00e9g\u00e8rement foul\u00e9e et les fermentations sont spontan\u00e9es sur levures indig\u00e8nes. Pas de pigeage mais des remontages poru privil\u00e9gier l&#8217;infusion plut\u00f4t que l&#8217;extraction. La cuvaison dure 20 jours puis les vins sont \u00e9lev\u00e9s en cuve ciment avec un passage d&#8217;une petite partie (10%) en barriques.<\/div>\n","protected":false},"excerpt":{"rendered":"<p>Le Rasteau Les Adr\u00e9s du domaine du Trapadis est pour nous une tr\u00e8s belle bouteille&nbsp;m\u00e9ridionale&nbsp; Loin de la chaleur et de la puissance que l&#8217;on retrouve habituellement sur Rasteau, c&#8217;est un vin \u00e9quilibr\u00e9, fin avec beaucoup de&nbsp;fra\u00eecheur&nbsp;et surtout une superbe fruit, clair, d\u00e9li\u00e9, comme on peut en trouver en Bourgogne. Les terroirs de cette cuv\u00e9e [&hellip;]<\/p>\n","protected":false},"featured_media":0,"template":"","meta":[],"product_cat":[3736],"product_tag":[],"acf":[],"yoast_head":"<!-- This site is optimized with the Yoast SEO plugin v19.3 - https:\/\/yoast.com\/wordpress\/plugins\/seo\/ -->\n<title>LES ADRES MAGNUM - Mes Vendanges<\/title>\n<meta name=\"robots\" content=\"index, follow, max-snippet:-1, max-image-preview:large, max-video-preview:-1\" \/>\n<link rel=\"canonical\" href=\"https:\/\/www.mesvendanges.com\/fr\/boutique\/vins\/les-adres-magnum-trapadis-dne-du-2016-150cl\/\" \/>\n<meta property=\"og:locale\" content=\"fr_FR\" \/>\n<meta property=\"og:type\" content=\"article\" \/>\n<meta property=\"og:title\" content=\"LES ADRES MAGNUM - Mes Vendanges\" \/>\n<meta property=\"og:description\" content=\"Le Rasteau Les Adr\u00e9s du domaine du Trapadis est pour nous une tr\u00e8s belle bouteille&nbsp;m\u00e9ridionale&nbsp; Loin de la chaleur et de la puissance que l&#8217;on retrouve habituellement sur Rasteau, c&#8217;est un vin \u00e9quilibr\u00e9, fin avec beaucoup de&nbsp;fra\u00eecheur&nbsp;et surtout une superbe fruit, clair, d\u00e9li\u00e9, comme on peut en trouver en Bourgogne. Les terroirs de cette cuv\u00e9e [&hellip;]\" \/>\n<meta property=\"og:url\" content=\"https:\/\/www.mesvendanges.com\/fr\/boutique\/vins\/les-adres-magnum-trapadis-dne-du-2016-150cl\/\" \/>\n<meta property=\"og:site_name\" content=\"Mes Vendanges\" \/>\n<meta property=\"article:modified_time\" content=\"2023-12-06T05:54:27+00:00\" \/>\n<meta name=\"twitter:card\" content=\"summary_large_image\" \/>\n<meta name=\"twitter:label1\" content=\"Dur\u00e9e de lecture estim\u00e9e\" \/>\n\t<meta name=\"twitter:data1\" content=\"1 minute\" \/>\n<script type=\"application\/ld+json\" class=\"yoast-schema-graph\">{\"@context\":\"https:\/\/schema.org\",\"@graph\":[{\"@type\":\"Organization\",\"@id\":\"https:\/\/www.mesvendanges.com\/en\/#organization\",\"name\":\"Mes Vendanges\",\"url\":\"https:\/\/www.mesvendanges.com\/en\/\",\"sameAs\":[],\"logo\":{\"@type\":\"ImageObject\",\"inLanguage\":\"fr-FR\",\"@id\":\"https:\/\/www.mesvendanges.com\/en\/#\/schema\/logo\/image\/\",\"url\":\"https:\/\/www.mesvendanges.com\/wp-content\/uploads\/2022\/02\/logo-mesvendanges.jpg\",\"contentUrl\":\"https:\/\/www.mesvendanges.com\/wp-content\/uploads\/2022\/02\/logo-mesvendanges.jpg\",\"width\":851,\"height\":260,\"caption\":\"Mes Vendanges\"},\"image\":{\"@id\":\"https:\/\/www.mesvendanges.com\/en\/#\/schema\/logo\/image\/\"}},{\"@type\":\"WebSite\",\"@id\":\"https:\/\/www.mesvendanges.com\/en\/#website\",\"url\":\"https:\/\/www.mesvendanges.com\/en\/\",\"name\":\"Mes Vendanges\",\"description\":\"Des journ\u00e9es enti\u00e8res dans les vignes\",\"publisher\":{\"@id\":\"https:\/\/www.mesvendanges.com\/en\/#organization\"},\"potentialAction\":[{\"@type\":\"SearchAction\",\"target\":{\"@type\":\"EntryPoint\",\"urlTemplate\":\"https:\/\/www.mesvendanges.com\/en\/?s={search_term_string}\"},\"query-input\":\"required name=search_term_string\"}],\"inLanguage\":\"fr-FR\"},{\"@type\":\"WebPage\",\"@id\":\"https:\/\/www.mesvendanges.com\/fr\/boutique\/vins\/les-adres-magnum-trapadis-dne-du-2016-150cl\/\",\"url\":\"https:\/\/www.mesvendanges.com\/fr\/boutique\/vins\/les-adres-magnum-trapadis-dne-du-2016-150cl\/\",\"name\":\"LES ADRES MAGNUM - Mes Vendanges\",\"isPartOf\":{\"@id\":\"https:\/\/www.mesvendanges.com\/en\/#website\"},\"datePublished\":\"2022-08-02T13:50:44+00:00\",\"dateModified\":\"2023-12-06T05:54:27+00:00\",\"breadcrumb\":{\"@id\":\"https:\/\/www.mesvendanges.com\/fr\/boutique\/vins\/les-adres-magnum-trapadis-dne-du-2016-150cl\/#breadcrumb\"},\"inLanguage\":\"fr-FR\",\"potentialAction\":[{\"@type\":\"ReadAction\",\"target\":[\"https:\/\/www.mesvendanges.com\/fr\/boutique\/vins\/les-adres-magnum-trapadis-dne-du-2016-150cl\/\"]}]},{\"@type\":\"BreadcrumbList\",\"@id\":\"https:\/\/www.mesvendanges.com\/fr\/boutique\/vins\/les-adres-magnum-trapadis-dne-du-2016-150cl\/#breadcrumb\",\"itemListElement\":[{\"@type\":\"ListItem\",\"position\":1,\"name\":\"Accueil\",\"item\":\"https:\/\/www.mesvendanges.com\/fr\/\"},{\"@type\":\"ListItem\",\"position\":2,\"name\":\"Boutique\",\"item\":\"https:\/\/www.mesvendanges.com\/fr\/boutique\/\"},{\"@type\":\"ListItem\",\"position\":3,\"name\":\"LES ADRES MAGNUM\"}]}]}<\/script>\n<!-- \/ Yoast SEO plugin. -->","yoast_head_json":{"title":"LES ADRES MAGNUM - Mes Vendanges","robots":{"index":"index","follow":"follow","max-snippet":"max-snippet:-1","max-image-preview":"max-image-preview:large","max-video-preview":"max-video-preview:-1"},"canonical":"https:\/\/www.mesvendanges.com\/fr\/boutique\/vins\/les-adres-magnum-trapadis-dne-du-2016-150cl\/","og_locale":"fr_FR","og_type":"article","og_title":"LES ADRES MAGNUM - Mes Vendanges","og_description":"Le Rasteau Les Adr\u00e9s du domaine du Trapadis est pour nous une tr\u00e8s belle bouteille&nbsp;m\u00e9ridionale&nbsp; Loin de la chaleur et de la puissance que l&#8217;on retrouve habituellement sur Rasteau, c&#8217;est un vin \u00e9quilibr\u00e9, fin avec beaucoup de&nbsp;fra\u00eecheur&nbsp;et surtout une superbe fruit, clair, d\u00e9li\u00e9, comme on peut en trouver en Bourgogne. Les terroirs de cette cuv\u00e9e [&hellip;]","og_url":"https:\/\/www.mesvendanges.com\/fr\/boutique\/vins\/les-adres-magnum-trapadis-dne-du-2016-150cl\/","og_site_name":"Mes Vendanges","article_modified_time":"2023-12-06T05:54:27+00:00","twitter_card":"summary_large_image","twitter_misc":{"Dur\u00e9e de lecture estim\u00e9e":"1 minute"},"schema":{"@context":"https:\/\/schema.org","@graph":[{"@type":"Organization","@id":"https:\/\/www.mesvendanges.com\/en\/#organization","name":"Mes Vendanges","url":"https:\/\/www.mesvendanges.com\/en\/","sameAs":[],"logo":{"@type":"ImageObject","inLanguage":"fr-FR","@id":"https:\/\/www.mesvendanges.com\/en\/#\/schema\/logo\/image\/","url":"https:\/\/www.mesvendanges.com\/wp-content\/uploads\/2022\/02\/logo-mesvendanges.jpg","contentUrl":"https:\/\/www.mesvendanges.com\/wp-content\/uploads\/2022\/02\/logo-mesvendanges.jpg","width":851,"height":260,"caption":"Mes Vendanges"},"image":{"@id":"https:\/\/www.mesvendanges.com\/en\/#\/schema\/logo\/image\/"}},{"@type":"WebSite","@id":"https:\/\/www.mesvendanges.com\/en\/#website","url":"https:\/\/www.mesvendanges.com\/en\/","name":"Mes Vendanges","description":"Des journ\u00e9es enti\u00e8res dans les vignes","publisher":{"@id":"https:\/\/www.mesvendanges.com\/en\/#organization"},"potentialAction":[{"@type":"SearchAction","target":{"@type":"EntryPoint","urlTemplate":"https:\/\/www.mesvendanges.com\/en\/?s={search_term_string}"},"query-input":"required name=search_term_string"}],"inLanguage":"fr-FR"},{"@type":"WebPage","@id":"https:\/\/www.mesvendanges.com\/fr\/boutique\/vins\/les-adres-magnum-trapadis-dne-du-2016-150cl\/","url":"https:\/\/www.mesvendanges.com\/fr\/boutique\/vins\/les-adres-magnum-trapadis-dne-du-2016-150cl\/","name":"LES ADRES MAGNUM - Mes Vendanges","isPartOf":{"@id":"https:\/\/www.mesvendanges.com\/en\/#website"},"datePublished":"2022-08-02T13:50:44+00:00","dateModified":"2023-12-06T05:54:27+00:00","breadcrumb":{"@id":"https:\/\/www.mesvendanges.com\/fr\/boutique\/vins\/les-adres-magnum-trapadis-dne-du-2016-150cl\/#breadcrumb"},"inLanguage":"fr-FR","potentialAction":[{"@type":"ReadAction","target":["https:\/\/www.mesvendanges.com\/fr\/boutique\/vins\/les-adres-magnum-trapadis-dne-du-2016-150cl\/"]}]},{"@type":"BreadcrumbList","@id":"https:\/\/www.mesvendanges.com\/fr\/boutique\/vins\/les-adres-magnum-trapadis-dne-du-2016-150cl\/#breadcrumb","itemListElement":[{"@type":"ListItem","position":1,"name":"Accueil","item":"https:\/\/www.mesvendanges.com\/fr\/"},{"@type":"ListItem","position":2,"name":"Boutique","item":"https:\/\/www.mesvendanges.com\/fr\/boutique\/"},{"@type":"ListItem","position":3,"name":"LES ADRES MAGNUM"}]}]}},"_links":{"self":[{"href":"https:\/\/www.mesvendanges.com\/fr\/wp-json\/wp\/v2\/product\/43193"}],"collection":[{"href":"https:\/\/www.mesvendanges.com\/fr\/wp-json\/wp\/v2\/product"}],"about":[{"href":"https:\/\/www.mesvendanges.com\/fr\/wp-json\/wp\/v2\/types\/product"}],"wp:attachment":[{"href":"https:\/\/www.mesvendanges.com\/fr\/wp-json\/wp\/v2\/media?parent=43193"}],"wp:term":[{"taxonomy":"product_cat","embeddable":true,"href":"https:\/\/www.mesvendanges.com\/fr\/wp-json\/wp\/v2\/product_cat?post=43193"},{"taxonomy":"product_tag","embeddable":true,"href":"https:\/\/www.mesvendanges.com\/fr\/wp-json\/wp\/v2\/product_tag?post=43193"}],"curies":[{"name":"wp","href":"https:\/\/api.w.org\/{rel}","templated":true}]}}

https://www.mesvendanges.com/shop/non%20classé/les-adres-magnum/

<p>Le Rasteau Les Adrés du domaine du Trapadis est pour nous une très belle bouteille&nbsp;méridionale&nbsp; Loin de la chaleur et de la puissance que l&#8217;on retrouve habituellement sur Rasteau, c&#8217;est un vin équilibré, fin avec beaucoup de&nbsp;fraîcheur&nbsp;et surtout une superbe fruit, clair, délié, comme on peut en trouver en Bourgogne.</p>
<div>Les terroirs de cette cuvée sont argilo-calcaires, en coteaux, sur marnes bleues pour les Grenache (80%) et Carignan (10%); et argilo calcaire en plaine, sur argiles rouges et cailloux roulés pour le Mourvèdre (10%). Les rendements sont autour de 15 à 20hl/ha selon les cépages. La vendange est éraflée, légèrement foulée et les fermentations sont spontanées sur levures indigènes. Pas de pigeage mais des remontages poru privilégier l&#8217;infusion plutôt que l&#8217;extraction. La cuvaison dure 20 jours puis les vins sont élevés en cuve ciment avec un passage d&#8217;une petite partie (10%) en barriques.</div>

<p>Le Rasteau Les Adrés du domaine du Trapadis est pour nous une très belle bouteille&nbsp;méridionale&nbsp; Loin de la chaleur et de la puissance que l&#8217;on retrouve habituellement sur Rasteau, c&#8217;est un vin équilibré, fin avec beaucoup de&nbsp;fraîcheur&nbsp;et surtout une superbe fruit, clair, délié, comme on peut en trouver en Bourgogne. Les terroirs de cette cuvée [&hellip;]</p>

<!-- This site is optimized with the Yoast SEO plugin v19.3 - https://yoast.com/wordpress/plugins/seo/ -->
<title>LES ADRES MAGNUM - Mes Vendanges</title>
<meta name="robots" content="index, follow, max-snippet:-1, max-image-preview:large, max-video-preview:-1" />
<link rel="canonical" href="https://www.mesvendanges.com/fr/boutique/vins/les-adres-magnum-trapadis-dne-du-2016-150cl/" />
<meta property="og:locale" content="fr_FR" />
<meta property="og:type" content="article" />
<meta property="og:title" content="LES ADRES MAGNUM - Mes Vendanges" />
<meta property="og:description" content="Le Rasteau Les Adrés du domaine du Trapadis est pour nous une très belle bouteille&nbsp;méridionale&nbsp; Loin de la chaleur et de la puissance que l&#8217;on retrouve habituellement sur Rasteau, c&#8217;est un vin équilibré, fin avec beaucoup de&nbsp;fraîcheur&nbsp;et surtout une superbe fruit, clair, délié, comme on peut en trouver en Bourgogne. Les terroirs de cette cuvée [&hellip;]" />
<meta property="og:url" content="https://www.mesvendanges.com/fr/boutique/vins/les-adres-magnum-trapadis-dne-du-2016-150cl/" />
<meta property="og:site_name" content="Mes Vendanges" />
<meta property="article:modified_time" content="2023-12-06T05:54:27+00:00" />
<meta name="twitter:card" content="summary_large_image" />
<meta name="twitter:label1" content="Durée de lecture estimée" />
	<meta name="twitter:data1" content="1 minute" />
<script type="application/ld+json" class="yoast-schema-graph">{"@context":"https://schema.org","@graph":[{"@type":"Organization","@id":"https://www.mesvendanges.com/en/#organization","name":"Mes Vendanges","url":"https://www.mesvendanges.com/en/","sameAs":[],"logo":{"@type":"ImageObject","inLanguage":"fr-FR","@id":"https://www.mesvendanges.com/en/#/schema/logo/image/","url":"https://www.mesvendanges.com/wp-content/uploads/2022/02/logo-mesvendanges.jpg","contentUrl":"https://www.mesvendanges.com/wp-content/uploads/2022/02/logo-mesvendanges.jpg","width":851,"height":260,"caption":"Mes Vendanges"},"image":{"@id":"https://www.mesvendanges.com/en/#/schema/logo/image/"}},{"@type":"WebSite","@id":"https://www.mesvendanges.com/en/#website","url":"https://www.mesvendanges.com/en/","name":"Mes Vendanges","description":"Des journées entières dans les vignes","publisher":{"@id":"https://www.mesvendanges.com/en/#organization"},"potentialAction":[{"@type":"SearchAction","target":{"@type":"EntryPoint","urlTemplate":"https://www.mesvendanges.com/en/?s={search_term_string}"},"query-input":"required name=search_term_string"}],"inLanguage":"fr-FR"},{"@type":"WebPage","@id":"https://www.mesvendanges.com/fr/boutique/vins/les-adres-magnum-trapadis-dne-du-2016-150cl/","url":"https://www.mesvendanges.com/fr/boutique/vins/les-adres-magnum-trapadis-dne-du-2016-150cl/","name":"LES ADRES MAGNUM - Mes Vendanges","isPartOf":{"@id":"https://www.mesvendanges.com/en/#website"},"datePublished":"2022-08-02T13:50:44+00:00","dateModified":"2023-12-06T05:54:27+00:00","breadcrumb":{"@id":"https://www.mesvendanges.com/fr/boutique/vins/les-adres-magnum-trapadis-dne-du-2016-150cl/#breadcrumb"},"inLanguage":"fr-FR","potentialAction":[{"@type":"ReadAction","target":["https://www.mesvendanges.com/fr/boutique/vins/les-adres-magnum-trapadis-dne-du-2016-150cl/"]}]},{"@type":"BreadcrumbList","@id":"https://www.mesvendanges.com/fr/boutique/vins/les-adres-magnum-trapadis-dne-du-2016-150cl/#breadcrumb","itemListElement":[{"@type":"ListItem","position":1,"name":"Accueil","item":"https://www.mesvendanges.com/fr/"},{"@type":"ListItem","position":2,"name":"Boutique","item":"https://www.mesvendanges.com/fr/boutique/"},{"@type":"ListItem","position":3,"name":"LES ADRES MAGNUM"}]}]}</script>
<!-- / Yoast SEO plugin. -->

Le Rasteau Les Adrés du domaine du Trapadis est pour nous une très belle bouteille&nbsp;méridionale&nbsp; Loin de la chaleur et de la puissance que l&#8217;on retrouve habituellement sur Rasteau, c&#8217;est un vin équilibré, fin avec beaucoup de&nbsp;fraîcheur&nbsp;et surtout une superbe fruit, clair, délié, comme on peut en trouver en Bourgogne. Les terroirs de cette cuvée [&hellip;]

Des journées entières dans les vignes
