{"id":45313,"date":"2022-08-02T16:47:04","date_gmt":"2022-08-02T14:47:04","guid":{"rendered":"https:\/\/www.mesvendanges.com\/shop\/non%20class\u00e9\/zef-blanche\/"},"modified":"2023-12-05T10:31:37","modified_gmt":"2023-12-05T09:31:37","slug":"zef-blanche-brasserie-du-5-bis-nm-33cl","status":"publish","type":"product","link":"https:\/\/www.mesvendanges.com\/fr\/boutique\/vins\/zef-blanche-brasserie-du-5-bis-nm-33cl\/","title":{"rendered":"ZEF BLANCHE"},"content":{"rendered":"<p>Bi\u00e8re cr\u00e9meuse de fermentation haute, au houblonnage g\u00e9n\u00e9reux. Robe couleur paille. Nez d\u2019agrumes. Mousse cr\u00e9meuse bulle fine et d\u00e9licate. Attaque cr\u00e9meuse, bouche a\u00e9rienne et l\u00e9g\u00e8re, dynamis\u00e9e par une petite acidit\u00e9 d\u2019agrumes. Le houblon recentre et prolonge la fin de bouche, apportant une amertume gourmande et des notes d\u2019agrumes qu\u2019une rondelle de citron saura mettre en valeur.<\/p>\n","protected":false},"excerpt":{"rendered":"<p>Bi\u00e8re cr\u00e9meuse de fermentation haute, au houblonnage g\u00e9n\u00e9reux. Robe couleur paille. Nez d\u2019agrumes. Mousse cr\u00e9meuse bulle fine et d\u00e9licate. Attaque cr\u00e9meuse, bouche a\u00e9rienne et l\u00e9g\u00e8re, dynamis\u00e9e par une petite acidit\u00e9 d\u2019agrumes. Le houblon recentre et prolonge la fin de bouche, apportant une amertume gourmande et des notes d\u2019agrumes qu\u2019une rondelle de citron saura mettre en [&hellip;]<\/p>\n","protected":false},"featured_media":25566,"template":"","meta":[],"product_cat":[3736],"product_tag":[],"acf":[],"yoast_head":"<!-- This site is optimized with the Yoast SEO plugin v19.3 - https:\/\/yoast.com\/wordpress\/plugins\/seo\/ -->\n<title>ZEF BLANCHE - Mes Vendanges<\/title>\n<meta name=\"robots\" content=\"index, follow, max-snippet:-1, max-image-preview:large, max-video-preview:-1\" \/>\n<link rel=\"canonical\" href=\"https:\/\/www.mesvendanges.com\/fr\/boutique\/vins\/zef-blanche-brasserie-du-5-bis-nm-33cl\/\" \/>\n<meta property=\"og:locale\" content=\"fr_FR\" \/>\n<meta property=\"og:type\" content=\"article\" \/>\n<meta property=\"og:title\" content=\"ZEF BLANCHE - Mes Vendanges\" \/>\n<meta property=\"og:description\" content=\"Bi\u00e8re cr\u00e9meuse de fermentation haute, au houblonnage g\u00e9n\u00e9reux. Robe couleur paille. Nez d\u2019agrumes. Mousse cr\u00e9meuse bulle fine et d\u00e9licate. Attaque cr\u00e9meuse, bouche a\u00e9rienne et l\u00e9g\u00e8re, dynamis\u00e9e par une petite acidit\u00e9 d\u2019agrumes. Le houblon recentre et prolonge la fin de bouche, apportant une amertume gourmande et des notes d\u2019agrumes qu\u2019une rondelle de citron saura mettre en [&hellip;]\" \/>\n<meta property=\"og:url\" content=\"https:\/\/www.mesvendanges.com\/fr\/boutique\/vins\/zef-blanche-brasserie-du-5-bis-nm-33cl\/\" \/>\n<meta property=\"og:site_name\" content=\"Mes Vendanges\" \/>\n<meta property=\"article:modified_time\" content=\"2023-12-05T09:31:37+00:00\" \/>\n<meta property=\"og:image\" content=\"https:\/\/www.mesvendanges.com\/wp-content\/uploads\/2022\/07\/brasserie-5bis-zef-biere-blanche-33cl-png.png\" \/>\n\t<meta property=\"og:image:width\" content=\"492\" \/>\n\t<meta property=\"og:image:height\" content=\"1500\" \/>\n\t<meta property=\"og:image:type\" content=\"image\/png\" \/>\n<meta name=\"twitter:card\" content=\"summary_large_image\" \/>\n<script type=\"application\/ld+json\" class=\"yoast-schema-graph\">{\"@context\":\"https:\/\/schema.org\",\"@graph\":[{\"@type\":\"Organization\",\"@id\":\"https:\/\/www.mesvendanges.com\/en\/#organization\",\"name\":\"Mes Vendanges\",\"url\":\"https:\/\/www.mesvendanges.com\/en\/\",\"sameAs\":[],\"logo\":{\"@type\":\"ImageObject\",\"inLanguage\":\"fr-FR\",\"@id\":\"https:\/\/www.mesvendanges.com\/en\/#\/schema\/logo\/image\/\",\"url\":\"https:\/\/www.mesvendanges.com\/wp-content\/uploads\/2022\/02\/logo-mesvendanges.jpg\",\"contentUrl\":\"https:\/\/www.mesvendanges.com\/wp-content\/uploads\/2022\/02\/logo-mesvendanges.jpg\",\"width\":851,\"height\":260,\"caption\":\"Mes Vendanges\"},\"image\":{\"@id\":\"https:\/\/www.mesvendanges.com\/en\/#\/schema\/logo\/image\/\"}},{\"@type\":\"WebSite\",\"@id\":\"https:\/\/www.mesvendanges.com\/en\/#website\",\"url\":\"https:\/\/www.mesvendanges.com\/en\/\",\"name\":\"Mes Vendanges\",\"description\":\"Des journ\u00e9es enti\u00e8res dans les vignes\",\"publisher\":{\"@id\":\"https:\/\/www.mesvendanges.com\/en\/#organization\"},\"potentialAction\":[{\"@type\":\"SearchAction\",\"target\":{\"@type\":\"EntryPoint\",\"urlTemplate\":\"https:\/\/www.mesvendanges.com\/en\/?s={search_term_string}\"},\"query-input\":\"required name=search_term_string\"}],\"inLanguage\":\"fr-FR\"},{\"@type\":\"ImageObject\",\"inLanguage\":\"fr-FR\",\"@id\":\"https:\/\/www.mesvendanges.com\/fr\/boutique\/vins\/zef-blanche-brasserie-du-5-bis-nm-33cl\/#primaryimage\",\"url\":\"https:\/\/www.mesvendanges.com\/wp-content\/uploads\/2022\/07\/brasserie-5bis-zef-biere-blanche-33cl-png.png\",\"contentUrl\":\"https:\/\/www.mesvendanges.com\/wp-content\/uploads\/2022\/07\/brasserie-5bis-zef-biere-blanche-33cl-png.png\",\"width\":492,\"height\":1500},{\"@type\":\"WebPage\",\"@id\":\"https:\/\/www.mesvendanges.com\/fr\/boutique\/vins\/zef-blanche-brasserie-du-5-bis-nm-33cl\/\",\"url\":\"https:\/\/www.mesvendanges.com\/fr\/boutique\/vins\/zef-blanche-brasserie-du-5-bis-nm-33cl\/\",\"name\":\"ZEF BLANCHE - Mes Vendanges\",\"isPartOf\":{\"@id\":\"https:\/\/www.mesvendanges.com\/en\/#website\"},\"primaryImageOfPage\":{\"@id\":\"https:\/\/www.mesvendanges.com\/fr\/boutique\/vins\/zef-blanche-brasserie-du-5-bis-nm-33cl\/#primaryimage\"},\"datePublished\":\"2022-08-02T14:47:04+00:00\",\"dateModified\":\"2023-12-05T09:31:37+00:00\",\"breadcrumb\":{\"@id\":\"https:\/\/www.mesvendanges.com\/fr\/boutique\/vins\/zef-blanche-brasserie-du-5-bis-nm-33cl\/#breadcrumb\"},\"inLanguage\":\"fr-FR\",\"potentialAction\":[{\"@type\":\"ReadAction\",\"target\":[\"https:\/\/www.mesvendanges.com\/fr\/boutique\/vins\/zef-blanche-brasserie-du-5-bis-nm-33cl\/\"]}]},{\"@type\":\"BreadcrumbList\",\"@id\":\"https:\/\/www.mesvendanges.com\/fr\/boutique\/vins\/zef-blanche-brasserie-du-5-bis-nm-33cl\/#breadcrumb\",\"itemListElement\":[{\"@type\":\"ListItem\",\"position\":1,\"name\":\"Accueil\",\"item\":\"https:\/\/www.mesvendanges.com\/fr\/\"},{\"@type\":\"ListItem\",\"position\":2,\"name\":\"Boutique\",\"item\":\"https:\/\/www.mesvendanges.com\/fr\/boutique\/\"},{\"@type\":\"ListItem\",\"position\":3,\"name\":\"ZEF BLANCHE\"}]}]}<\/script>\n<!-- \/ Yoast SEO plugin. -->","yoast_head_json":{"title":"ZEF BLANCHE - Mes Vendanges","robots":{"index":"index","follow":"follow","max-snippet":"max-snippet:-1","max-image-preview":"max-image-preview:large","max-video-preview":"max-video-preview:-1"},"canonical":"https:\/\/www.mesvendanges.com\/fr\/boutique\/vins\/zef-blanche-brasserie-du-5-bis-nm-33cl\/","og_locale":"fr_FR","og_type":"article","og_title":"ZEF BLANCHE - Mes Vendanges","og_description":"Bi\u00e8re cr\u00e9meuse de fermentation haute, au houblonnage g\u00e9n\u00e9reux. Robe couleur paille. Nez d\u2019agrumes. Mousse cr\u00e9meuse bulle fine et d\u00e9licate. Attaque cr\u00e9meuse, bouche a\u00e9rienne et l\u00e9g\u00e8re, dynamis\u00e9e par une petite acidit\u00e9 d\u2019agrumes. Le houblon recentre et prolonge la fin de bouche, apportant une amertume gourmande et des notes d\u2019agrumes qu\u2019une rondelle de citron saura mettre en [&hellip;]","og_url":"https:\/\/www.mesvendanges.com\/fr\/boutique\/vins\/zef-blanche-brasserie-du-5-bis-nm-33cl\/","og_site_name":"Mes Vendanges","article_modified_time":"2023-12-05T09:31:37+00:00","og_image":[{"width":492,"height":1500,"url":"https:\/\/www.mesvendanges.com\/wp-content\/uploads\/2022\/07\/brasserie-5bis-zef-biere-blanche-33cl-png.png","type":"image\/png"}],"twitter_card":"summary_large_image","schema":{"@context":"https:\/\/schema.org","@graph":[{"@type":"Organization","@id":"https:\/\/www.mesvendanges.com\/en\/#organization","name":"Mes Vendanges","url":"https:\/\/www.mesvendanges.com\/en\/","sameAs":[],"logo":{"@type":"ImageObject","inLanguage":"fr-FR","@id":"https:\/\/www.mesvendanges.com\/en\/#\/schema\/logo\/image\/","url":"https:\/\/www.mesvendanges.com\/wp-content\/uploads\/2022\/02\/logo-mesvendanges.jpg","contentUrl":"https:\/\/www.mesvendanges.com\/wp-content\/uploads\/2022\/02\/logo-mesvendanges.jpg","width":851,"height":260,"caption":"Mes Vendanges"},"image":{"@id":"https:\/\/www.mesvendanges.com\/en\/#\/schema\/logo\/image\/"}},{"@type":"WebSite","@id":"https:\/\/www.mesvendanges.com\/en\/#website","url":"https:\/\/www.mesvendanges.com\/en\/","name":"Mes Vendanges","description":"Des journ\u00e9es enti\u00e8res dans les vignes","publisher":{"@id":"https:\/\/www.mesvendanges.com\/en\/#organization"},"potentialAction":[{"@type":"SearchAction","target":{"@type":"EntryPoint","urlTemplate":"https:\/\/www.mesvendanges.com\/en\/?s={search_term_string}"},"query-input":"required name=search_term_string"}],"inLanguage":"fr-FR"},{"@type":"ImageObject","inLanguage":"fr-FR","@id":"https:\/\/www.mesvendanges.com\/fr\/boutique\/vins\/zef-blanche-brasserie-du-5-bis-nm-33cl\/#primaryimage","url":"https:\/\/www.mesvendanges.com\/wp-content\/uploads\/2022\/07\/brasserie-5bis-zef-biere-blanche-33cl-png.png","contentUrl":"https:\/\/www.mesvendanges.com\/wp-content\/uploads\/2022\/07\/brasserie-5bis-zef-biere-blanche-33cl-png.png","width":492,"height":1500},{"@type":"WebPage","@id":"https:\/\/www.mesvendanges.com\/fr\/boutique\/vins\/zef-blanche-brasserie-du-5-bis-nm-33cl\/","url":"https:\/\/www.mesvendanges.com\/fr\/boutique\/vins\/zef-blanche-brasserie-du-5-bis-nm-33cl\/","name":"ZEF BLANCHE - Mes Vendanges","isPartOf":{"@id":"https:\/\/www.mesvendanges.com\/en\/#website"},"primaryImageOfPage":{"@id":"https:\/\/www.mesvendanges.com\/fr\/boutique\/vins\/zef-blanche-brasserie-du-5-bis-nm-33cl\/#primaryimage"},"datePublished":"2022-08-02T14:47:04+00:00","dateModified":"2023-12-05T09:31:37+00:00","breadcrumb":{"@id":"https:\/\/www.mesvendanges.com\/fr\/boutique\/vins\/zef-blanche-brasserie-du-5-bis-nm-33cl\/#breadcrumb"},"inLanguage":"fr-FR","potentialAction":[{"@type":"ReadAction","target":["https:\/\/www.mesvendanges.com\/fr\/boutique\/vins\/zef-blanche-brasserie-du-5-bis-nm-33cl\/"]}]},{"@type":"BreadcrumbList","@id":"https:\/\/www.mesvendanges.com\/fr\/boutique\/vins\/zef-blanche-brasserie-du-5-bis-nm-33cl\/#breadcrumb","itemListElement":[{"@type":"ListItem","position":1,"name":"Accueil","item":"https:\/\/www.mesvendanges.com\/fr\/"},{"@type":"ListItem","position":2,"name":"Boutique","item":"https:\/\/www.mesvendanges.com\/fr\/boutique\/"},{"@type":"ListItem","position":3,"name":"ZEF BLANCHE"}]}]}},"_links":{"self":[{"href":"https:\/\/www.mesvendanges.com\/fr\/wp-json\/wp\/v2\/product\/45313"}],"collection":[{"href":"https:\/\/www.mesvendanges.com\/fr\/wp-json\/wp\/v2\/product"}],"about":[{"href":"https:\/\/www.mesvendanges.com\/fr\/wp-json\/wp\/v2\/types\/product"}],"wp:featuredmedia":[{"embeddable":true,"href":"https:\/\/www.mesvendanges.com\/fr\/wp-json\/wp\/v2\/media\/25566"}],"wp:attachment":[{"href":"https:\/\/www.mesvendanges.com\/fr\/wp-json\/wp\/v2\/media?parent=45313"}],"wp:term":[{"taxonomy":"product_cat","embeddable":true,"href":"https:\/\/www.mesvendanges.com\/fr\/wp-json\/wp\/v2\/product_cat?post=45313"},{"taxonomy":"product_tag","embeddable":true,"href":"https:\/\/www.mesvendanges.com\/fr\/wp-json\/wp\/v2\/product_tag?post=45313"}],"curies":[{"name":"wp","href":"https:\/\/api.w.org\/{rel}","templated":true}]}}

https://www.mesvendanges.com/shop/non%20classé/zef-blanche/

<p>Bière crémeuse de fermentation haute, au houblonnage généreux. Robe couleur paille. Nez d’agrumes. Mousse crémeuse bulle fine et délicate. Attaque crémeuse, bouche aérienne et légère, dynamisée par une petite acidité d’agrumes. Le houblon recentre et prolonge la fin de bouche, apportant une amertume gourmande et des notes d’agrumes qu’une rondelle de citron saura mettre en valeur.</p>

<p>Bière crémeuse de fermentation haute, au houblonnage généreux. Robe couleur paille. Nez d’agrumes. Mousse crémeuse bulle fine et délicate. Attaque crémeuse, bouche aérienne et légère, dynamisée par une petite acidité d’agrumes. Le houblon recentre et prolonge la fin de bouche, apportant une amertume gourmande et des notes d’agrumes qu’une rondelle de citron saura mettre en [&hellip;]</p>

<!-- This site is optimized with the Yoast SEO plugin v19.3 - https://yoast.com/wordpress/plugins/seo/ -->
<title>ZEF BLANCHE - Mes Vendanges</title>
<meta name="robots" content="index, follow, max-snippet:-1, max-image-preview:large, max-video-preview:-1" />
<link rel="canonical" href="https://www.mesvendanges.com/fr/boutique/vins/zef-blanche-brasserie-du-5-bis-nm-33cl/" />
<meta property="og:locale" content="fr_FR" />
<meta property="og:type" content="article" />
<meta property="og:title" content="ZEF BLANCHE - Mes Vendanges" />
<meta property="og:description" content="Bière crémeuse de fermentation haute, au houblonnage généreux. Robe couleur paille. Nez d’agrumes. Mousse crémeuse bulle fine et délicate. Attaque crémeuse, bouche aérienne et légère, dynamisée par une petite acidité d’agrumes. Le houblon recentre et prolonge la fin de bouche, apportant une amertume gourmande et des notes d’agrumes qu’une rondelle de citron saura mettre en [&hellip;]" />
<meta property="og:url" content="https://www.mesvendanges.com/fr/boutique/vins/zef-blanche-brasserie-du-5-bis-nm-33cl/" />
<meta property="og:site_name" content="Mes Vendanges" />
<meta property="article:modified_time" content="2023-12-05T09:31:37+00:00" />
<meta property="og:image" content="https://www.mesvendanges.com/wp-content/uploads/2022/07/brasserie-5bis-zef-biere-blanche-33cl-png.png" />
	<meta property="og:image:width" content="492" />
	<meta property="og:image:height" content="1500" />
	<meta property="og:image:type" content="image/png" />
<meta name="twitter:card" content="summary_large_image" />
<script type="application/ld+json" class="yoast-schema-graph">{"@context":"https://schema.org","@graph":[{"@type":"Organization","@id":"https://www.mesvendanges.com/en/#organization","name":"Mes Vendanges","url":"https://www.mesvendanges.com/en/","sameAs":[],"logo":{"@type":"ImageObject","inLanguage":"fr-FR","@id":"https://www.mesvendanges.com/en/#/schema/logo/image/","url":"https://www.mesvendanges.com/wp-content/uploads/2022/02/logo-mesvendanges.jpg","contentUrl":"https://www.mesvendanges.com/wp-content/uploads/2022/02/logo-mesvendanges.jpg","width":851,"height":260,"caption":"Mes Vendanges"},"image":{"@id":"https://www.mesvendanges.com/en/#/schema/logo/image/"}},{"@type":"WebSite","@id":"https://www.mesvendanges.com/en/#website","url":"https://www.mesvendanges.com/en/","name":"Mes Vendanges","description":"Des journées entières dans les vignes","publisher":{"@id":"https://www.mesvendanges.com/en/#organization"},"potentialAction":[{"@type":"SearchAction","target":{"@type":"EntryPoint","urlTemplate":"https://www.mesvendanges.com/en/?s={search_term_string}"},"query-input":"required name=search_term_string"}],"inLanguage":"fr-FR"},{"@type":"ImageObject","inLanguage":"fr-FR","@id":"https://www.mesvendanges.com/fr/boutique/vins/zef-blanche-brasserie-du-5-bis-nm-33cl/#primaryimage","url":"https://www.mesvendanges.com/wp-content/uploads/2022/07/brasserie-5bis-zef-biere-blanche-33cl-png.png","contentUrl":"https://www.mesvendanges.com/wp-content/uploads/2022/07/brasserie-5bis-zef-biere-blanche-33cl-png.png","width":492,"height":1500},{"@type":"WebPage","@id":"https://www.mesvendanges.com/fr/boutique/vins/zef-blanche-brasserie-du-5-bis-nm-33cl/","url":"https://www.mesvendanges.com/fr/boutique/vins/zef-blanche-brasserie-du-5-bis-nm-33cl/","name":"ZEF BLANCHE - Mes Vendanges","isPartOf":{"@id":"https://www.mesvendanges.com/en/#website"},"primaryImageOfPage":{"@id":"https://www.mesvendanges.com/fr/boutique/vins/zef-blanche-brasserie-du-5-bis-nm-33cl/#primaryimage"},"datePublished":"2022-08-02T14:47:04+00:00","dateModified":"2023-12-05T09:31:37+00:00","breadcrumb":{"@id":"https://www.mesvendanges.com/fr/boutique/vins/zef-blanche-brasserie-du-5-bis-nm-33cl/#breadcrumb"},"inLanguage":"fr-FR","potentialAction":[{"@type":"ReadAction","target":["https://www.mesvendanges.com/fr/boutique/vins/zef-blanche-brasserie-du-5-bis-nm-33cl/"]}]},{"@type":"BreadcrumbList","@id":"https://www.mesvendanges.com/fr/boutique/vins/zef-blanche-brasserie-du-5-bis-nm-33cl/#breadcrumb","itemListElement":[{"@type":"ListItem","position":1,"name":"Accueil","item":"https://www.mesvendanges.com/fr/"},{"@type":"ListItem","position":2,"name":"Boutique","item":"https://www.mesvendanges.com/fr/boutique/"},{"@type":"ListItem","position":3,"name":"ZEF BLANCHE"}]}]}</script>
<!-- / Yoast SEO plugin. -->

Bière crémeuse de fermentation haute, au houblonnage généreux. Robe couleur paille. Nez d’agrumes. Mousse crémeuse bulle fine et délicate. Attaque crémeuse, bouche aérienne et légère, dynamisée par une petite acidité d’agrumes. Le houblon recentre et prolonge la fin de bouche, apportant une amertume gourmande et des notes d’agrumes qu’une rondelle de citron saura mettre en [&hellip;]

Des journées entières dans les vignes
