{"id":47772,"date":"2022-08-02T17:28:09","date_gmt":"2022-08-02T15:28:09","guid":{"rendered":"https:\/\/www.mesvendanges.com\/shop\/non%20class\u00e9\/amontillado-la-casilla\/"},"modified":"2025-12-29T12:26:00","modified_gmt":"2025-12-29T11:26:00","slug":"amontillado-la-casilla-vina-la-callejuela-nm-50cl","status":"publish","type":"product","link":"https:\/\/www.mesvendanges.com\/fr\/boutique\/vins\/amontillado-la-casilla-vina-la-callejuela-nm-50cl\/","title":{"rendered":"AMONTILLADO LA CASILLA"},"content":{"rendered":"<p>Magnifique amontillado issue d&#8217;une tr\u00e8s belle solera de plus de 20 ans. Tr\u00e8s complexe, sans la lourdeur des tr\u00e8s vieux vins, le nez reste enlev\u00e9 et la bouche l\u00e9g\u00e8re, avec tout le rancio et l&#8217;\u00e9nergie n\u00e9cessaire pour faire briller cet amontillado. Pur vin de m\u00e9ditation, marqu\u00e9 par le curry, la noix, l&#8217;iode, les fruits secs, le poivre&#8230;<\/p>\n","protected":false},"excerpt":{"rendered":"<p>Magnifique amontillado issue d&#8217;une tr\u00e8s belle solera de plus de 20 ans. Tr\u00e8s complexe, sans la lourdeur des tr\u00e8s vieux vins, le nez reste enlev\u00e9 et la bouche l\u00e9g\u00e8re, avec tout le rancio et l&#8217;\u00e9nergie n\u00e9cessaire pour faire briller cet amontillado. Pur vin de m\u00e9ditation, marqu\u00e9 par le curry, la noix, l&#8217;iode, les fruits secs, [&hellip;]<\/p>\n","protected":false},"featured_media":87922,"template":"","meta":[],"product_cat":[3736],"product_tag":[],"acf":[],"yoast_head":"<!-- This site is optimized with the Yoast SEO plugin v19.3 - https:\/\/yoast.com\/wordpress\/plugins\/seo\/ -->\n<title>AMONTILLADO LA CASILLA - Mes Vendanges<\/title>\n<meta name=\"robots\" content=\"index, follow, max-snippet:-1, max-image-preview:large, max-video-preview:-1\" \/>\n<link rel=\"canonical\" href=\"https:\/\/www.mesvendanges.com\/fr\/boutique\/vins\/amontillado-la-casilla-vina-la-callejuela-nm-50cl\/\" \/>\n<meta property=\"og:locale\" content=\"fr_FR\" \/>\n<meta property=\"og:type\" content=\"article\" \/>\n<meta property=\"og:title\" content=\"AMONTILLADO LA CASILLA - Mes Vendanges\" \/>\n<meta property=\"og:description\" content=\"Magnifique amontillado issue d&#8217;une tr\u00e8s belle solera de plus de 20 ans. Tr\u00e8s complexe, sans la lourdeur des tr\u00e8s vieux vins, le nez reste enlev\u00e9 et la bouche l\u00e9g\u00e8re, avec tout le rancio et l&#8217;\u00e9nergie n\u00e9cessaire pour faire briller cet amontillado. Pur vin de m\u00e9ditation, marqu\u00e9 par le curry, la noix, l&#8217;iode, les fruits secs, [&hellip;]\" \/>\n<meta property=\"og:url\" content=\"https:\/\/www.mesvendanges.com\/fr\/boutique\/vins\/amontillado-la-casilla-vina-la-callejuela-nm-50cl\/\" \/>\n<meta property=\"og:site_name\" content=\"Mes Vendanges\" \/>\n<meta property=\"article:modified_time\" content=\"2025-12-29T11:26:00+00:00\" \/>\n<meta property=\"og:image\" content=\"https:\/\/www.mesvendanges.com\/wp-content\/uploads\/2025\/05\/vina-la-callejuela-amontillado-la-casilla-jerez-nm-50cl-mute-png.png\" \/>\n\t<meta property=\"og:image:width\" content=\"376\" \/>\n\t<meta property=\"og:image:height\" content=\"1500\" \/>\n\t<meta property=\"og:image:type\" content=\"image\/png\" \/>\n<meta name=\"twitter:card\" content=\"summary_large_image\" \/>\n<script type=\"application\/ld+json\" class=\"yoast-schema-graph\">{\"@context\":\"https:\/\/schema.org\",\"@graph\":[{\"@type\":\"Organization\",\"@id\":\"https:\/\/www.mesvendanges.com\/en\/#organization\",\"name\":\"Mes Vendanges\",\"url\":\"https:\/\/www.mesvendanges.com\/en\/\",\"sameAs\":[],\"logo\":{\"@type\":\"ImageObject\",\"inLanguage\":\"fr-FR\",\"@id\":\"https:\/\/www.mesvendanges.com\/en\/#\/schema\/logo\/image\/\",\"url\":\"https:\/\/www.mesvendanges.com\/wp-content\/uploads\/2022\/02\/logo-mesvendanges.jpg\",\"contentUrl\":\"https:\/\/www.mesvendanges.com\/wp-content\/uploads\/2022\/02\/logo-mesvendanges.jpg\",\"width\":851,\"height\":260,\"caption\":\"Mes Vendanges\"},\"image\":{\"@id\":\"https:\/\/www.mesvendanges.com\/en\/#\/schema\/logo\/image\/\"}},{\"@type\":\"WebSite\",\"@id\":\"https:\/\/www.mesvendanges.com\/en\/#website\",\"url\":\"https:\/\/www.mesvendanges.com\/en\/\",\"name\":\"Mes Vendanges\",\"description\":\"Des journ\u00e9es enti\u00e8res dans les vignes\",\"publisher\":{\"@id\":\"https:\/\/www.mesvendanges.com\/en\/#organization\"},\"potentialAction\":[{\"@type\":\"SearchAction\",\"target\":{\"@type\":\"EntryPoint\",\"urlTemplate\":\"https:\/\/www.mesvendanges.com\/en\/?s={search_term_string}\"},\"query-input\":\"required name=search_term_string\"}],\"inLanguage\":\"fr-FR\"},{\"@type\":\"ImageObject\",\"inLanguage\":\"fr-FR\",\"@id\":\"https:\/\/www.mesvendanges.com\/fr\/boutique\/vins\/amontillado-la-casilla-vina-la-callejuela-nm-50cl\/#primaryimage\",\"url\":\"https:\/\/www.mesvendanges.com\/wp-content\/uploads\/2025\/05\/vina-la-callejuela-amontillado-la-casilla-jerez-nm-50cl-mute-png.png\",\"contentUrl\":\"https:\/\/www.mesvendanges.com\/wp-content\/uploads\/2025\/05\/vina-la-callejuela-amontillado-la-casilla-jerez-nm-50cl-mute-png.png\",\"width\":376,\"height\":1500},{\"@type\":\"WebPage\",\"@id\":\"https:\/\/www.mesvendanges.com\/fr\/boutique\/vins\/amontillado-la-casilla-vina-la-callejuela-nm-50cl\/\",\"url\":\"https:\/\/www.mesvendanges.com\/fr\/boutique\/vins\/amontillado-la-casilla-vina-la-callejuela-nm-50cl\/\",\"name\":\"AMONTILLADO LA CASILLA - Mes Vendanges\",\"isPartOf\":{\"@id\":\"https:\/\/www.mesvendanges.com\/en\/#website\"},\"primaryImageOfPage\":{\"@id\":\"https:\/\/www.mesvendanges.com\/fr\/boutique\/vins\/amontillado-la-casilla-vina-la-callejuela-nm-50cl\/#primaryimage\"},\"datePublished\":\"2022-08-02T15:28:09+00:00\",\"dateModified\":\"2025-12-29T11:26:00+00:00\",\"breadcrumb\":{\"@id\":\"https:\/\/www.mesvendanges.com\/fr\/boutique\/vins\/amontillado-la-casilla-vina-la-callejuela-nm-50cl\/#breadcrumb\"},\"inLanguage\":\"fr-FR\",\"potentialAction\":[{\"@type\":\"ReadAction\",\"target\":[\"https:\/\/www.mesvendanges.com\/fr\/boutique\/vins\/amontillado-la-casilla-vina-la-callejuela-nm-50cl\/\"]}]},{\"@type\":\"BreadcrumbList\",\"@id\":\"https:\/\/www.mesvendanges.com\/fr\/boutique\/vins\/amontillado-la-casilla-vina-la-callejuela-nm-50cl\/#breadcrumb\",\"itemListElement\":[{\"@type\":\"ListItem\",\"position\":1,\"name\":\"Accueil\",\"item\":\"https:\/\/www.mesvendanges.com\/fr\/\"},{\"@type\":\"ListItem\",\"position\":2,\"name\":\"Boutique\",\"item\":\"https:\/\/www.mesvendanges.com\/fr\/boutique\/\"},{\"@type\":\"ListItem\",\"position\":3,\"name\":\"AMONTILLADO LA CASILLA\"}]}]}<\/script>\n<!-- \/ Yoast SEO plugin. -->","yoast_head_json":{"title":"AMONTILLADO LA CASILLA - Mes Vendanges","robots":{"index":"index","follow":"follow","max-snippet":"max-snippet:-1","max-image-preview":"max-image-preview:large","max-video-preview":"max-video-preview:-1"},"canonical":"https:\/\/www.mesvendanges.com\/fr\/boutique\/vins\/amontillado-la-casilla-vina-la-callejuela-nm-50cl\/","og_locale":"fr_FR","og_type":"article","og_title":"AMONTILLADO LA CASILLA - Mes Vendanges","og_description":"Magnifique amontillado issue d&#8217;une tr\u00e8s belle solera de plus de 20 ans. Tr\u00e8s complexe, sans la lourdeur des tr\u00e8s vieux vins, le nez reste enlev\u00e9 et la bouche l\u00e9g\u00e8re, avec tout le rancio et l&#8217;\u00e9nergie n\u00e9cessaire pour faire briller cet amontillado. Pur vin de m\u00e9ditation, marqu\u00e9 par le curry, la noix, l&#8217;iode, les fruits secs, [&hellip;]","og_url":"https:\/\/www.mesvendanges.com\/fr\/boutique\/vins\/amontillado-la-casilla-vina-la-callejuela-nm-50cl\/","og_site_name":"Mes Vendanges","article_modified_time":"2025-12-29T11:26:00+00:00","og_image":[{"width":376,"height":1500,"url":"https:\/\/www.mesvendanges.com\/wp-content\/uploads\/2025\/05\/vina-la-callejuela-amontillado-la-casilla-jerez-nm-50cl-mute-png.png","type":"image\/png"}],"twitter_card":"summary_large_image","schema":{"@context":"https:\/\/schema.org","@graph":[{"@type":"Organization","@id":"https:\/\/www.mesvendanges.com\/en\/#organization","name":"Mes Vendanges","url":"https:\/\/www.mesvendanges.com\/en\/","sameAs":[],"logo":{"@type":"ImageObject","inLanguage":"fr-FR","@id":"https:\/\/www.mesvendanges.com\/en\/#\/schema\/logo\/image\/","url":"https:\/\/www.mesvendanges.com\/wp-content\/uploads\/2022\/02\/logo-mesvendanges.jpg","contentUrl":"https:\/\/www.mesvendanges.com\/wp-content\/uploads\/2022\/02\/logo-mesvendanges.jpg","width":851,"height":260,"caption":"Mes Vendanges"},"image":{"@id":"https:\/\/www.mesvendanges.com\/en\/#\/schema\/logo\/image\/"}},{"@type":"WebSite","@id":"https:\/\/www.mesvendanges.com\/en\/#website","url":"https:\/\/www.mesvendanges.com\/en\/","name":"Mes Vendanges","description":"Des journ\u00e9es enti\u00e8res dans les vignes","publisher":{"@id":"https:\/\/www.mesvendanges.com\/en\/#organization"},"potentialAction":[{"@type":"SearchAction","target":{"@type":"EntryPoint","urlTemplate":"https:\/\/www.mesvendanges.com\/en\/?s={search_term_string}"},"query-input":"required name=search_term_string"}],"inLanguage":"fr-FR"},{"@type":"ImageObject","inLanguage":"fr-FR","@id":"https:\/\/www.mesvendanges.com\/fr\/boutique\/vins\/amontillado-la-casilla-vina-la-callejuela-nm-50cl\/#primaryimage","url":"https:\/\/www.mesvendanges.com\/wp-content\/uploads\/2025\/05\/vina-la-callejuela-amontillado-la-casilla-jerez-nm-50cl-mute-png.png","contentUrl":"https:\/\/www.mesvendanges.com\/wp-content\/uploads\/2025\/05\/vina-la-callejuela-amontillado-la-casilla-jerez-nm-50cl-mute-png.png","width":376,"height":1500},{"@type":"WebPage","@id":"https:\/\/www.mesvendanges.com\/fr\/boutique\/vins\/amontillado-la-casilla-vina-la-callejuela-nm-50cl\/","url":"https:\/\/www.mesvendanges.com\/fr\/boutique\/vins\/amontillado-la-casilla-vina-la-callejuela-nm-50cl\/","name":"AMONTILLADO LA CASILLA - Mes Vendanges","isPartOf":{"@id":"https:\/\/www.mesvendanges.com\/en\/#website"},"primaryImageOfPage":{"@id":"https:\/\/www.mesvendanges.com\/fr\/boutique\/vins\/amontillado-la-casilla-vina-la-callejuela-nm-50cl\/#primaryimage"},"datePublished":"2022-08-02T15:28:09+00:00","dateModified":"2025-12-29T11:26:00+00:00","breadcrumb":{"@id":"https:\/\/www.mesvendanges.com\/fr\/boutique\/vins\/amontillado-la-casilla-vina-la-callejuela-nm-50cl\/#breadcrumb"},"inLanguage":"fr-FR","potentialAction":[{"@type":"ReadAction","target":["https:\/\/www.mesvendanges.com\/fr\/boutique\/vins\/amontillado-la-casilla-vina-la-callejuela-nm-50cl\/"]}]},{"@type":"BreadcrumbList","@id":"https:\/\/www.mesvendanges.com\/fr\/boutique\/vins\/amontillado-la-casilla-vina-la-callejuela-nm-50cl\/#breadcrumb","itemListElement":[{"@type":"ListItem","position":1,"name":"Accueil","item":"https:\/\/www.mesvendanges.com\/fr\/"},{"@type":"ListItem","position":2,"name":"Boutique","item":"https:\/\/www.mesvendanges.com\/fr\/boutique\/"},{"@type":"ListItem","position":3,"name":"AMONTILLADO LA CASILLA"}]}]}},"_links":{"self":[{"href":"https:\/\/www.mesvendanges.com\/fr\/wp-json\/wp\/v2\/product\/47772"}],"collection":[{"href":"https:\/\/www.mesvendanges.com\/fr\/wp-json\/wp\/v2\/product"}],"about":[{"href":"https:\/\/www.mesvendanges.com\/fr\/wp-json\/wp\/v2\/types\/product"}],"wp:featuredmedia":[{"embeddable":true,"href":"https:\/\/www.mesvendanges.com\/fr\/wp-json\/wp\/v2\/media\/87922"}],"wp:attachment":[{"href":"https:\/\/www.mesvendanges.com\/fr\/wp-json\/wp\/v2\/media?parent=47772"}],"wp:term":[{"taxonomy":"product_cat","embeddable":true,"href":"https:\/\/www.mesvendanges.com\/fr\/wp-json\/wp\/v2\/product_cat?post=47772"},{"taxonomy":"product_tag","embeddable":true,"href":"https:\/\/www.mesvendanges.com\/fr\/wp-json\/wp\/v2\/product_tag?post=47772"}],"curies":[{"name":"wp","href":"https:\/\/api.w.org\/{rel}","templated":true}]}}

https://www.mesvendanges.com/shop/non%20classé/amontillado-la-casilla/

<p>Magnifique amontillado issue d&#8217;une très belle solera de plus de 20 ans. Très complexe, sans la lourdeur des très vieux vins, le nez reste enlevé et la bouche légère, avec tout le rancio et l&#8217;énergie nécessaire pour faire briller cet amontillado. Pur vin de méditation, marqué par le curry, la noix, l&#8217;iode, les fruits secs, le poivre&#8230;</p>

<p>Magnifique amontillado issue d&#8217;une très belle solera de plus de 20 ans. Très complexe, sans la lourdeur des très vieux vins, le nez reste enlevé et la bouche légère, avec tout le rancio et l&#8217;énergie nécessaire pour faire briller cet amontillado. Pur vin de méditation, marqué par le curry, la noix, l&#8217;iode, les fruits secs, [&hellip;]</p>

<!-- This site is optimized with the Yoast SEO plugin v19.3 - https://yoast.com/wordpress/plugins/seo/ -->
<title>AMONTILLADO LA CASILLA - Mes Vendanges</title>
<meta name="robots" content="index, follow, max-snippet:-1, max-image-preview:large, max-video-preview:-1" />
<link rel="canonical" href="https://www.mesvendanges.com/fr/boutique/vins/amontillado-la-casilla-vina-la-callejuela-nm-50cl/" />
<meta property="og:locale" content="fr_FR" />
<meta property="og:type" content="article" />
<meta property="og:title" content="AMONTILLADO LA CASILLA - Mes Vendanges" />
<meta property="og:description" content="Magnifique amontillado issue d&#8217;une très belle solera de plus de 20 ans. Très complexe, sans la lourdeur des très vieux vins, le nez reste enlevé et la bouche légère, avec tout le rancio et l&#8217;énergie nécessaire pour faire briller cet amontillado. Pur vin de méditation, marqué par le curry, la noix, l&#8217;iode, les fruits secs, [&hellip;]" />
<meta property="og:url" content="https://www.mesvendanges.com/fr/boutique/vins/amontillado-la-casilla-vina-la-callejuela-nm-50cl/" />
<meta property="og:site_name" content="Mes Vendanges" />
<meta property="article:modified_time" content="2025-12-29T11:26:00+00:00" />
<meta property="og:image" content="https://www.mesvendanges.com/wp-content/uploads/2025/05/vina-la-callejuela-amontillado-la-casilla-jerez-nm-50cl-mute-png.png" />
	<meta property="og:image:width" content="376" />
	<meta property="og:image:height" content="1500" />
	<meta property="og:image:type" content="image/png" />
<meta name="twitter:card" content="summary_large_image" />
<script type="application/ld+json" class="yoast-schema-graph">{"@context":"https://schema.org","@graph":[{"@type":"Organization","@id":"https://www.mesvendanges.com/en/#organization","name":"Mes Vendanges","url":"https://www.mesvendanges.com/en/","sameAs":[],"logo":{"@type":"ImageObject","inLanguage":"fr-FR","@id":"https://www.mesvendanges.com/en/#/schema/logo/image/","url":"https://www.mesvendanges.com/wp-content/uploads/2022/02/logo-mesvendanges.jpg","contentUrl":"https://www.mesvendanges.com/wp-content/uploads/2022/02/logo-mesvendanges.jpg","width":851,"height":260,"caption":"Mes Vendanges"},"image":{"@id":"https://www.mesvendanges.com/en/#/schema/logo/image/"}},{"@type":"WebSite","@id":"https://www.mesvendanges.com/en/#website","url":"https://www.mesvendanges.com/en/","name":"Mes Vendanges","description":"Des journées entières dans les vignes","publisher":{"@id":"https://www.mesvendanges.com/en/#organization"},"potentialAction":[{"@type":"SearchAction","target":{"@type":"EntryPoint","urlTemplate":"https://www.mesvendanges.com/en/?s={search_term_string}"},"query-input":"required name=search_term_string"}],"inLanguage":"fr-FR"},{"@type":"ImageObject","inLanguage":"fr-FR","@id":"https://www.mesvendanges.com/fr/boutique/vins/amontillado-la-casilla-vina-la-callejuela-nm-50cl/#primaryimage","url":"https://www.mesvendanges.com/wp-content/uploads/2025/05/vina-la-callejuela-amontillado-la-casilla-jerez-nm-50cl-mute-png.png","contentUrl":"https://www.mesvendanges.com/wp-content/uploads/2025/05/vina-la-callejuela-amontillado-la-casilla-jerez-nm-50cl-mute-png.png","width":376,"height":1500},{"@type":"WebPage","@id":"https://www.mesvendanges.com/fr/boutique/vins/amontillado-la-casilla-vina-la-callejuela-nm-50cl/","url":"https://www.mesvendanges.com/fr/boutique/vins/amontillado-la-casilla-vina-la-callejuela-nm-50cl/","name":"AMONTILLADO LA CASILLA - Mes Vendanges","isPartOf":{"@id":"https://www.mesvendanges.com/en/#website"},"primaryImageOfPage":{"@id":"https://www.mesvendanges.com/fr/boutique/vins/amontillado-la-casilla-vina-la-callejuela-nm-50cl/#primaryimage"},"datePublished":"2022-08-02T15:28:09+00:00","dateModified":"2025-12-29T11:26:00+00:00","breadcrumb":{"@id":"https://www.mesvendanges.com/fr/boutique/vins/amontillado-la-casilla-vina-la-callejuela-nm-50cl/#breadcrumb"},"inLanguage":"fr-FR","potentialAction":[{"@type":"ReadAction","target":["https://www.mesvendanges.com/fr/boutique/vins/amontillado-la-casilla-vina-la-callejuela-nm-50cl/"]}]},{"@type":"BreadcrumbList","@id":"https://www.mesvendanges.com/fr/boutique/vins/amontillado-la-casilla-vina-la-callejuela-nm-50cl/#breadcrumb","itemListElement":[{"@type":"ListItem","position":1,"name":"Accueil","item":"https://www.mesvendanges.com/fr/"},{"@type":"ListItem","position":2,"name":"Boutique","item":"https://www.mesvendanges.com/fr/boutique/"},{"@type":"ListItem","position":3,"name":"AMONTILLADO LA CASILLA"}]}]}</script>
<!-- / Yoast SEO plugin. -->

Magnifique amontillado issue d&#8217;une très belle solera de plus de 20 ans. Très complexe, sans la lourdeur des très vieux vins, le nez reste enlevé et la bouche légère, avec tout le rancio et l&#8217;énergie nécessaire pour faire briller cet amontillado. Pur vin de méditation, marqué par le curry, la noix, l&#8217;iode, les fruits secs, [&hellip;]

Des journées entières dans les vignes
