{"id":60942,"date":"2023-02-21T17:18:22","date_gmt":"2023-02-21T16:18:22","guid":{"rendered":"https:\/\/www.mesvendanges.com\/shop\/non%20class\u00e9\/dacite-la-madone-2022-75cl\/"},"modified":"2025-12-12T14:30:35","modified_gmt":"2025-12-12T13:30:35","slug":"dacite-la-madone-2022-75cl","status":"publish","type":"product","link":"https:\/\/www.mesvendanges.com\/fr\/boutique\/vins\/dacite-la-madone-2022-75cl\/","title":{"rendered":"DACITE"},"content":{"rendered":"<p>Un nez floral \u00e0 souhait pour cet gamay sur granit. Un fruit\u00e9 doux, aux tanins de velours. Une petite perle !<\/p>\n<p>Age des vignes\u00a0: 3 ans, 4 ans et 12 ans.Trois parcelles voisines. Rendement\u00a0: 30 hl\/ha<\/p>\n<p>Sol 100 % argilo-granitique de type GRANO-DIORITE A DACITE . Ce granit, unique dans notre r\u00e9gion, est issu d\u2019un bloc de roche des Monts du Forez, qui culminaient \u00e0 l\u2019\u00e8re primaire \u00e0 plus de 8000 m\u00e8tres. Ph\u00e9nom\u00e8ne rare, cette DACITE contient du calcium. Cette roche s\u2019\u00e9rode en donnant des sols peu fertiles, grenus, avec des teneurs en argile faible pour la r\u00e9gion ( environ 25 % ).<br \/>\nVendanges 100 % manuelles. Egrenage et tri m\u00e9canique puis manuel.  Utilisation des levures indig\u00e8nes ( m\u00e9thode du pied de cuve ). Pas de chaptalisation. Cuvaison de 10 jours, temp\u00e9rature maxi 29 \u00b0C. Elevage en cuves inox. Filtration l\u00e9g\u00e8re. <\/p>\n","protected":false},"excerpt":{"rendered":"<p>Un nez floral \u00e0 souhait pour cet gamay sur granit. Un fruit\u00e9 doux, aux tanins de velours. Une petite perle ! Age des vignes\u00a0: 3 ans, 4 ans et 12 ans.Trois parcelles voisines. Rendement\u00a0: 30 hl\/ha Sol 100 % argilo-granitique de type GRANO-DIORITE A DACITE . Ce granit, unique dans notre r\u00e9gion, est issu d\u2019un [&hellip;]<\/p>\n","protected":false},"featured_media":88170,"template":"","meta":[],"product_cat":[3736],"product_tag":[],"acf":[],"yoast_head":"<!-- This site is optimized with the Yoast SEO plugin v19.3 - https:\/\/yoast.com\/wordpress\/plugins\/seo\/ -->\n<title>DACITE - Mes Vendanges<\/title>\n<meta name=\"robots\" content=\"index, follow, max-snippet:-1, max-image-preview:large, max-video-preview:-1\" \/>\n<link rel=\"canonical\" href=\"https:\/\/www.mesvendanges.com\/fr\/boutique\/vins\/dacite-la-madone-2022-75cl\/\" \/>\n<meta property=\"og:locale\" content=\"fr_FR\" \/>\n<meta property=\"og:type\" content=\"article\" \/>\n<meta property=\"og:title\" content=\"DACITE - Mes Vendanges\" \/>\n<meta property=\"og:description\" content=\"Un nez floral \u00e0 souhait pour cet gamay sur granit. Un fruit\u00e9 doux, aux tanins de velours. Une petite perle ! Age des vignes\u00a0: 3 ans, 4 ans et 12 ans.Trois parcelles voisines. Rendement\u00a0: 30 hl\/ha Sol 100 % argilo-granitique de type GRANO-DIORITE A DACITE . Ce granit, unique dans notre r\u00e9gion, est issu d\u2019un [&hellip;]\" \/>\n<meta property=\"og:url\" content=\"https:\/\/www.mesvendanges.com\/fr\/boutique\/vins\/dacite-la-madone-2022-75cl\/\" \/>\n<meta property=\"og:site_name\" content=\"Mes Vendanges\" \/>\n<meta property=\"article:modified_time\" content=\"2025-12-12T13:30:35+00:00\" \/>\n<meta property=\"og:image\" content=\"https:\/\/www.mesvendanges.com\/wp-content\/uploads\/2025\/05\/la-madone-gilles-bonnefoy-gamay-cuvee-dacite-2020-png.png\" \/>\n\t<meta property=\"og:image:width\" content=\"472\" \/>\n\t<meta property=\"og:image:height\" content=\"1500\" \/>\n\t<meta property=\"og:image:type\" content=\"image\/png\" \/>\n<meta name=\"twitter:card\" content=\"summary_large_image\" \/>\n<meta name=\"twitter:label1\" content=\"Dur\u00e9e de lecture estim\u00e9e\" \/>\n\t<meta name=\"twitter:data1\" content=\"1 minute\" \/>\n<script type=\"application\/ld+json\" class=\"yoast-schema-graph\">{\"@context\":\"https:\/\/schema.org\",\"@graph\":[{\"@type\":\"Organization\",\"@id\":\"https:\/\/www.mesvendanges.com\/en\/#organization\",\"name\":\"Mes Vendanges\",\"url\":\"https:\/\/www.mesvendanges.com\/en\/\",\"sameAs\":[],\"logo\":{\"@type\":\"ImageObject\",\"inLanguage\":\"fr-FR\",\"@id\":\"https:\/\/www.mesvendanges.com\/en\/#\/schema\/logo\/image\/\",\"url\":\"https:\/\/www.mesvendanges.com\/wp-content\/uploads\/2022\/02\/logo-mesvendanges.jpg\",\"contentUrl\":\"https:\/\/www.mesvendanges.com\/wp-content\/uploads\/2022\/02\/logo-mesvendanges.jpg\",\"width\":851,\"height\":260,\"caption\":\"Mes Vendanges\"},\"image\":{\"@id\":\"https:\/\/www.mesvendanges.com\/en\/#\/schema\/logo\/image\/\"}},{\"@type\":\"WebSite\",\"@id\":\"https:\/\/www.mesvendanges.com\/en\/#website\",\"url\":\"https:\/\/www.mesvendanges.com\/en\/\",\"name\":\"Mes Vendanges\",\"description\":\"Des journ\u00e9es enti\u00e8res dans les vignes\",\"publisher\":{\"@id\":\"https:\/\/www.mesvendanges.com\/en\/#organization\"},\"potentialAction\":[{\"@type\":\"SearchAction\",\"target\":{\"@type\":\"EntryPoint\",\"urlTemplate\":\"https:\/\/www.mesvendanges.com\/en\/?s={search_term_string}\"},\"query-input\":\"required name=search_term_string\"}],\"inLanguage\":\"fr-FR\"},{\"@type\":\"ImageObject\",\"inLanguage\":\"fr-FR\",\"@id\":\"https:\/\/www.mesvendanges.com\/fr\/boutique\/vins\/dacite-la-madone-2022-75cl\/#primaryimage\",\"url\":\"https:\/\/www.mesvendanges.com\/wp-content\/uploads\/2025\/05\/la-madone-gilles-bonnefoy-gamay-cuvee-dacite-2020-png.png\",\"contentUrl\":\"https:\/\/www.mesvendanges.com\/wp-content\/uploads\/2025\/05\/la-madone-gilles-bonnefoy-gamay-cuvee-dacite-2020-png.png\",\"width\":472,\"height\":1500},{\"@type\":\"WebPage\",\"@id\":\"https:\/\/www.mesvendanges.com\/fr\/boutique\/vins\/dacite-la-madone-2022-75cl\/\",\"url\":\"https:\/\/www.mesvendanges.com\/fr\/boutique\/vins\/dacite-la-madone-2022-75cl\/\",\"name\":\"DACITE - Mes Vendanges\",\"isPartOf\":{\"@id\":\"https:\/\/www.mesvendanges.com\/en\/#website\"},\"primaryImageOfPage\":{\"@id\":\"https:\/\/www.mesvendanges.com\/fr\/boutique\/vins\/dacite-la-madone-2022-75cl\/#primaryimage\"},\"datePublished\":\"2023-02-21T16:18:22+00:00\",\"dateModified\":\"2025-12-12T13:30:35+00:00\",\"breadcrumb\":{\"@id\":\"https:\/\/www.mesvendanges.com\/fr\/boutique\/vins\/dacite-la-madone-2022-75cl\/#breadcrumb\"},\"inLanguage\":\"fr-FR\",\"potentialAction\":[{\"@type\":\"ReadAction\",\"target\":[\"https:\/\/www.mesvendanges.com\/fr\/boutique\/vins\/dacite-la-madone-2022-75cl\/\"]}]},{\"@type\":\"BreadcrumbList\",\"@id\":\"https:\/\/www.mesvendanges.com\/fr\/boutique\/vins\/dacite-la-madone-2022-75cl\/#breadcrumb\",\"itemListElement\":[{\"@type\":\"ListItem\",\"position\":1,\"name\":\"Accueil\",\"item\":\"https:\/\/www.mesvendanges.com\/fr\/\"},{\"@type\":\"ListItem\",\"position\":2,\"name\":\"Boutique\",\"item\":\"https:\/\/www.mesvendanges.com\/fr\/boutique\/\"},{\"@type\":\"ListItem\",\"position\":3,\"name\":\"DACITE\"}]}]}<\/script>\n<!-- \/ Yoast SEO plugin. -->","yoast_head_json":{"title":"DACITE - Mes Vendanges","robots":{"index":"index","follow":"follow","max-snippet":"max-snippet:-1","max-image-preview":"max-image-preview:large","max-video-preview":"max-video-preview:-1"},"canonical":"https:\/\/www.mesvendanges.com\/fr\/boutique\/vins\/dacite-la-madone-2022-75cl\/","og_locale":"fr_FR","og_type":"article","og_title":"DACITE - Mes Vendanges","og_description":"Un nez floral \u00e0 souhait pour cet gamay sur granit. Un fruit\u00e9 doux, aux tanins de velours. Une petite perle ! Age des vignes\u00a0: 3 ans, 4 ans et 12 ans.Trois parcelles voisines. Rendement\u00a0: 30 hl\/ha Sol 100 % argilo-granitique de type GRANO-DIORITE A DACITE . Ce granit, unique dans notre r\u00e9gion, est issu d\u2019un [&hellip;]","og_url":"https:\/\/www.mesvendanges.com\/fr\/boutique\/vins\/dacite-la-madone-2022-75cl\/","og_site_name":"Mes Vendanges","article_modified_time":"2025-12-12T13:30:35+00:00","og_image":[{"width":472,"height":1500,"url":"https:\/\/www.mesvendanges.com\/wp-content\/uploads\/2025\/05\/la-madone-gilles-bonnefoy-gamay-cuvee-dacite-2020-png.png","type":"image\/png"}],"twitter_card":"summary_large_image","twitter_misc":{"Dur\u00e9e de lecture estim\u00e9e":"1 minute"},"schema":{"@context":"https:\/\/schema.org","@graph":[{"@type":"Organization","@id":"https:\/\/www.mesvendanges.com\/en\/#organization","name":"Mes Vendanges","url":"https:\/\/www.mesvendanges.com\/en\/","sameAs":[],"logo":{"@type":"ImageObject","inLanguage":"fr-FR","@id":"https:\/\/www.mesvendanges.com\/en\/#\/schema\/logo\/image\/","url":"https:\/\/www.mesvendanges.com\/wp-content\/uploads\/2022\/02\/logo-mesvendanges.jpg","contentUrl":"https:\/\/www.mesvendanges.com\/wp-content\/uploads\/2022\/02\/logo-mesvendanges.jpg","width":851,"height":260,"caption":"Mes Vendanges"},"image":{"@id":"https:\/\/www.mesvendanges.com\/en\/#\/schema\/logo\/image\/"}},{"@type":"WebSite","@id":"https:\/\/www.mesvendanges.com\/en\/#website","url":"https:\/\/www.mesvendanges.com\/en\/","name":"Mes Vendanges","description":"Des journ\u00e9es enti\u00e8res dans les vignes","publisher":{"@id":"https:\/\/www.mesvendanges.com\/en\/#organization"},"potentialAction":[{"@type":"SearchAction","target":{"@type":"EntryPoint","urlTemplate":"https:\/\/www.mesvendanges.com\/en\/?s={search_term_string}"},"query-input":"required name=search_term_string"}],"inLanguage":"fr-FR"},{"@type":"ImageObject","inLanguage":"fr-FR","@id":"https:\/\/www.mesvendanges.com\/fr\/boutique\/vins\/dacite-la-madone-2022-75cl\/#primaryimage","url":"https:\/\/www.mesvendanges.com\/wp-content\/uploads\/2025\/05\/la-madone-gilles-bonnefoy-gamay-cuvee-dacite-2020-png.png","contentUrl":"https:\/\/www.mesvendanges.com\/wp-content\/uploads\/2025\/05\/la-madone-gilles-bonnefoy-gamay-cuvee-dacite-2020-png.png","width":472,"height":1500},{"@type":"WebPage","@id":"https:\/\/www.mesvendanges.com\/fr\/boutique\/vins\/dacite-la-madone-2022-75cl\/","url":"https:\/\/www.mesvendanges.com\/fr\/boutique\/vins\/dacite-la-madone-2022-75cl\/","name":"DACITE - Mes Vendanges","isPartOf":{"@id":"https:\/\/www.mesvendanges.com\/en\/#website"},"primaryImageOfPage":{"@id":"https:\/\/www.mesvendanges.com\/fr\/boutique\/vins\/dacite-la-madone-2022-75cl\/#primaryimage"},"datePublished":"2023-02-21T16:18:22+00:00","dateModified":"2025-12-12T13:30:35+00:00","breadcrumb":{"@id":"https:\/\/www.mesvendanges.com\/fr\/boutique\/vins\/dacite-la-madone-2022-75cl\/#breadcrumb"},"inLanguage":"fr-FR","potentialAction":[{"@type":"ReadAction","target":["https:\/\/www.mesvendanges.com\/fr\/boutique\/vins\/dacite-la-madone-2022-75cl\/"]}]},{"@type":"BreadcrumbList","@id":"https:\/\/www.mesvendanges.com\/fr\/boutique\/vins\/dacite-la-madone-2022-75cl\/#breadcrumb","itemListElement":[{"@type":"ListItem","position":1,"name":"Accueil","item":"https:\/\/www.mesvendanges.com\/fr\/"},{"@type":"ListItem","position":2,"name":"Boutique","item":"https:\/\/www.mesvendanges.com\/fr\/boutique\/"},{"@type":"ListItem","position":3,"name":"DACITE"}]}]}},"_links":{"self":[{"href":"https:\/\/www.mesvendanges.com\/fr\/wp-json\/wp\/v2\/product\/60942"}],"collection":[{"href":"https:\/\/www.mesvendanges.com\/fr\/wp-json\/wp\/v2\/product"}],"about":[{"href":"https:\/\/www.mesvendanges.com\/fr\/wp-json\/wp\/v2\/types\/product"}],"wp:featuredmedia":[{"embeddable":true,"href":"https:\/\/www.mesvendanges.com\/fr\/wp-json\/wp\/v2\/media\/88170"}],"wp:attachment":[{"href":"https:\/\/www.mesvendanges.com\/fr\/wp-json\/wp\/v2\/media?parent=60942"}],"wp:term":[{"taxonomy":"product_cat","embeddable":true,"href":"https:\/\/www.mesvendanges.com\/fr\/wp-json\/wp\/v2\/product_cat?post=60942"},{"taxonomy":"product_tag","embeddable":true,"href":"https:\/\/www.mesvendanges.com\/fr\/wp-json\/wp\/v2\/product_tag?post=60942"}],"curies":[{"name":"wp","href":"https:\/\/api.w.org\/{rel}","templated":true}]}}

https://www.mesvendanges.com/shop/non%20classé/dacite-la-madone-2022-75cl/

<p>Un nez floral à souhait pour cet gamay sur granit. Un fruité doux, aux tanins de velours. Une petite perle !</p>
<p>Age des vignes : 3 ans, 4 ans et 12 ans.Trois parcelles voisines. Rendement : 30 hl/ha</p>
<p>Sol 100 % argilo-granitique de type GRANO-DIORITE A DACITE . Ce granit, unique dans notre région, est issu d’un bloc de roche des Monts du Forez, qui culminaient à l’ère primaire à plus de 8000 mètres. Phénomène rare, cette DACITE contient du calcium. Cette roche s’érode en donnant des sols peu fertiles, grenus, avec des teneurs en argile faible pour la région ( environ 25 % ).<br />
Vendanges 100 % manuelles. Egrenage et tri mécanique puis manuel.  Utilisation des levures indigènes ( méthode du pied de cuve ). Pas de chaptalisation. Cuvaison de 10 jours, température maxi 29 °C. Elevage en cuves inox. Filtration légère. </p>

<p>Un nez floral à souhait pour cet gamay sur granit. Un fruité doux, aux tanins de velours. Une petite perle ! Age des vignes : 3 ans, 4 ans et 12 ans.Trois parcelles voisines. Rendement : 30 hl/ha Sol 100 % argilo-granitique de type GRANO-DIORITE A DACITE . Ce granit, unique dans notre région, est issu d’un [&hellip;]</p>

<!-- This site is optimized with the Yoast SEO plugin v19.3 - https://yoast.com/wordpress/plugins/seo/ -->
<title>DACITE - Mes Vendanges</title>
<meta name="robots" content="index, follow, max-snippet:-1, max-image-preview:large, max-video-preview:-1" />
<link rel="canonical" href="https://www.mesvendanges.com/fr/boutique/vins/dacite-la-madone-2022-75cl/" />
<meta property="og:locale" content="fr_FR" />
<meta property="og:type" content="article" />
<meta property="og:title" content="DACITE - Mes Vendanges" />
<meta property="og:description" content="Un nez floral à souhait pour cet gamay sur granit. Un fruité doux, aux tanins de velours. Une petite perle ! Age des vignes : 3 ans, 4 ans et 12 ans.Trois parcelles voisines. Rendement : 30 hl/ha Sol 100 % argilo-granitique de type GRANO-DIORITE A DACITE . Ce granit, unique dans notre région, est issu d’un [&hellip;]" />
<meta property="og:url" content="https://www.mesvendanges.com/fr/boutique/vins/dacite-la-madone-2022-75cl/" />
<meta property="og:site_name" content="Mes Vendanges" />
<meta property="article:modified_time" content="2025-12-12T13:30:35+00:00" />
<meta property="og:image" content="https://www.mesvendanges.com/wp-content/uploads/2025/05/la-madone-gilles-bonnefoy-gamay-cuvee-dacite-2020-png.png" />
	<meta property="og:image:width" content="472" />
	<meta property="og:image:height" content="1500" />
	<meta property="og:image:type" content="image/png" />
<meta name="twitter:card" content="summary_large_image" />
<meta name="twitter:label1" content="Durée de lecture estimée" />
	<meta name="twitter:data1" content="1 minute" />
<script type="application/ld+json" class="yoast-schema-graph">{"@context":"https://schema.org","@graph":[{"@type":"Organization","@id":"https://www.mesvendanges.com/en/#organization","name":"Mes Vendanges","url":"https://www.mesvendanges.com/en/","sameAs":[],"logo":{"@type":"ImageObject","inLanguage":"fr-FR","@id":"https://www.mesvendanges.com/en/#/schema/logo/image/","url":"https://www.mesvendanges.com/wp-content/uploads/2022/02/logo-mesvendanges.jpg","contentUrl":"https://www.mesvendanges.com/wp-content/uploads/2022/02/logo-mesvendanges.jpg","width":851,"height":260,"caption":"Mes Vendanges"},"image":{"@id":"https://www.mesvendanges.com/en/#/schema/logo/image/"}},{"@type":"WebSite","@id":"https://www.mesvendanges.com/en/#website","url":"https://www.mesvendanges.com/en/","name":"Mes Vendanges","description":"Des journées entières dans les vignes","publisher":{"@id":"https://www.mesvendanges.com/en/#organization"},"potentialAction":[{"@type":"SearchAction","target":{"@type":"EntryPoint","urlTemplate":"https://www.mesvendanges.com/en/?s={search_term_string}"},"query-input":"required name=search_term_string"}],"inLanguage":"fr-FR"},{"@type":"ImageObject","inLanguage":"fr-FR","@id":"https://www.mesvendanges.com/fr/boutique/vins/dacite-la-madone-2022-75cl/#primaryimage","url":"https://www.mesvendanges.com/wp-content/uploads/2025/05/la-madone-gilles-bonnefoy-gamay-cuvee-dacite-2020-png.png","contentUrl":"https://www.mesvendanges.com/wp-content/uploads/2025/05/la-madone-gilles-bonnefoy-gamay-cuvee-dacite-2020-png.png","width":472,"height":1500},{"@type":"WebPage","@id":"https://www.mesvendanges.com/fr/boutique/vins/dacite-la-madone-2022-75cl/","url":"https://www.mesvendanges.com/fr/boutique/vins/dacite-la-madone-2022-75cl/","name":"DACITE - Mes Vendanges","isPartOf":{"@id":"https://www.mesvendanges.com/en/#website"},"primaryImageOfPage":{"@id":"https://www.mesvendanges.com/fr/boutique/vins/dacite-la-madone-2022-75cl/#primaryimage"},"datePublished":"2023-02-21T16:18:22+00:00","dateModified":"2025-12-12T13:30:35+00:00","breadcrumb":{"@id":"https://www.mesvendanges.com/fr/boutique/vins/dacite-la-madone-2022-75cl/#breadcrumb"},"inLanguage":"fr-FR","potentialAction":[{"@type":"ReadAction","target":["https://www.mesvendanges.com/fr/boutique/vins/dacite-la-madone-2022-75cl/"]}]},{"@type":"BreadcrumbList","@id":"https://www.mesvendanges.com/fr/boutique/vins/dacite-la-madone-2022-75cl/#breadcrumb","itemListElement":[{"@type":"ListItem","position":1,"name":"Accueil","item":"https://www.mesvendanges.com/fr/"},{"@type":"ListItem","position":2,"name":"Boutique","item":"https://www.mesvendanges.com/fr/boutique/"},{"@type":"ListItem","position":3,"name":"DACITE"}]}]}</script>
<!-- / Yoast SEO plugin. -->

Un nez floral à souhait pour cet gamay sur granit. Un fruité doux, aux tanins de velours. Une petite perle ! Age des vignes : 3 ans, 4 ans et 12 ans.Trois parcelles voisines. Rendement : 30 hl/ha Sol 100 % argilo-granitique de type GRANO-DIORITE A DACITE . Ce granit, unique dans notre région, est issu d’un [&hellip;]

Des journées entières dans les vignes
