{"id":61537,"date":"2023-03-29T11:23:37","date_gmt":"2023-03-29T09:23:37","guid":{"rendered":"https:\/\/www.mesvendanges.com\/shop\/non%20class\u00e9\/morei-teroldego-cilindrica-foradori-2020-75cl\/"},"modified":"2025-10-23T12:37:02","modified_gmt":"2025-10-23T10:37:02","slug":"morei-teroldego-cilindrica-foradori-2020-75cl","status":"publish","type":"product","link":"https:\/\/www.mesvendanges.com\/fr\/boutique\/vins\/morei-teroldego-cilindrica-foradori-2020-75cl\/","title":{"rendered":"MOREI TEROLDEGO CILINDRICA"},"content":{"rendered":"<p>Ce vin provient de vignes du c\u00e9page teroldego sur les hauteurs de Mezzolombardo. Ce c\u00e9page produit des vins denses et sombres (d&#8217;o\u00f9 son nom, Morei signifiant sombre). Mais le domaine, gr\u00e2ce \u00e0 des plants de grande qualit\u00e9 et un \u00e9levage parfaitement maitris\u00e9, r\u00e9ussi \u00e0 apporter \u00e0 ce vin finesse de grain \u00e9tonnante, une fraicheur qui semble tirer le vin vers l&#8217;a\u00e9rien. La bouche est savoureuse, longue et juteuse. Un vin qui r\u00e9v\u00e9lera toute sa complexit\u00e9 avec quelques ann\u00e9es de cave mais qui d\u00e9j\u00e0 nous touche par sa pr\u00e9sence.<\/p>\n<p>La cuv\u00e9e cilindrica est \u00e9lev\u00e9e en amphore 12 mois de plus que la cuv\u00e9e classique<\/p>\n","protected":false},"excerpt":{"rendered":"<p>Ce vin provient de vignes du c\u00e9page teroldego sur les hauteurs de Mezzolombardo. Ce c\u00e9page produit des vins denses et sombres (d&#8217;o\u00f9 son nom, Morei signifiant sombre). Mais le domaine, gr\u00e2ce \u00e0 des plants de grande qualit\u00e9 et un \u00e9levage parfaitement maitris\u00e9, r\u00e9ussi \u00e0 apporter \u00e0 ce vin finesse de grain \u00e9tonnante, une fraicheur qui [&hellip;]<\/p>\n","protected":false},"featured_media":61703,"template":"","meta":[],"product_cat":[3736],"product_tag":[],"acf":[],"yoast_head":"<!-- This site is optimized with the Yoast SEO plugin v19.3 - https:\/\/yoast.com\/wordpress\/plugins\/seo\/ -->\n<title>MOREI TEROLDEGO CILINDRICA - Mes Vendanges<\/title>\n<meta name=\"robots\" content=\"index, follow, max-snippet:-1, max-image-preview:large, max-video-preview:-1\" \/>\n<link rel=\"canonical\" href=\"https:\/\/www.mesvendanges.com\/fr\/boutique\/vins\/morei-teroldego-cilindrica-foradori-2020-75cl\/\" \/>\n<meta property=\"og:locale\" content=\"fr_FR\" \/>\n<meta property=\"og:type\" content=\"article\" \/>\n<meta property=\"og:title\" content=\"MOREI TEROLDEGO CILINDRICA - Mes Vendanges\" \/>\n<meta property=\"og:description\" content=\"Ce vin provient de vignes du c\u00e9page teroldego sur les hauteurs de Mezzolombardo. Ce c\u00e9page produit des vins denses et sombres (d&#8217;o\u00f9 son nom, Morei signifiant sombre). Mais le domaine, gr\u00e2ce \u00e0 des plants de grande qualit\u00e9 et un \u00e9levage parfaitement maitris\u00e9, r\u00e9ussi \u00e0 apporter \u00e0 ce vin finesse de grain \u00e9tonnante, une fraicheur qui [&hellip;]\" \/>\n<meta property=\"og:url\" content=\"https:\/\/www.mesvendanges.com\/fr\/boutique\/vins\/morei-teroldego-cilindrica-foradori-2020-75cl\/\" \/>\n<meta property=\"og:site_name\" content=\"Mes Vendanges\" \/>\n<meta property=\"article:modified_time\" content=\"2025-10-23T10:37:02+00:00\" \/>\n<meta property=\"og:image\" content=\"https:\/\/www.mesvendanges.com\/wp-content\/uploads\/2023\/04\/foradori-morei-teroldego-cilindrica-dolomiti-igt-2020-75cl-rouge-png.png\" \/>\n\t<meta property=\"og:image:width\" content=\"420\" \/>\n\t<meta property=\"og:image:height\" content=\"1500\" \/>\n\t<meta property=\"og:image:type\" content=\"image\/png\" \/>\n<meta name=\"twitter:card\" content=\"summary_large_image\" \/>\n<meta name=\"twitter:label1\" content=\"Dur\u00e9e de lecture estim\u00e9e\" \/>\n\t<meta name=\"twitter:data1\" content=\"1 minute\" \/>\n<script type=\"application\/ld+json\" class=\"yoast-schema-graph\">{\"@context\":\"https:\/\/schema.org\",\"@graph\":[{\"@type\":\"Organization\",\"@id\":\"https:\/\/www.mesvendanges.com\/en\/#organization\",\"name\":\"Mes Vendanges\",\"url\":\"https:\/\/www.mesvendanges.com\/en\/\",\"sameAs\":[],\"logo\":{\"@type\":\"ImageObject\",\"inLanguage\":\"fr-FR\",\"@id\":\"https:\/\/www.mesvendanges.com\/en\/#\/schema\/logo\/image\/\",\"url\":\"https:\/\/www.mesvendanges.com\/wp-content\/uploads\/2022\/02\/logo-mesvendanges.jpg\",\"contentUrl\":\"https:\/\/www.mesvendanges.com\/wp-content\/uploads\/2022\/02\/logo-mesvendanges.jpg\",\"width\":851,\"height\":260,\"caption\":\"Mes Vendanges\"},\"image\":{\"@id\":\"https:\/\/www.mesvendanges.com\/en\/#\/schema\/logo\/image\/\"}},{\"@type\":\"WebSite\",\"@id\":\"https:\/\/www.mesvendanges.com\/en\/#website\",\"url\":\"https:\/\/www.mesvendanges.com\/en\/\",\"name\":\"Mes Vendanges\",\"description\":\"Des journ\u00e9es enti\u00e8res dans les vignes\",\"publisher\":{\"@id\":\"https:\/\/www.mesvendanges.com\/en\/#organization\"},\"potentialAction\":[{\"@type\":\"SearchAction\",\"target\":{\"@type\":\"EntryPoint\",\"urlTemplate\":\"https:\/\/www.mesvendanges.com\/en\/?s={search_term_string}\"},\"query-input\":\"required name=search_term_string\"}],\"inLanguage\":\"fr-FR\"},{\"@type\":\"ImageObject\",\"inLanguage\":\"fr-FR\",\"@id\":\"https:\/\/www.mesvendanges.com\/fr\/boutique\/vins\/morei-teroldego-cilindrica-foradori-2020-75cl\/#primaryimage\",\"url\":\"https:\/\/www.mesvendanges.com\/wp-content\/uploads\/2023\/04\/foradori-morei-teroldego-cilindrica-dolomiti-igt-2020-75cl-rouge-png.png\",\"contentUrl\":\"https:\/\/www.mesvendanges.com\/wp-content\/uploads\/2023\/04\/foradori-morei-teroldego-cilindrica-dolomiti-igt-2020-75cl-rouge-png.png\",\"width\":420,\"height\":1500},{\"@type\":\"WebPage\",\"@id\":\"https:\/\/www.mesvendanges.com\/fr\/boutique\/vins\/morei-teroldego-cilindrica-foradori-2020-75cl\/\",\"url\":\"https:\/\/www.mesvendanges.com\/fr\/boutique\/vins\/morei-teroldego-cilindrica-foradori-2020-75cl\/\",\"name\":\"MOREI TEROLDEGO CILINDRICA - Mes Vendanges\",\"isPartOf\":{\"@id\":\"https:\/\/www.mesvendanges.com\/en\/#website\"},\"primaryImageOfPage\":{\"@id\":\"https:\/\/www.mesvendanges.com\/fr\/boutique\/vins\/morei-teroldego-cilindrica-foradori-2020-75cl\/#primaryimage\"},\"datePublished\":\"2023-03-29T09:23:37+00:00\",\"dateModified\":\"2025-10-23T10:37:02+00:00\",\"breadcrumb\":{\"@id\":\"https:\/\/www.mesvendanges.com\/fr\/boutique\/vins\/morei-teroldego-cilindrica-foradori-2020-75cl\/#breadcrumb\"},\"inLanguage\":\"fr-FR\",\"potentialAction\":[{\"@type\":\"ReadAction\",\"target\":[\"https:\/\/www.mesvendanges.com\/fr\/boutique\/vins\/morei-teroldego-cilindrica-foradori-2020-75cl\/\"]}]},{\"@type\":\"BreadcrumbList\",\"@id\":\"https:\/\/www.mesvendanges.com\/fr\/boutique\/vins\/morei-teroldego-cilindrica-foradori-2020-75cl\/#breadcrumb\",\"itemListElement\":[{\"@type\":\"ListItem\",\"position\":1,\"name\":\"Accueil\",\"item\":\"https:\/\/www.mesvendanges.com\/fr\/\"},{\"@type\":\"ListItem\",\"position\":2,\"name\":\"Boutique\",\"item\":\"https:\/\/www.mesvendanges.com\/fr\/boutique\/\"},{\"@type\":\"ListItem\",\"position\":3,\"name\":\"MOREI TEROLDEGO CILINDRICA\"}]}]}<\/script>\n<!-- \/ Yoast SEO plugin. -->","yoast_head_json":{"title":"MOREI TEROLDEGO CILINDRICA - Mes Vendanges","robots":{"index":"index","follow":"follow","max-snippet":"max-snippet:-1","max-image-preview":"max-image-preview:large","max-video-preview":"max-video-preview:-1"},"canonical":"https:\/\/www.mesvendanges.com\/fr\/boutique\/vins\/morei-teroldego-cilindrica-foradori-2020-75cl\/","og_locale":"fr_FR","og_type":"article","og_title":"MOREI TEROLDEGO CILINDRICA - Mes Vendanges","og_description":"Ce vin provient de vignes du c\u00e9page teroldego sur les hauteurs de Mezzolombardo. Ce c\u00e9page produit des vins denses et sombres (d&#8217;o\u00f9 son nom, Morei signifiant sombre). Mais le domaine, gr\u00e2ce \u00e0 des plants de grande qualit\u00e9 et un \u00e9levage parfaitement maitris\u00e9, r\u00e9ussi \u00e0 apporter \u00e0 ce vin finesse de grain \u00e9tonnante, une fraicheur qui [&hellip;]","og_url":"https:\/\/www.mesvendanges.com\/fr\/boutique\/vins\/morei-teroldego-cilindrica-foradori-2020-75cl\/","og_site_name":"Mes Vendanges","article_modified_time":"2025-10-23T10:37:02+00:00","og_image":[{"width":420,"height":1500,"url":"https:\/\/www.mesvendanges.com\/wp-content\/uploads\/2023\/04\/foradori-morei-teroldego-cilindrica-dolomiti-igt-2020-75cl-rouge-png.png","type":"image\/png"}],"twitter_card":"summary_large_image","twitter_misc":{"Dur\u00e9e de lecture estim\u00e9e":"1 minute"},"schema":{"@context":"https:\/\/schema.org","@graph":[{"@type":"Organization","@id":"https:\/\/www.mesvendanges.com\/en\/#organization","name":"Mes Vendanges","url":"https:\/\/www.mesvendanges.com\/en\/","sameAs":[],"logo":{"@type":"ImageObject","inLanguage":"fr-FR","@id":"https:\/\/www.mesvendanges.com\/en\/#\/schema\/logo\/image\/","url":"https:\/\/www.mesvendanges.com\/wp-content\/uploads\/2022\/02\/logo-mesvendanges.jpg","contentUrl":"https:\/\/www.mesvendanges.com\/wp-content\/uploads\/2022\/02\/logo-mesvendanges.jpg","width":851,"height":260,"caption":"Mes Vendanges"},"image":{"@id":"https:\/\/www.mesvendanges.com\/en\/#\/schema\/logo\/image\/"}},{"@type":"WebSite","@id":"https:\/\/www.mesvendanges.com\/en\/#website","url":"https:\/\/www.mesvendanges.com\/en\/","name":"Mes Vendanges","description":"Des journ\u00e9es enti\u00e8res dans les vignes","publisher":{"@id":"https:\/\/www.mesvendanges.com\/en\/#organization"},"potentialAction":[{"@type":"SearchAction","target":{"@type":"EntryPoint","urlTemplate":"https:\/\/www.mesvendanges.com\/en\/?s={search_term_string}"},"query-input":"required name=search_term_string"}],"inLanguage":"fr-FR"},{"@type":"ImageObject","inLanguage":"fr-FR","@id":"https:\/\/www.mesvendanges.com\/fr\/boutique\/vins\/morei-teroldego-cilindrica-foradori-2020-75cl\/#primaryimage","url":"https:\/\/www.mesvendanges.com\/wp-content\/uploads\/2023\/04\/foradori-morei-teroldego-cilindrica-dolomiti-igt-2020-75cl-rouge-png.png","contentUrl":"https:\/\/www.mesvendanges.com\/wp-content\/uploads\/2023\/04\/foradori-morei-teroldego-cilindrica-dolomiti-igt-2020-75cl-rouge-png.png","width":420,"height":1500},{"@type":"WebPage","@id":"https:\/\/www.mesvendanges.com\/fr\/boutique\/vins\/morei-teroldego-cilindrica-foradori-2020-75cl\/","url":"https:\/\/www.mesvendanges.com\/fr\/boutique\/vins\/morei-teroldego-cilindrica-foradori-2020-75cl\/","name":"MOREI TEROLDEGO CILINDRICA - Mes Vendanges","isPartOf":{"@id":"https:\/\/www.mesvendanges.com\/en\/#website"},"primaryImageOfPage":{"@id":"https:\/\/www.mesvendanges.com\/fr\/boutique\/vins\/morei-teroldego-cilindrica-foradori-2020-75cl\/#primaryimage"},"datePublished":"2023-03-29T09:23:37+00:00","dateModified":"2025-10-23T10:37:02+00:00","breadcrumb":{"@id":"https:\/\/www.mesvendanges.com\/fr\/boutique\/vins\/morei-teroldego-cilindrica-foradori-2020-75cl\/#breadcrumb"},"inLanguage":"fr-FR","potentialAction":[{"@type":"ReadAction","target":["https:\/\/www.mesvendanges.com\/fr\/boutique\/vins\/morei-teroldego-cilindrica-foradori-2020-75cl\/"]}]},{"@type":"BreadcrumbList","@id":"https:\/\/www.mesvendanges.com\/fr\/boutique\/vins\/morei-teroldego-cilindrica-foradori-2020-75cl\/#breadcrumb","itemListElement":[{"@type":"ListItem","position":1,"name":"Accueil","item":"https:\/\/www.mesvendanges.com\/fr\/"},{"@type":"ListItem","position":2,"name":"Boutique","item":"https:\/\/www.mesvendanges.com\/fr\/boutique\/"},{"@type":"ListItem","position":3,"name":"MOREI TEROLDEGO CILINDRICA"}]}]}},"_links":{"self":[{"href":"https:\/\/www.mesvendanges.com\/fr\/wp-json\/wp\/v2\/product\/61537"}],"collection":[{"href":"https:\/\/www.mesvendanges.com\/fr\/wp-json\/wp\/v2\/product"}],"about":[{"href":"https:\/\/www.mesvendanges.com\/fr\/wp-json\/wp\/v2\/types\/product"}],"wp:featuredmedia":[{"embeddable":true,"href":"https:\/\/www.mesvendanges.com\/fr\/wp-json\/wp\/v2\/media\/61703"}],"wp:attachment":[{"href":"https:\/\/www.mesvendanges.com\/fr\/wp-json\/wp\/v2\/media?parent=61537"}],"wp:term":[{"taxonomy":"product_cat","embeddable":true,"href":"https:\/\/www.mesvendanges.com\/fr\/wp-json\/wp\/v2\/product_cat?post=61537"},{"taxonomy":"product_tag","embeddable":true,"href":"https:\/\/www.mesvendanges.com\/fr\/wp-json\/wp\/v2\/product_tag?post=61537"}],"curies":[{"name":"wp","href":"https:\/\/api.w.org\/{rel}","templated":true}]}}

https://www.mesvendanges.com/shop/non%20classé/morei-teroldego-cilindrica-foradori-2020-75cl/

<p>Ce vin provient de vignes du cépage teroldego sur les hauteurs de Mezzolombardo. Ce cépage produit des vins denses et sombres (d&#8217;où son nom, Morei signifiant sombre). Mais le domaine, grâce à des plants de grande qualité et un élevage parfaitement maitrisé, réussi à apporter à ce vin finesse de grain étonnante, une fraicheur qui semble tirer le vin vers l&#8217;aérien. La bouche est savoureuse, longue et juteuse. Un vin qui révélera toute sa complexité avec quelques années de cave mais qui déjà nous touche par sa présence.</p>
<p>La cuvée cilindrica est élevée en amphore 12 mois de plus que la cuvée classique</p>

<p>Ce vin provient de vignes du cépage teroldego sur les hauteurs de Mezzolombardo. Ce cépage produit des vins denses et sombres (d&#8217;où son nom, Morei signifiant sombre). Mais le domaine, grâce à des plants de grande qualité et un élevage parfaitement maitrisé, réussi à apporter à ce vin finesse de grain étonnante, une fraicheur qui [&hellip;]</p>

<!-- This site is optimized with the Yoast SEO plugin v19.3 - https://yoast.com/wordpress/plugins/seo/ -->
<title>MOREI TEROLDEGO CILINDRICA - Mes Vendanges</title>
<meta name="robots" content="index, follow, max-snippet:-1, max-image-preview:large, max-video-preview:-1" />
<link rel="canonical" href="https://www.mesvendanges.com/fr/boutique/vins/morei-teroldego-cilindrica-foradori-2020-75cl/" />
<meta property="og:locale" content="fr_FR" />
<meta property="og:type" content="article" />
<meta property="og:title" content="MOREI TEROLDEGO CILINDRICA - Mes Vendanges" />
<meta property="og:description" content="Ce vin provient de vignes du cépage teroldego sur les hauteurs de Mezzolombardo. Ce cépage produit des vins denses et sombres (d&#8217;où son nom, Morei signifiant sombre). Mais le domaine, grâce à des plants de grande qualité et un élevage parfaitement maitrisé, réussi à apporter à ce vin finesse de grain étonnante, une fraicheur qui [&hellip;]" />
<meta property="og:url" content="https://www.mesvendanges.com/fr/boutique/vins/morei-teroldego-cilindrica-foradori-2020-75cl/" />
<meta property="og:site_name" content="Mes Vendanges" />
<meta property="article:modified_time" content="2025-10-23T10:37:02+00:00" />
<meta property="og:image" content="https://www.mesvendanges.com/wp-content/uploads/2023/04/foradori-morei-teroldego-cilindrica-dolomiti-igt-2020-75cl-rouge-png.png" />
	<meta property="og:image:width" content="420" />
	<meta property="og:image:height" content="1500" />
	<meta property="og:image:type" content="image/png" />
<meta name="twitter:card" content="summary_large_image" />
<meta name="twitter:label1" content="Durée de lecture estimée" />
	<meta name="twitter:data1" content="1 minute" />
<script type="application/ld+json" class="yoast-schema-graph">{"@context":"https://schema.org","@graph":[{"@type":"Organization","@id":"https://www.mesvendanges.com/en/#organization","name":"Mes Vendanges","url":"https://www.mesvendanges.com/en/","sameAs":[],"logo":{"@type":"ImageObject","inLanguage":"fr-FR","@id":"https://www.mesvendanges.com/en/#/schema/logo/image/","url":"https://www.mesvendanges.com/wp-content/uploads/2022/02/logo-mesvendanges.jpg","contentUrl":"https://www.mesvendanges.com/wp-content/uploads/2022/02/logo-mesvendanges.jpg","width":851,"height":260,"caption":"Mes Vendanges"},"image":{"@id":"https://www.mesvendanges.com/en/#/schema/logo/image/"}},{"@type":"WebSite","@id":"https://www.mesvendanges.com/en/#website","url":"https://www.mesvendanges.com/en/","name":"Mes Vendanges","description":"Des journées entières dans les vignes","publisher":{"@id":"https://www.mesvendanges.com/en/#organization"},"potentialAction":[{"@type":"SearchAction","target":{"@type":"EntryPoint","urlTemplate":"https://www.mesvendanges.com/en/?s={search_term_string}"},"query-input":"required name=search_term_string"}],"inLanguage":"fr-FR"},{"@type":"ImageObject","inLanguage":"fr-FR","@id":"https://www.mesvendanges.com/fr/boutique/vins/morei-teroldego-cilindrica-foradori-2020-75cl/#primaryimage","url":"https://www.mesvendanges.com/wp-content/uploads/2023/04/foradori-morei-teroldego-cilindrica-dolomiti-igt-2020-75cl-rouge-png.png","contentUrl":"https://www.mesvendanges.com/wp-content/uploads/2023/04/foradori-morei-teroldego-cilindrica-dolomiti-igt-2020-75cl-rouge-png.png","width":420,"height":1500},{"@type":"WebPage","@id":"https://www.mesvendanges.com/fr/boutique/vins/morei-teroldego-cilindrica-foradori-2020-75cl/","url":"https://www.mesvendanges.com/fr/boutique/vins/morei-teroldego-cilindrica-foradori-2020-75cl/","name":"MOREI TEROLDEGO CILINDRICA - Mes Vendanges","isPartOf":{"@id":"https://www.mesvendanges.com/en/#website"},"primaryImageOfPage":{"@id":"https://www.mesvendanges.com/fr/boutique/vins/morei-teroldego-cilindrica-foradori-2020-75cl/#primaryimage"},"datePublished":"2023-03-29T09:23:37+00:00","dateModified":"2025-10-23T10:37:02+00:00","breadcrumb":{"@id":"https://www.mesvendanges.com/fr/boutique/vins/morei-teroldego-cilindrica-foradori-2020-75cl/#breadcrumb"},"inLanguage":"fr-FR","potentialAction":[{"@type":"ReadAction","target":["https://www.mesvendanges.com/fr/boutique/vins/morei-teroldego-cilindrica-foradori-2020-75cl/"]}]},{"@type":"BreadcrumbList","@id":"https://www.mesvendanges.com/fr/boutique/vins/morei-teroldego-cilindrica-foradori-2020-75cl/#breadcrumb","itemListElement":[{"@type":"ListItem","position":1,"name":"Accueil","item":"https://www.mesvendanges.com/fr/"},{"@type":"ListItem","position":2,"name":"Boutique","item":"https://www.mesvendanges.com/fr/boutique/"},{"@type":"ListItem","position":3,"name":"MOREI TEROLDEGO CILINDRICA"}]}]}</script>
<!-- / Yoast SEO plugin. -->

Ce vin provient de vignes du cépage teroldego sur les hauteurs de Mezzolombardo. Ce cépage produit des vins denses et sombres (d&#8217;où son nom, Morei signifiant sombre). Mais le domaine, grâce à des plants de grande qualité et un élevage parfaitement maitrisé, réussi à apporter à ce vin finesse de grain étonnante, une fraicheur qui [&hellip;]

Des journées entières dans les vignes
