{"id":61982,"date":"2023-04-19T14:20:20","date_gmt":"2023-04-19T12:20:20","guid":{"rendered":"https:\/\/www.mesvendanges.com\/shop\/non%20class\u00e9\/poivre-noir-de-tellicherry-epices-shira-nm-45gr\/"},"modified":"2026-02-25T14:33:46","modified_gmt":"2026-02-25T13:33:46","slug":"poivre-noir-de-tellicherry-epices-shira-45gr","status":"publish","type":"product","link":"https:\/\/www.mesvendanges.com\/fr\/boutique\/epicerie-et-accessoires\/poivre-noir-de-tellicherry-epices-shira-45gr\/","title":{"rendered":"POIVRE NOIR DE TELLICHERRY"},"content":{"rendered":"<p>\u00ab D&#8217;une puissance prodigieuse, le poivre noir de Tellicherry enivre vos sens \u00bb<\/p>\n<p>Le poivre noir de Tellicherry biologique provient de petites fermes traditionnelles du Kerala, en Inde o\u00f9 polyculture et biodiversit\u00e9 sont r\u00e8gle d\u2019or. Les grains sont de grosse taille et puissamment aromatiques. Ils d\u00e9gagent un parfum iod\u00e9, menthol\u00e9 et l\u00e9g\u00e8rement acidul\u00e9. En les concassant, on exacerbe les c\u00f4t\u00e9s piquants et frais et l\u2019on d\u00e9couvre une odeur bois\u00e9e. D\u2019un point de vue gustatif, ce poivre noir nous saisit par son mordant, sa fra\u00eecheur menthol\u00e9e et ses notes tr\u00e8s florales, rappelant l\u2019ylang ylang et le jasmin. Ce poivre a aussi une tr\u00e8s belle longueur en bouche. C\u2019est l\u2019\u00e9quilibre parfait entre le piquant, le go\u00fbt et la longueur.<\/p>\n","protected":false},"excerpt":{"rendered":"<p>\u00ab D&#8217;une puissance prodigieuse, le poivre noir de Tellicherry enivre vos sens \u00bb Le poivre noir de Tellicherry biologique provient de petites fermes traditionnelles du Kerala, en Inde o\u00f9 polyculture et biodiversit\u00e9 sont r\u00e8gle d\u2019or. Les grains sont de grosse taille et puissamment aromatiques. Ils d\u00e9gagent un parfum iod\u00e9, menthol\u00e9 et l\u00e9g\u00e8rement acidul\u00e9. En les [&hellip;]<\/p>\n","protected":false},"featured_media":62056,"template":"","meta":[],"product_cat":[3737],"product_tag":[],"acf":[],"yoast_head":"<!-- This site is optimized with the Yoast SEO plugin v19.3 - https:\/\/yoast.com\/wordpress\/plugins\/seo\/ -->\n<title>POIVRE NOIR DE TELLICHERRY - Mes Vendanges<\/title>\n<meta name=\"robots\" content=\"index, follow, max-snippet:-1, max-image-preview:large, max-video-preview:-1\" \/>\n<link rel=\"canonical\" href=\"https:\/\/www.mesvendanges.com\/fr\/boutique\/epicerie-et-accessoires\/poivre-noir-de-tellicherry-epices-shira-45gr\/\" \/>\n<meta property=\"og:locale\" content=\"fr_FR\" \/>\n<meta property=\"og:type\" content=\"article\" \/>\n<meta property=\"og:title\" content=\"POIVRE NOIR DE TELLICHERRY - Mes Vendanges\" \/>\n<meta property=\"og:description\" content=\"\u00ab D&#8217;une puissance prodigieuse, le poivre noir de Tellicherry enivre vos sens \u00bb Le poivre noir de Tellicherry biologique provient de petites fermes traditionnelles du Kerala, en Inde o\u00f9 polyculture et biodiversit\u00e9 sont r\u00e8gle d\u2019or. Les grains sont de grosse taille et puissamment aromatiques. Ils d\u00e9gagent un parfum iod\u00e9, menthol\u00e9 et l\u00e9g\u00e8rement acidul\u00e9. En les [&hellip;]\" \/>\n<meta property=\"og:url\" content=\"https:\/\/www.mesvendanges.com\/fr\/boutique\/epicerie-et-accessoires\/poivre-noir-de-tellicherry-epices-shira-45gr\/\" \/>\n<meta property=\"og:site_name\" content=\"Mes Vendanges\" \/>\n<meta property=\"article:modified_time\" content=\"2026-02-25T13:33:46+00:00\" \/>\n<meta property=\"og:image\" content=\"https:\/\/www.mesvendanges.com\/wp-content\/uploads\/2023\/04\/poivre-noir-bio-de-tellicherry-jpg.jpg\" \/>\n\t<meta property=\"og:image:width\" content=\"1355\" \/>\n\t<meta property=\"og:image:height\" content=\"1500\" \/>\n\t<meta property=\"og:image:type\" content=\"image\/jpeg\" \/>\n<meta name=\"twitter:card\" content=\"summary_large_image\" \/>\n<meta name=\"twitter:label1\" content=\"Dur\u00e9e de lecture estim\u00e9e\" \/>\n\t<meta name=\"twitter:data1\" content=\"1 minute\" \/>\n<script type=\"application\/ld+json\" class=\"yoast-schema-graph\">{\"@context\":\"https:\/\/schema.org\",\"@graph\":[{\"@type\":\"Organization\",\"@id\":\"https:\/\/www.mesvendanges.com\/en\/#organization\",\"name\":\"Mes Vendanges\",\"url\":\"https:\/\/www.mesvendanges.com\/en\/\",\"sameAs\":[],\"logo\":{\"@type\":\"ImageObject\",\"inLanguage\":\"fr-FR\",\"@id\":\"https:\/\/www.mesvendanges.com\/en\/#\/schema\/logo\/image\/\",\"url\":\"https:\/\/www.mesvendanges.com\/wp-content\/uploads\/2022\/02\/logo-mesvendanges.jpg\",\"contentUrl\":\"https:\/\/www.mesvendanges.com\/wp-content\/uploads\/2022\/02\/logo-mesvendanges.jpg\",\"width\":851,\"height\":260,\"caption\":\"Mes Vendanges\"},\"image\":{\"@id\":\"https:\/\/www.mesvendanges.com\/en\/#\/schema\/logo\/image\/\"}},{\"@type\":\"WebSite\",\"@id\":\"https:\/\/www.mesvendanges.com\/en\/#website\",\"url\":\"https:\/\/www.mesvendanges.com\/en\/\",\"name\":\"Mes Vendanges\",\"description\":\"Des journ\u00e9es enti\u00e8res dans les vignes\",\"publisher\":{\"@id\":\"https:\/\/www.mesvendanges.com\/en\/#organization\"},\"potentialAction\":[{\"@type\":\"SearchAction\",\"target\":{\"@type\":\"EntryPoint\",\"urlTemplate\":\"https:\/\/www.mesvendanges.com\/en\/?s={search_term_string}\"},\"query-input\":\"required name=search_term_string\"}],\"inLanguage\":\"fr-FR\"},{\"@type\":\"ImageObject\",\"inLanguage\":\"fr-FR\",\"@id\":\"https:\/\/www.mesvendanges.com\/fr\/boutique\/epicerie-et-accessoires\/poivre-noir-de-tellicherry-epices-shira-45gr\/#primaryimage\",\"url\":\"https:\/\/www.mesvendanges.com\/wp-content\/uploads\/2023\/04\/poivre-noir-bio-de-tellicherry-jpg.jpg\",\"contentUrl\":\"https:\/\/www.mesvendanges.com\/wp-content\/uploads\/2023\/04\/poivre-noir-bio-de-tellicherry-jpg.jpg\",\"width\":1355,\"height\":1500},{\"@type\":\"WebPage\",\"@id\":\"https:\/\/www.mesvendanges.com\/fr\/boutique\/epicerie-et-accessoires\/poivre-noir-de-tellicherry-epices-shira-45gr\/\",\"url\":\"https:\/\/www.mesvendanges.com\/fr\/boutique\/epicerie-et-accessoires\/poivre-noir-de-tellicherry-epices-shira-45gr\/\",\"name\":\"POIVRE NOIR DE TELLICHERRY - Mes Vendanges\",\"isPartOf\":{\"@id\":\"https:\/\/www.mesvendanges.com\/en\/#website\"},\"primaryImageOfPage\":{\"@id\":\"https:\/\/www.mesvendanges.com\/fr\/boutique\/epicerie-et-accessoires\/poivre-noir-de-tellicherry-epices-shira-45gr\/#primaryimage\"},\"datePublished\":\"2023-04-19T12:20:20+00:00\",\"dateModified\":\"2026-02-25T13:33:46+00:00\",\"breadcrumb\":{\"@id\":\"https:\/\/www.mesvendanges.com\/fr\/boutique\/epicerie-et-accessoires\/poivre-noir-de-tellicherry-epices-shira-45gr\/#breadcrumb\"},\"inLanguage\":\"fr-FR\",\"potentialAction\":[{\"@type\":\"ReadAction\",\"target\":[\"https:\/\/www.mesvendanges.com\/fr\/boutique\/epicerie-et-accessoires\/poivre-noir-de-tellicherry-epices-shira-45gr\/\"]}]},{\"@type\":\"BreadcrumbList\",\"@id\":\"https:\/\/www.mesvendanges.com\/fr\/boutique\/epicerie-et-accessoires\/poivre-noir-de-tellicherry-epices-shira-45gr\/#breadcrumb\",\"itemListElement\":[{\"@type\":\"ListItem\",\"position\":1,\"name\":\"Accueil\",\"item\":\"https:\/\/www.mesvendanges.com\/fr\/\"},{\"@type\":\"ListItem\",\"position\":2,\"name\":\"Boutique\",\"item\":\"https:\/\/www.mesvendanges.com\/fr\/boutique\/\"},{\"@type\":\"ListItem\",\"position\":3,\"name\":\"POIVRE NOIR DE TELLICHERRY\"}]}]}<\/script>\n<!-- \/ Yoast SEO plugin. -->","yoast_head_json":{"title":"POIVRE NOIR DE TELLICHERRY - Mes Vendanges","robots":{"index":"index","follow":"follow","max-snippet":"max-snippet:-1","max-image-preview":"max-image-preview:large","max-video-preview":"max-video-preview:-1"},"canonical":"https:\/\/www.mesvendanges.com\/fr\/boutique\/epicerie-et-accessoires\/poivre-noir-de-tellicherry-epices-shira-45gr\/","og_locale":"fr_FR","og_type":"article","og_title":"POIVRE NOIR DE TELLICHERRY - Mes Vendanges","og_description":"\u00ab D&#8217;une puissance prodigieuse, le poivre noir de Tellicherry enivre vos sens \u00bb Le poivre noir de Tellicherry biologique provient de petites fermes traditionnelles du Kerala, en Inde o\u00f9 polyculture et biodiversit\u00e9 sont r\u00e8gle d\u2019or. Les grains sont de grosse taille et puissamment aromatiques. Ils d\u00e9gagent un parfum iod\u00e9, menthol\u00e9 et l\u00e9g\u00e8rement acidul\u00e9. En les [&hellip;]","og_url":"https:\/\/www.mesvendanges.com\/fr\/boutique\/epicerie-et-accessoires\/poivre-noir-de-tellicherry-epices-shira-45gr\/","og_site_name":"Mes Vendanges","article_modified_time":"2026-02-25T13:33:46+00:00","og_image":[{"width":1355,"height":1500,"url":"https:\/\/www.mesvendanges.com\/wp-content\/uploads\/2023\/04\/poivre-noir-bio-de-tellicherry-jpg.jpg","type":"image\/jpeg"}],"twitter_card":"summary_large_image","twitter_misc":{"Dur\u00e9e de lecture estim\u00e9e":"1 minute"},"schema":{"@context":"https:\/\/schema.org","@graph":[{"@type":"Organization","@id":"https:\/\/www.mesvendanges.com\/en\/#organization","name":"Mes Vendanges","url":"https:\/\/www.mesvendanges.com\/en\/","sameAs":[],"logo":{"@type":"ImageObject","inLanguage":"fr-FR","@id":"https:\/\/www.mesvendanges.com\/en\/#\/schema\/logo\/image\/","url":"https:\/\/www.mesvendanges.com\/wp-content\/uploads\/2022\/02\/logo-mesvendanges.jpg","contentUrl":"https:\/\/www.mesvendanges.com\/wp-content\/uploads\/2022\/02\/logo-mesvendanges.jpg","width":851,"height":260,"caption":"Mes Vendanges"},"image":{"@id":"https:\/\/www.mesvendanges.com\/en\/#\/schema\/logo\/image\/"}},{"@type":"WebSite","@id":"https:\/\/www.mesvendanges.com\/en\/#website","url":"https:\/\/www.mesvendanges.com\/en\/","name":"Mes Vendanges","description":"Des journ\u00e9es enti\u00e8res dans les vignes","publisher":{"@id":"https:\/\/www.mesvendanges.com\/en\/#organization"},"potentialAction":[{"@type":"SearchAction","target":{"@type":"EntryPoint","urlTemplate":"https:\/\/www.mesvendanges.com\/en\/?s={search_term_string}"},"query-input":"required name=search_term_string"}],"inLanguage":"fr-FR"},{"@type":"ImageObject","inLanguage":"fr-FR","@id":"https:\/\/www.mesvendanges.com\/fr\/boutique\/epicerie-et-accessoires\/poivre-noir-de-tellicherry-epices-shira-45gr\/#primaryimage","url":"https:\/\/www.mesvendanges.com\/wp-content\/uploads\/2023\/04\/poivre-noir-bio-de-tellicherry-jpg.jpg","contentUrl":"https:\/\/www.mesvendanges.com\/wp-content\/uploads\/2023\/04\/poivre-noir-bio-de-tellicherry-jpg.jpg","width":1355,"height":1500},{"@type":"WebPage","@id":"https:\/\/www.mesvendanges.com\/fr\/boutique\/epicerie-et-accessoires\/poivre-noir-de-tellicherry-epices-shira-45gr\/","url":"https:\/\/www.mesvendanges.com\/fr\/boutique\/epicerie-et-accessoires\/poivre-noir-de-tellicherry-epices-shira-45gr\/","name":"POIVRE NOIR DE TELLICHERRY - Mes Vendanges","isPartOf":{"@id":"https:\/\/www.mesvendanges.com\/en\/#website"},"primaryImageOfPage":{"@id":"https:\/\/www.mesvendanges.com\/fr\/boutique\/epicerie-et-accessoires\/poivre-noir-de-tellicherry-epices-shira-45gr\/#primaryimage"},"datePublished":"2023-04-19T12:20:20+00:00","dateModified":"2026-02-25T13:33:46+00:00","breadcrumb":{"@id":"https:\/\/www.mesvendanges.com\/fr\/boutique\/epicerie-et-accessoires\/poivre-noir-de-tellicherry-epices-shira-45gr\/#breadcrumb"},"inLanguage":"fr-FR","potentialAction":[{"@type":"ReadAction","target":["https:\/\/www.mesvendanges.com\/fr\/boutique\/epicerie-et-accessoires\/poivre-noir-de-tellicherry-epices-shira-45gr\/"]}]},{"@type":"BreadcrumbList","@id":"https:\/\/www.mesvendanges.com\/fr\/boutique\/epicerie-et-accessoires\/poivre-noir-de-tellicherry-epices-shira-45gr\/#breadcrumb","itemListElement":[{"@type":"ListItem","position":1,"name":"Accueil","item":"https:\/\/www.mesvendanges.com\/fr\/"},{"@type":"ListItem","position":2,"name":"Boutique","item":"https:\/\/www.mesvendanges.com\/fr\/boutique\/"},{"@type":"ListItem","position":3,"name":"POIVRE NOIR DE TELLICHERRY"}]}]}},"_links":{"self":[{"href":"https:\/\/www.mesvendanges.com\/fr\/wp-json\/wp\/v2\/product\/61982"}],"collection":[{"href":"https:\/\/www.mesvendanges.com\/fr\/wp-json\/wp\/v2\/product"}],"about":[{"href":"https:\/\/www.mesvendanges.com\/fr\/wp-json\/wp\/v2\/types\/product"}],"wp:featuredmedia":[{"embeddable":true,"href":"https:\/\/www.mesvendanges.com\/fr\/wp-json\/wp\/v2\/media\/62056"}],"wp:attachment":[{"href":"https:\/\/www.mesvendanges.com\/fr\/wp-json\/wp\/v2\/media?parent=61982"}],"wp:term":[{"taxonomy":"product_cat","embeddable":true,"href":"https:\/\/www.mesvendanges.com\/fr\/wp-json\/wp\/v2\/product_cat?post=61982"},{"taxonomy":"product_tag","embeddable":true,"href":"https:\/\/www.mesvendanges.com\/fr\/wp-json\/wp\/v2\/product_tag?post=61982"}],"curies":[{"name":"wp","href":"https:\/\/api.w.org\/{rel}","templated":true}]}}

https://www.mesvendanges.com/shop/non%20classé/poivre-noir-de-tellicherry-epices-shira-nm-45gr/

<p>« D&#8217;une puissance prodigieuse, le poivre noir de Tellicherry enivre vos sens »</p>
<p>Le poivre noir de Tellicherry biologique provient de petites fermes traditionnelles du Kerala, en Inde où polyculture et biodiversité sont règle d’or. Les grains sont de grosse taille et puissamment aromatiques. Ils dégagent un parfum iodé, mentholé et légèrement acidulé. En les concassant, on exacerbe les côtés piquants et frais et l’on découvre une odeur boisée. D’un point de vue gustatif, ce poivre noir nous saisit par son mordant, sa fraîcheur mentholée et ses notes très florales, rappelant l’ylang ylang et le jasmin. Ce poivre a aussi une très belle longueur en bouche. C’est l’équilibre parfait entre le piquant, le goût et la longueur.</p>

<p>« D&#8217;une puissance prodigieuse, le poivre noir de Tellicherry enivre vos sens » Le poivre noir de Tellicherry biologique provient de petites fermes traditionnelles du Kerala, en Inde où polyculture et biodiversité sont règle d’or. Les grains sont de grosse taille et puissamment aromatiques. Ils dégagent un parfum iodé, mentholé et légèrement acidulé. En les [&hellip;]</p>

<!-- This site is optimized with the Yoast SEO plugin v19.3 - https://yoast.com/wordpress/plugins/seo/ -->
<title>POIVRE NOIR DE TELLICHERRY - Mes Vendanges</title>
<meta name="robots" content="index, follow, max-snippet:-1, max-image-preview:large, max-video-preview:-1" />
<link rel="canonical" href="https://www.mesvendanges.com/fr/boutique/epicerie-et-accessoires/poivre-noir-de-tellicherry-epices-shira-45gr/" />
<meta property="og:locale" content="fr_FR" />
<meta property="og:type" content="article" />
<meta property="og:title" content="POIVRE NOIR DE TELLICHERRY - Mes Vendanges" />
<meta property="og:description" content="« D&#8217;une puissance prodigieuse, le poivre noir de Tellicherry enivre vos sens » Le poivre noir de Tellicherry biologique provient de petites fermes traditionnelles du Kerala, en Inde où polyculture et biodiversité sont règle d’or. Les grains sont de grosse taille et puissamment aromatiques. Ils dégagent un parfum iodé, mentholé et légèrement acidulé. En les [&hellip;]" />
<meta property="og:url" content="https://www.mesvendanges.com/fr/boutique/epicerie-et-accessoires/poivre-noir-de-tellicherry-epices-shira-45gr/" />
<meta property="og:site_name" content="Mes Vendanges" />
<meta property="article:modified_time" content="2026-02-25T13:33:46+00:00" />
<meta property="og:image" content="https://www.mesvendanges.com/wp-content/uploads/2023/04/poivre-noir-bio-de-tellicherry-jpg.jpg" />
	<meta property="og:image:width" content="1355" />
	<meta property="og:image:height" content="1500" />
	<meta property="og:image:type" content="image/jpeg" />
<meta name="twitter:card" content="summary_large_image" />
<meta name="twitter:label1" content="Durée de lecture estimée" />
	<meta name="twitter:data1" content="1 minute" />
<script type="application/ld+json" class="yoast-schema-graph">{"@context":"https://schema.org","@graph":[{"@type":"Organization","@id":"https://www.mesvendanges.com/en/#organization","name":"Mes Vendanges","url":"https://www.mesvendanges.com/en/","sameAs":[],"logo":{"@type":"ImageObject","inLanguage":"fr-FR","@id":"https://www.mesvendanges.com/en/#/schema/logo/image/","url":"https://www.mesvendanges.com/wp-content/uploads/2022/02/logo-mesvendanges.jpg","contentUrl":"https://www.mesvendanges.com/wp-content/uploads/2022/02/logo-mesvendanges.jpg","width":851,"height":260,"caption":"Mes Vendanges"},"image":{"@id":"https://www.mesvendanges.com/en/#/schema/logo/image/"}},{"@type":"WebSite","@id":"https://www.mesvendanges.com/en/#website","url":"https://www.mesvendanges.com/en/","name":"Mes Vendanges","description":"Des journées entières dans les vignes","publisher":{"@id":"https://www.mesvendanges.com/en/#organization"},"potentialAction":[{"@type":"SearchAction","target":{"@type":"EntryPoint","urlTemplate":"https://www.mesvendanges.com/en/?s={search_term_string}"},"query-input":"required name=search_term_string"}],"inLanguage":"fr-FR"},{"@type":"ImageObject","inLanguage":"fr-FR","@id":"https://www.mesvendanges.com/fr/boutique/epicerie-et-accessoires/poivre-noir-de-tellicherry-epices-shira-45gr/#primaryimage","url":"https://www.mesvendanges.com/wp-content/uploads/2023/04/poivre-noir-bio-de-tellicherry-jpg.jpg","contentUrl":"https://www.mesvendanges.com/wp-content/uploads/2023/04/poivre-noir-bio-de-tellicherry-jpg.jpg","width":1355,"height":1500},{"@type":"WebPage","@id":"https://www.mesvendanges.com/fr/boutique/epicerie-et-accessoires/poivre-noir-de-tellicherry-epices-shira-45gr/","url":"https://www.mesvendanges.com/fr/boutique/epicerie-et-accessoires/poivre-noir-de-tellicherry-epices-shira-45gr/","name":"POIVRE NOIR DE TELLICHERRY - Mes Vendanges","isPartOf":{"@id":"https://www.mesvendanges.com/en/#website"},"primaryImageOfPage":{"@id":"https://www.mesvendanges.com/fr/boutique/epicerie-et-accessoires/poivre-noir-de-tellicherry-epices-shira-45gr/#primaryimage"},"datePublished":"2023-04-19T12:20:20+00:00","dateModified":"2026-02-25T13:33:46+00:00","breadcrumb":{"@id":"https://www.mesvendanges.com/fr/boutique/epicerie-et-accessoires/poivre-noir-de-tellicherry-epices-shira-45gr/#breadcrumb"},"inLanguage":"fr-FR","potentialAction":[{"@type":"ReadAction","target":["https://www.mesvendanges.com/fr/boutique/epicerie-et-accessoires/poivre-noir-de-tellicherry-epices-shira-45gr/"]}]},{"@type":"BreadcrumbList","@id":"https://www.mesvendanges.com/fr/boutique/epicerie-et-accessoires/poivre-noir-de-tellicherry-epices-shira-45gr/#breadcrumb","itemListElement":[{"@type":"ListItem","position":1,"name":"Accueil","item":"https://www.mesvendanges.com/fr/"},{"@type":"ListItem","position":2,"name":"Boutique","item":"https://www.mesvendanges.com/fr/boutique/"},{"@type":"ListItem","position":3,"name":"POIVRE NOIR DE TELLICHERRY"}]}]}</script>
<!-- / Yoast SEO plugin. -->

« D&#8217;une puissance prodigieuse, le poivre noir de Tellicherry enivre vos sens » Le poivre noir de Tellicherry biologique provient de petites fermes traditionnelles du Kerala, en Inde où polyculture et biodiversité sont règle d’or. Les grains sont de grosse taille et puissamment aromatiques. Ils dégagent un parfum iodé, mentholé et légèrement acidulé. En les [&hellip;]

Des journées entières dans les vignes
