{"id":72955,"date":"2024-01-07T18:25:16","date_gmt":"2024-01-07T17:25:16","guid":{"rendered":"https:\/\/www.mesvendanges.com\/shop\/non%20class\u00e9\/revue-de-presse-zuliani-ferme-boulet-rouge-2022-75cl\/"},"modified":"2025-09-05T10:48:14","modified_gmt":"2025-09-05T08:48:14","slug":"revue-de-presse-zuliani-ferme-boulet-rouge-2022-75cl","status":"publish","type":"product","link":"https:\/\/www.mesvendanges.com\/fr\/boutique\/vins\/revue-de-presse-zuliani-ferme-boulet-rouge-2022-75cl\/","title":{"rendered":"REVUE DE PRESSE"},"content":{"rendered":"<p>Ros\u00e9 issu d&#8217;une presse directe de grolleau noir (66%) et de cabernet franc. Un tr\u00e8s beau ros\u00e9, avec du peps en bouche, un impression de blanc, avec une trame tactile suppl\u00e9mentaire. De jolis parfums de fruits rouges et de feuillage au nez, de l&#8217;allonge en bouche!<\/p>\n","protected":false},"excerpt":{"rendered":"<p>Ros\u00e9 issu d&#8217;une presse directe de grolleau noir (66%) et de cabernet franc. Un tr\u00e8s beau ros\u00e9, avec du peps en bouche, un impression de blanc, avec une trame tactile suppl\u00e9mentaire. De jolis parfums de fruits rouges et de feuillage au nez, de l&#8217;allonge en bouche!<\/p>\n","protected":false},"featured_media":73137,"template":"","meta":[],"product_cat":[3736],"product_tag":[],"acf":[],"yoast_head":"<!-- This site is optimized with the Yoast SEO plugin v19.3 - https:\/\/yoast.com\/wordpress\/plugins\/seo\/ -->\n<title>REVUE DE PRESSE - Mes Vendanges<\/title>\n<meta name=\"robots\" content=\"index, follow, max-snippet:-1, max-image-preview:large, max-video-preview:-1\" \/>\n<link rel=\"canonical\" href=\"https:\/\/www.mesvendanges.com\/fr\/boutique\/vins\/revue-de-presse-zuliani-ferme-boulet-rouge-2022-75cl\/\" \/>\n<meta property=\"og:locale\" content=\"fr_FR\" \/>\n<meta property=\"og:type\" content=\"article\" \/>\n<meta property=\"og:title\" content=\"REVUE DE PRESSE - Mes Vendanges\" \/>\n<meta property=\"og:description\" content=\"Ros\u00e9 issu d&#8217;une presse directe de grolleau noir (66%) et de cabernet franc. Un tr\u00e8s beau ros\u00e9, avec du peps en bouche, un impression de blanc, avec une trame tactile suppl\u00e9mentaire. De jolis parfums de fruits rouges et de feuillage au nez, de l&#8217;allonge en bouche!\" \/>\n<meta property=\"og:url\" content=\"https:\/\/www.mesvendanges.com\/fr\/boutique\/vins\/revue-de-presse-zuliani-ferme-boulet-rouge-2022-75cl\/\" \/>\n<meta property=\"og:site_name\" content=\"Mes Vendanges\" \/>\n<meta property=\"article:modified_time\" content=\"2025-09-05T08:48:14+00:00\" \/>\n<meta property=\"og:image\" content=\"https:\/\/www.mesvendanges.com\/wp-content\/uploads\/2024\/01\/zuliani-ferme-boulet-rouge-revue-de-presse-2022-png.png\" \/>\n\t<meta property=\"og:image:width\" content=\"455\" \/>\n\t<meta property=\"og:image:height\" content=\"1500\" \/>\n\t<meta property=\"og:image:type\" content=\"image\/png\" \/>\n<meta name=\"twitter:card\" content=\"summary_large_image\" \/>\n<script type=\"application\/ld+json\" class=\"yoast-schema-graph\">{\"@context\":\"https:\/\/schema.org\",\"@graph\":[{\"@type\":\"Organization\",\"@id\":\"https:\/\/www.mesvendanges.com\/en\/#organization\",\"name\":\"Mes Vendanges\",\"url\":\"https:\/\/www.mesvendanges.com\/en\/\",\"sameAs\":[],\"logo\":{\"@type\":\"ImageObject\",\"inLanguage\":\"fr-FR\",\"@id\":\"https:\/\/www.mesvendanges.com\/en\/#\/schema\/logo\/image\/\",\"url\":\"https:\/\/www.mesvendanges.com\/wp-content\/uploads\/2022\/02\/logo-mesvendanges.jpg\",\"contentUrl\":\"https:\/\/www.mesvendanges.com\/wp-content\/uploads\/2022\/02\/logo-mesvendanges.jpg\",\"width\":851,\"height\":260,\"caption\":\"Mes Vendanges\"},\"image\":{\"@id\":\"https:\/\/www.mesvendanges.com\/en\/#\/schema\/logo\/image\/\"}},{\"@type\":\"WebSite\",\"@id\":\"https:\/\/www.mesvendanges.com\/en\/#website\",\"url\":\"https:\/\/www.mesvendanges.com\/en\/\",\"name\":\"Mes Vendanges\",\"description\":\"Des journ\u00e9es enti\u00e8res dans les vignes\",\"publisher\":{\"@id\":\"https:\/\/www.mesvendanges.com\/en\/#organization\"},\"potentialAction\":[{\"@type\":\"SearchAction\",\"target\":{\"@type\":\"EntryPoint\",\"urlTemplate\":\"https:\/\/www.mesvendanges.com\/en\/?s={search_term_string}\"},\"query-input\":\"required name=search_term_string\"}],\"inLanguage\":\"fr-FR\"},{\"@type\":\"ImageObject\",\"inLanguage\":\"fr-FR\",\"@id\":\"https:\/\/www.mesvendanges.com\/fr\/boutique\/vins\/revue-de-presse-zuliani-ferme-boulet-rouge-2022-75cl\/#primaryimage\",\"url\":\"https:\/\/www.mesvendanges.com\/wp-content\/uploads\/2024\/01\/zuliani-ferme-boulet-rouge-revue-de-presse-2022-png.png\",\"contentUrl\":\"https:\/\/www.mesvendanges.com\/wp-content\/uploads\/2024\/01\/zuliani-ferme-boulet-rouge-revue-de-presse-2022-png.png\",\"width\":455,\"height\":1500},{\"@type\":\"WebPage\",\"@id\":\"https:\/\/www.mesvendanges.com\/fr\/boutique\/vins\/revue-de-presse-zuliani-ferme-boulet-rouge-2022-75cl\/\",\"url\":\"https:\/\/www.mesvendanges.com\/fr\/boutique\/vins\/revue-de-presse-zuliani-ferme-boulet-rouge-2022-75cl\/\",\"name\":\"REVUE DE PRESSE - Mes Vendanges\",\"isPartOf\":{\"@id\":\"https:\/\/www.mesvendanges.com\/en\/#website\"},\"primaryImageOfPage\":{\"@id\":\"https:\/\/www.mesvendanges.com\/fr\/boutique\/vins\/revue-de-presse-zuliani-ferme-boulet-rouge-2022-75cl\/#primaryimage\"},\"datePublished\":\"2024-01-07T17:25:16+00:00\",\"dateModified\":\"2025-09-05T08:48:14+00:00\",\"breadcrumb\":{\"@id\":\"https:\/\/www.mesvendanges.com\/fr\/boutique\/vins\/revue-de-presse-zuliani-ferme-boulet-rouge-2022-75cl\/#breadcrumb\"},\"inLanguage\":\"fr-FR\",\"potentialAction\":[{\"@type\":\"ReadAction\",\"target\":[\"https:\/\/www.mesvendanges.com\/fr\/boutique\/vins\/revue-de-presse-zuliani-ferme-boulet-rouge-2022-75cl\/\"]}]},{\"@type\":\"BreadcrumbList\",\"@id\":\"https:\/\/www.mesvendanges.com\/fr\/boutique\/vins\/revue-de-presse-zuliani-ferme-boulet-rouge-2022-75cl\/#breadcrumb\",\"itemListElement\":[{\"@type\":\"ListItem\",\"position\":1,\"name\":\"Accueil\",\"item\":\"https:\/\/www.mesvendanges.com\/fr\/\"},{\"@type\":\"ListItem\",\"position\":2,\"name\":\"Boutique\",\"item\":\"https:\/\/www.mesvendanges.com\/fr\/boutique\/\"},{\"@type\":\"ListItem\",\"position\":3,\"name\":\"REVUE DE PRESSE\"}]}]}<\/script>\n<!-- \/ Yoast SEO plugin. -->","yoast_head_json":{"title":"REVUE DE PRESSE - Mes Vendanges","robots":{"index":"index","follow":"follow","max-snippet":"max-snippet:-1","max-image-preview":"max-image-preview:large","max-video-preview":"max-video-preview:-1"},"canonical":"https:\/\/www.mesvendanges.com\/fr\/boutique\/vins\/revue-de-presse-zuliani-ferme-boulet-rouge-2022-75cl\/","og_locale":"fr_FR","og_type":"article","og_title":"REVUE DE PRESSE - Mes Vendanges","og_description":"Ros\u00e9 issu d&#8217;une presse directe de grolleau noir (66%) et de cabernet franc. Un tr\u00e8s beau ros\u00e9, avec du peps en bouche, un impression de blanc, avec une trame tactile suppl\u00e9mentaire. De jolis parfums de fruits rouges et de feuillage au nez, de l&#8217;allonge en bouche!","og_url":"https:\/\/www.mesvendanges.com\/fr\/boutique\/vins\/revue-de-presse-zuliani-ferme-boulet-rouge-2022-75cl\/","og_site_name":"Mes Vendanges","article_modified_time":"2025-09-05T08:48:14+00:00","og_image":[{"width":455,"height":1500,"url":"https:\/\/www.mesvendanges.com\/wp-content\/uploads\/2024\/01\/zuliani-ferme-boulet-rouge-revue-de-presse-2022-png.png","type":"image\/png"}],"twitter_card":"summary_large_image","schema":{"@context":"https:\/\/schema.org","@graph":[{"@type":"Organization","@id":"https:\/\/www.mesvendanges.com\/en\/#organization","name":"Mes Vendanges","url":"https:\/\/www.mesvendanges.com\/en\/","sameAs":[],"logo":{"@type":"ImageObject","inLanguage":"fr-FR","@id":"https:\/\/www.mesvendanges.com\/en\/#\/schema\/logo\/image\/","url":"https:\/\/www.mesvendanges.com\/wp-content\/uploads\/2022\/02\/logo-mesvendanges.jpg","contentUrl":"https:\/\/www.mesvendanges.com\/wp-content\/uploads\/2022\/02\/logo-mesvendanges.jpg","width":851,"height":260,"caption":"Mes Vendanges"},"image":{"@id":"https:\/\/www.mesvendanges.com\/en\/#\/schema\/logo\/image\/"}},{"@type":"WebSite","@id":"https:\/\/www.mesvendanges.com\/en\/#website","url":"https:\/\/www.mesvendanges.com\/en\/","name":"Mes Vendanges","description":"Des journ\u00e9es enti\u00e8res dans les vignes","publisher":{"@id":"https:\/\/www.mesvendanges.com\/en\/#organization"},"potentialAction":[{"@type":"SearchAction","target":{"@type":"EntryPoint","urlTemplate":"https:\/\/www.mesvendanges.com\/en\/?s={search_term_string}"},"query-input":"required name=search_term_string"}],"inLanguage":"fr-FR"},{"@type":"ImageObject","inLanguage":"fr-FR","@id":"https:\/\/www.mesvendanges.com\/fr\/boutique\/vins\/revue-de-presse-zuliani-ferme-boulet-rouge-2022-75cl\/#primaryimage","url":"https:\/\/www.mesvendanges.com\/wp-content\/uploads\/2024\/01\/zuliani-ferme-boulet-rouge-revue-de-presse-2022-png.png","contentUrl":"https:\/\/www.mesvendanges.com\/wp-content\/uploads\/2024\/01\/zuliani-ferme-boulet-rouge-revue-de-presse-2022-png.png","width":455,"height":1500},{"@type":"WebPage","@id":"https:\/\/www.mesvendanges.com\/fr\/boutique\/vins\/revue-de-presse-zuliani-ferme-boulet-rouge-2022-75cl\/","url":"https:\/\/www.mesvendanges.com\/fr\/boutique\/vins\/revue-de-presse-zuliani-ferme-boulet-rouge-2022-75cl\/","name":"REVUE DE PRESSE - Mes Vendanges","isPartOf":{"@id":"https:\/\/www.mesvendanges.com\/en\/#website"},"primaryImageOfPage":{"@id":"https:\/\/www.mesvendanges.com\/fr\/boutique\/vins\/revue-de-presse-zuliani-ferme-boulet-rouge-2022-75cl\/#primaryimage"},"datePublished":"2024-01-07T17:25:16+00:00","dateModified":"2025-09-05T08:48:14+00:00","breadcrumb":{"@id":"https:\/\/www.mesvendanges.com\/fr\/boutique\/vins\/revue-de-presse-zuliani-ferme-boulet-rouge-2022-75cl\/#breadcrumb"},"inLanguage":"fr-FR","potentialAction":[{"@type":"ReadAction","target":["https:\/\/www.mesvendanges.com\/fr\/boutique\/vins\/revue-de-presse-zuliani-ferme-boulet-rouge-2022-75cl\/"]}]},{"@type":"BreadcrumbList","@id":"https:\/\/www.mesvendanges.com\/fr\/boutique\/vins\/revue-de-presse-zuliani-ferme-boulet-rouge-2022-75cl\/#breadcrumb","itemListElement":[{"@type":"ListItem","position":1,"name":"Accueil","item":"https:\/\/www.mesvendanges.com\/fr\/"},{"@type":"ListItem","position":2,"name":"Boutique","item":"https:\/\/www.mesvendanges.com\/fr\/boutique\/"},{"@type":"ListItem","position":3,"name":"REVUE DE PRESSE"}]}]}},"_links":{"self":[{"href":"https:\/\/www.mesvendanges.com\/fr\/wp-json\/wp\/v2\/product\/72955"}],"collection":[{"href":"https:\/\/www.mesvendanges.com\/fr\/wp-json\/wp\/v2\/product"}],"about":[{"href":"https:\/\/www.mesvendanges.com\/fr\/wp-json\/wp\/v2\/types\/product"}],"wp:featuredmedia":[{"embeddable":true,"href":"https:\/\/www.mesvendanges.com\/fr\/wp-json\/wp\/v2\/media\/73137"}],"wp:attachment":[{"href":"https:\/\/www.mesvendanges.com\/fr\/wp-json\/wp\/v2\/media?parent=72955"}],"wp:term":[{"taxonomy":"product_cat","embeddable":true,"href":"https:\/\/www.mesvendanges.com\/fr\/wp-json\/wp\/v2\/product_cat?post=72955"},{"taxonomy":"product_tag","embeddable":true,"href":"https:\/\/www.mesvendanges.com\/fr\/wp-json\/wp\/v2\/product_tag?post=72955"}],"curies":[{"name":"wp","href":"https:\/\/api.w.org\/{rel}","templated":true}]}}

https://www.mesvendanges.com/shop/non%20classé/revue-de-presse-zuliani-ferme-boulet-rouge-2022-75cl/

<p>Rosé issu d&#8217;une presse directe de grolleau noir (66%) et de cabernet franc. Un très beau rosé, avec du peps en bouche, un impression de blanc, avec une trame tactile supplémentaire. De jolis parfums de fruits rouges et de feuillage au nez, de l&#8217;allonge en bouche!</p>

<!-- This site is optimized with the Yoast SEO plugin v19.3 - https://yoast.com/wordpress/plugins/seo/ -->
<title>REVUE DE PRESSE - Mes Vendanges</title>
<meta name="robots" content="index, follow, max-snippet:-1, max-image-preview:large, max-video-preview:-1" />
<link rel="canonical" href="https://www.mesvendanges.com/fr/boutique/vins/revue-de-presse-zuliani-ferme-boulet-rouge-2022-75cl/" />
<meta property="og:locale" content="fr_FR" />
<meta property="og:type" content="article" />
<meta property="og:title" content="REVUE DE PRESSE - Mes Vendanges" />
<meta property="og:description" content="Rosé issu d&#8217;une presse directe de grolleau noir (66%) et de cabernet franc. Un très beau rosé, avec du peps en bouche, un impression de blanc, avec une trame tactile supplémentaire. De jolis parfums de fruits rouges et de feuillage au nez, de l&#8217;allonge en bouche!" />
<meta property="og:url" content="https://www.mesvendanges.com/fr/boutique/vins/revue-de-presse-zuliani-ferme-boulet-rouge-2022-75cl/" />
<meta property="og:site_name" content="Mes Vendanges" />
<meta property="article:modified_time" content="2025-09-05T08:48:14+00:00" />
<meta property="og:image" content="https://www.mesvendanges.com/wp-content/uploads/2024/01/zuliani-ferme-boulet-rouge-revue-de-presse-2022-png.png" />
	<meta property="og:image:width" content="455" />
	<meta property="og:image:height" content="1500" />
	<meta property="og:image:type" content="image/png" />
<meta name="twitter:card" content="summary_large_image" />
<script type="application/ld+json" class="yoast-schema-graph">{"@context":"https://schema.org","@graph":[{"@type":"Organization","@id":"https://www.mesvendanges.com/en/#organization","name":"Mes Vendanges","url":"https://www.mesvendanges.com/en/","sameAs":[],"logo":{"@type":"ImageObject","inLanguage":"fr-FR","@id":"https://www.mesvendanges.com/en/#/schema/logo/image/","url":"https://www.mesvendanges.com/wp-content/uploads/2022/02/logo-mesvendanges.jpg","contentUrl":"https://www.mesvendanges.com/wp-content/uploads/2022/02/logo-mesvendanges.jpg","width":851,"height":260,"caption":"Mes Vendanges"},"image":{"@id":"https://www.mesvendanges.com/en/#/schema/logo/image/"}},{"@type":"WebSite","@id":"https://www.mesvendanges.com/en/#website","url":"https://www.mesvendanges.com/en/","name":"Mes Vendanges","description":"Des journées entières dans les vignes","publisher":{"@id":"https://www.mesvendanges.com/en/#organization"},"potentialAction":[{"@type":"SearchAction","target":{"@type":"EntryPoint","urlTemplate":"https://www.mesvendanges.com/en/?s={search_term_string}"},"query-input":"required name=search_term_string"}],"inLanguage":"fr-FR"},{"@type":"ImageObject","inLanguage":"fr-FR","@id":"https://www.mesvendanges.com/fr/boutique/vins/revue-de-presse-zuliani-ferme-boulet-rouge-2022-75cl/#primaryimage","url":"https://www.mesvendanges.com/wp-content/uploads/2024/01/zuliani-ferme-boulet-rouge-revue-de-presse-2022-png.png","contentUrl":"https://www.mesvendanges.com/wp-content/uploads/2024/01/zuliani-ferme-boulet-rouge-revue-de-presse-2022-png.png","width":455,"height":1500},{"@type":"WebPage","@id":"https://www.mesvendanges.com/fr/boutique/vins/revue-de-presse-zuliani-ferme-boulet-rouge-2022-75cl/","url":"https://www.mesvendanges.com/fr/boutique/vins/revue-de-presse-zuliani-ferme-boulet-rouge-2022-75cl/","name":"REVUE DE PRESSE - Mes Vendanges","isPartOf":{"@id":"https://www.mesvendanges.com/en/#website"},"primaryImageOfPage":{"@id":"https://www.mesvendanges.com/fr/boutique/vins/revue-de-presse-zuliani-ferme-boulet-rouge-2022-75cl/#primaryimage"},"datePublished":"2024-01-07T17:25:16+00:00","dateModified":"2025-09-05T08:48:14+00:00","breadcrumb":{"@id":"https://www.mesvendanges.com/fr/boutique/vins/revue-de-presse-zuliani-ferme-boulet-rouge-2022-75cl/#breadcrumb"},"inLanguage":"fr-FR","potentialAction":[{"@type":"ReadAction","target":["https://www.mesvendanges.com/fr/boutique/vins/revue-de-presse-zuliani-ferme-boulet-rouge-2022-75cl/"]}]},{"@type":"BreadcrumbList","@id":"https://www.mesvendanges.com/fr/boutique/vins/revue-de-presse-zuliani-ferme-boulet-rouge-2022-75cl/#breadcrumb","itemListElement":[{"@type":"ListItem","position":1,"name":"Accueil","item":"https://www.mesvendanges.com/fr/"},{"@type":"ListItem","position":2,"name":"Boutique","item":"https://www.mesvendanges.com/fr/boutique/"},{"@type":"ListItem","position":3,"name":"REVUE DE PRESSE"}]}]}</script>
<!-- / Yoast SEO plugin. -->

Rosé issu d&#8217;une presse directe de grolleau noir (66%) et de cabernet franc. Un très beau rosé, avec du peps en bouche, un impression de blanc, avec une trame tactile supplémentaire. De jolis parfums de fruits rouges et de feuillage au nez, de l&#8217;allonge en bouche!

Des journées entières dans les vignes
