{"id":91010,"date":"2026-04-25T10:55:12","date_gmt":"2026-04-25T08:55:12","guid":{"rendered":"https:\/\/www.mesvendanges.com\/shop\/non%20class\u00e9\/la-petite-grange-chappaz-marie-therese-2023-75cl\/"},"modified":"2026-04-26T12:51:35","modified_gmt":"2026-04-26T10:51:35","slug":"la-petite-grange-chappaz-marie-therese-2023-75cl","status":"publish","type":"product","link":"https:\/\/www.mesvendanges.com\/fr\/boutique\/vins\/la-petite-grange-chappaz-marie-therese-2023-75cl\/","title":{"rendered":"LA PETITE GRANGE"},"content":{"rendered":"<p>c\u2019est sur les terroirs calcaires de Charrat que sont cultiv\u00e9s les trois c\u00e9pages de cet assemblage compos\u00e9 de gamaret, galotta et de diolinoir. L\u2019\u00e9levage de la cuv\u00e9e a \u00e9t\u00e9 pouss\u00e9 \u00e0 15 mois en f\u00fbts afin d\u2019en retirer gourmandise et jolie patine. La robe du vin est intense et profonde. Les saveurs font la part grande au noyau de cerise, au clou de girofle et au musc. Le nez est profond alors que la bouche laisse \u00e9clater vivacit\u00e9 et fra\u00eecheur. A noter des tanins l\u00e9g\u00e8rement poudr\u00e9s rafra\u00eechissants.<\/p>\n","protected":false},"excerpt":{"rendered":"<p>c\u2019est sur les terroirs calcaires de Charrat que sont cultiv\u00e9s les trois c\u00e9pages de cet assemblage compos\u00e9 de gamaret, galotta et de diolinoir. L\u2019\u00e9levage de la cuv\u00e9e a \u00e9t\u00e9 pouss\u00e9 \u00e0 15 mois en f\u00fbts afin d\u2019en retirer gourmandise et jolie patine. La robe du vin est intense et profonde. Les saveurs font la part [&hellip;]<\/p>\n","protected":false},"featured_media":91045,"template":"","meta":[],"product_cat":[3736],"product_tag":[],"acf":[],"yoast_head":"<!-- This site is optimized with the Yoast SEO plugin v19.3 - https:\/\/yoast.com\/wordpress\/plugins\/seo\/ -->\n<title>LA PETITE GRANGE - Mes Vendanges<\/title>\n<meta name=\"robots\" content=\"index, follow, max-snippet:-1, max-image-preview:large, max-video-preview:-1\" \/>\n<link rel=\"canonical\" href=\"https:\/\/www.mesvendanges.com\/fr\/boutique\/vins\/la-petite-grange-chappaz-marie-therese-2023-75cl\/\" \/>\n<meta property=\"og:locale\" content=\"fr_FR\" \/>\n<meta property=\"og:type\" content=\"article\" \/>\n<meta property=\"og:title\" content=\"LA PETITE GRANGE - Mes Vendanges\" \/>\n<meta property=\"og:description\" content=\"c\u2019est sur les terroirs calcaires de Charrat que sont cultiv\u00e9s les trois c\u00e9pages de cet assemblage compos\u00e9 de gamaret, galotta et de diolinoir. L\u2019\u00e9levage de la cuv\u00e9e a \u00e9t\u00e9 pouss\u00e9 \u00e0 15 mois en f\u00fbts afin d\u2019en retirer gourmandise et jolie patine. La robe du vin est intense et profonde. Les saveurs font la part [&hellip;]\" \/>\n<meta property=\"og:url\" content=\"https:\/\/www.mesvendanges.com\/fr\/boutique\/vins\/la-petite-grange-chappaz-marie-therese-2023-75cl\/\" \/>\n<meta property=\"og:site_name\" content=\"Mes Vendanges\" \/>\n<meta property=\"article:modified_time\" content=\"2026-04-26T10:51:35+00:00\" \/>\n<meta name=\"twitter:card\" content=\"summary_large_image\" \/>\n<script type=\"application\/ld+json\" class=\"yoast-schema-graph\">{\"@context\":\"https:\/\/schema.org\",\"@graph\":[{\"@type\":\"Organization\",\"@id\":\"https:\/\/www.mesvendanges.com\/en\/#organization\",\"name\":\"Mes Vendanges\",\"url\":\"https:\/\/www.mesvendanges.com\/en\/\",\"sameAs\":[],\"logo\":{\"@type\":\"ImageObject\",\"inLanguage\":\"fr-FR\",\"@id\":\"https:\/\/www.mesvendanges.com\/en\/#\/schema\/logo\/image\/\",\"url\":\"https:\/\/www.mesvendanges.com\/wp-content\/uploads\/2022\/02\/logo-mesvendanges.jpg\",\"contentUrl\":\"https:\/\/www.mesvendanges.com\/wp-content\/uploads\/2022\/02\/logo-mesvendanges.jpg\",\"width\":851,\"height\":260,\"caption\":\"Mes Vendanges\"},\"image\":{\"@id\":\"https:\/\/www.mesvendanges.com\/en\/#\/schema\/logo\/image\/\"}},{\"@type\":\"WebSite\",\"@id\":\"https:\/\/www.mesvendanges.com\/en\/#website\",\"url\":\"https:\/\/www.mesvendanges.com\/en\/\",\"name\":\"Mes Vendanges\",\"description\":\"Des journ\u00e9es enti\u00e8res dans les vignes\",\"publisher\":{\"@id\":\"https:\/\/www.mesvendanges.com\/en\/#organization\"},\"potentialAction\":[{\"@type\":\"SearchAction\",\"target\":{\"@type\":\"EntryPoint\",\"urlTemplate\":\"https:\/\/www.mesvendanges.com\/en\/?s={search_term_string}\"},\"query-input\":\"required name=search_term_string\"}],\"inLanguage\":\"fr-FR\"},{\"@type\":\"ImageObject\",\"inLanguage\":\"fr-FR\",\"@id\":\"https:\/\/www.mesvendanges.com\/fr\/boutique\/vins\/la-petite-grange-chappaz-marie-therese-2023-75cl\/#primaryimage\",\"url\":\"https:\/\/www.mesvendanges.com\/wp-content\/uploads\/2026\/04\/marie-therese-chappaz-la-petite-grange-2023-png.png\",\"contentUrl\":\"https:\/\/www.mesvendanges.com\/wp-content\/uploads\/2026\/04\/marie-therese-chappaz-la-petite-grange-2023-png.png\",\"width\":474,\"height\":1500},{\"@type\":\"WebPage\",\"@id\":\"https:\/\/www.mesvendanges.com\/fr\/boutique\/vins\/la-petite-grange-chappaz-marie-therese-2023-75cl\/\",\"url\":\"https:\/\/www.mesvendanges.com\/fr\/boutique\/vins\/la-petite-grange-chappaz-marie-therese-2023-75cl\/\",\"name\":\"LA PETITE GRANGE - Mes Vendanges\",\"isPartOf\":{\"@id\":\"https:\/\/www.mesvendanges.com\/en\/#website\"},\"primaryImageOfPage\":{\"@id\":\"https:\/\/www.mesvendanges.com\/fr\/boutique\/vins\/la-petite-grange-chappaz-marie-therese-2023-75cl\/#primaryimage\"},\"datePublished\":\"2026-04-25T08:55:12+00:00\",\"dateModified\":\"2026-04-26T10:51:35+00:00\",\"breadcrumb\":{\"@id\":\"https:\/\/www.mesvendanges.com\/fr\/boutique\/vins\/la-petite-grange-chappaz-marie-therese-2023-75cl\/#breadcrumb\"},\"inLanguage\":\"fr-FR\",\"potentialAction\":[{\"@type\":\"ReadAction\",\"target\":[\"https:\/\/www.mesvendanges.com\/fr\/boutique\/vins\/la-petite-grange-chappaz-marie-therese-2023-75cl\/\"]}]},{\"@type\":\"BreadcrumbList\",\"@id\":\"https:\/\/www.mesvendanges.com\/fr\/boutique\/vins\/la-petite-grange-chappaz-marie-therese-2023-75cl\/#breadcrumb\",\"itemListElement\":[{\"@type\":\"ListItem\",\"position\":1,\"name\":\"Accueil\",\"item\":\"https:\/\/www.mesvendanges.com\/fr\/\"},{\"@type\":\"ListItem\",\"position\":2,\"name\":\"Boutique\",\"item\":\"https:\/\/www.mesvendanges.com\/fr\/boutique\/\"},{\"@type\":\"ListItem\",\"position\":3,\"name\":\"LA PETITE GRANGE\"}]}]}<\/script>\n<!-- \/ Yoast SEO plugin. -->","yoast_head_json":{"title":"LA PETITE GRANGE - Mes Vendanges","robots":{"index":"index","follow":"follow","max-snippet":"max-snippet:-1","max-image-preview":"max-image-preview:large","max-video-preview":"max-video-preview:-1"},"canonical":"https:\/\/www.mesvendanges.com\/fr\/boutique\/vins\/la-petite-grange-chappaz-marie-therese-2023-75cl\/","og_locale":"fr_FR","og_type":"article","og_title":"LA PETITE GRANGE - Mes Vendanges","og_description":"c\u2019est sur les terroirs calcaires de Charrat que sont cultiv\u00e9s les trois c\u00e9pages de cet assemblage compos\u00e9 de gamaret, galotta et de diolinoir. L\u2019\u00e9levage de la cuv\u00e9e a \u00e9t\u00e9 pouss\u00e9 \u00e0 15 mois en f\u00fbts afin d\u2019en retirer gourmandise et jolie patine. La robe du vin est intense et profonde. Les saveurs font la part [&hellip;]","og_url":"https:\/\/www.mesvendanges.com\/fr\/boutique\/vins\/la-petite-grange-chappaz-marie-therese-2023-75cl\/","og_site_name":"Mes Vendanges","article_modified_time":"2026-04-26T10:51:35+00:00","twitter_card":"summary_large_image","schema":{"@context":"https:\/\/schema.org","@graph":[{"@type":"Organization","@id":"https:\/\/www.mesvendanges.com\/en\/#organization","name":"Mes Vendanges","url":"https:\/\/www.mesvendanges.com\/en\/","sameAs":[],"logo":{"@type":"ImageObject","inLanguage":"fr-FR","@id":"https:\/\/www.mesvendanges.com\/en\/#\/schema\/logo\/image\/","url":"https:\/\/www.mesvendanges.com\/wp-content\/uploads\/2022\/02\/logo-mesvendanges.jpg","contentUrl":"https:\/\/www.mesvendanges.com\/wp-content\/uploads\/2022\/02\/logo-mesvendanges.jpg","width":851,"height":260,"caption":"Mes Vendanges"},"image":{"@id":"https:\/\/www.mesvendanges.com\/en\/#\/schema\/logo\/image\/"}},{"@type":"WebSite","@id":"https:\/\/www.mesvendanges.com\/en\/#website","url":"https:\/\/www.mesvendanges.com\/en\/","name":"Mes Vendanges","description":"Des journ\u00e9es enti\u00e8res dans les vignes","publisher":{"@id":"https:\/\/www.mesvendanges.com\/en\/#organization"},"potentialAction":[{"@type":"SearchAction","target":{"@type":"EntryPoint","urlTemplate":"https:\/\/www.mesvendanges.com\/en\/?s={search_term_string}"},"query-input":"required name=search_term_string"}],"inLanguage":"fr-FR"},{"@type":"ImageObject","inLanguage":"fr-FR","@id":"https:\/\/www.mesvendanges.com\/fr\/boutique\/vins\/la-petite-grange-chappaz-marie-therese-2023-75cl\/#primaryimage","url":"https:\/\/www.mesvendanges.com\/wp-content\/uploads\/2026\/04\/marie-therese-chappaz-la-petite-grange-2023-png.png","contentUrl":"https:\/\/www.mesvendanges.com\/wp-content\/uploads\/2026\/04\/marie-therese-chappaz-la-petite-grange-2023-png.png","width":474,"height":1500},{"@type":"WebPage","@id":"https:\/\/www.mesvendanges.com\/fr\/boutique\/vins\/la-petite-grange-chappaz-marie-therese-2023-75cl\/","url":"https:\/\/www.mesvendanges.com\/fr\/boutique\/vins\/la-petite-grange-chappaz-marie-therese-2023-75cl\/","name":"LA PETITE GRANGE - Mes Vendanges","isPartOf":{"@id":"https:\/\/www.mesvendanges.com\/en\/#website"},"primaryImageOfPage":{"@id":"https:\/\/www.mesvendanges.com\/fr\/boutique\/vins\/la-petite-grange-chappaz-marie-therese-2023-75cl\/#primaryimage"},"datePublished":"2026-04-25T08:55:12+00:00","dateModified":"2026-04-26T10:51:35+00:00","breadcrumb":{"@id":"https:\/\/www.mesvendanges.com\/fr\/boutique\/vins\/la-petite-grange-chappaz-marie-therese-2023-75cl\/#breadcrumb"},"inLanguage":"fr-FR","potentialAction":[{"@type":"ReadAction","target":["https:\/\/www.mesvendanges.com\/fr\/boutique\/vins\/la-petite-grange-chappaz-marie-therese-2023-75cl\/"]}]},{"@type":"BreadcrumbList","@id":"https:\/\/www.mesvendanges.com\/fr\/boutique\/vins\/la-petite-grange-chappaz-marie-therese-2023-75cl\/#breadcrumb","itemListElement":[{"@type":"ListItem","position":1,"name":"Accueil","item":"https:\/\/www.mesvendanges.com\/fr\/"},{"@type":"ListItem","position":2,"name":"Boutique","item":"https:\/\/www.mesvendanges.com\/fr\/boutique\/"},{"@type":"ListItem","position":3,"name":"LA PETITE GRANGE"}]}]}},"_links":{"self":[{"href":"https:\/\/www.mesvendanges.com\/fr\/wp-json\/wp\/v2\/product\/91010"}],"collection":[{"href":"https:\/\/www.mesvendanges.com\/fr\/wp-json\/wp\/v2\/product"}],"about":[{"href":"https:\/\/www.mesvendanges.com\/fr\/wp-json\/wp\/v2\/types\/product"}],"wp:featuredmedia":[{"embeddable":true,"href":"https:\/\/www.mesvendanges.com\/fr\/wp-json\/wp\/v2\/media\/91045"}],"wp:attachment":[{"href":"https:\/\/www.mesvendanges.com\/fr\/wp-json\/wp\/v2\/media?parent=91010"}],"wp:term":[{"taxonomy":"product_cat","embeddable":true,"href":"https:\/\/www.mesvendanges.com\/fr\/wp-json\/wp\/v2\/product_cat?post=91010"},{"taxonomy":"product_tag","embeddable":true,"href":"https:\/\/www.mesvendanges.com\/fr\/wp-json\/wp\/v2\/product_tag?post=91010"}],"curies":[{"name":"wp","href":"https:\/\/api.w.org\/{rel}","templated":true}]}}

https://www.mesvendanges.com/shop/non%20classé/la-petite-grange-chappaz-marie-therese-2023-75cl/

<p>c’est sur les terroirs calcaires de Charrat que sont cultivés les trois cépages de cet assemblage composé de gamaret, galotta et de diolinoir. L’élevage de la cuvée a été poussé à 15 mois en fûts afin d’en retirer gourmandise et jolie patine. La robe du vin est intense et profonde. Les saveurs font la part grande au noyau de cerise, au clou de girofle et au musc. Le nez est profond alors que la bouche laisse éclater vivacité et fraîcheur. A noter des tanins légèrement poudrés rafraîchissants.</p>

<p>c’est sur les terroirs calcaires de Charrat que sont cultivés les trois cépages de cet assemblage composé de gamaret, galotta et de diolinoir. L’élevage de la cuvée a été poussé à 15 mois en fûts afin d’en retirer gourmandise et jolie patine. La robe du vin est intense et profonde. Les saveurs font la part [&hellip;]</p>

<!-- This site is optimized with the Yoast SEO plugin v19.3 - https://yoast.com/wordpress/plugins/seo/ -->
<title>LA PETITE GRANGE - Mes Vendanges</title>
<meta name="robots" content="index, follow, max-snippet:-1, max-image-preview:large, max-video-preview:-1" />
<link rel="canonical" href="https://www.mesvendanges.com/fr/boutique/vins/la-petite-grange-chappaz-marie-therese-2023-75cl/" />
<meta property="og:locale" content="fr_FR" />
<meta property="og:type" content="article" />
<meta property="og:title" content="LA PETITE GRANGE - Mes Vendanges" />
<meta property="og:description" content="c’est sur les terroirs calcaires de Charrat que sont cultivés les trois cépages de cet assemblage composé de gamaret, galotta et de diolinoir. L’élevage de la cuvée a été poussé à 15 mois en fûts afin d’en retirer gourmandise et jolie patine. La robe du vin est intense et profonde. Les saveurs font la part [&hellip;]" />
<meta property="og:url" content="https://www.mesvendanges.com/fr/boutique/vins/la-petite-grange-chappaz-marie-therese-2023-75cl/" />
<meta property="og:site_name" content="Mes Vendanges" />
<meta property="article:modified_time" content="2026-04-26T10:51:35+00:00" />
<meta name="twitter:card" content="summary_large_image" />
<script type="application/ld+json" class="yoast-schema-graph">{"@context":"https://schema.org","@graph":[{"@type":"Organization","@id":"https://www.mesvendanges.com/en/#organization","name":"Mes Vendanges","url":"https://www.mesvendanges.com/en/","sameAs":[],"logo":{"@type":"ImageObject","inLanguage":"fr-FR","@id":"https://www.mesvendanges.com/en/#/schema/logo/image/","url":"https://www.mesvendanges.com/wp-content/uploads/2022/02/logo-mesvendanges.jpg","contentUrl":"https://www.mesvendanges.com/wp-content/uploads/2022/02/logo-mesvendanges.jpg","width":851,"height":260,"caption":"Mes Vendanges"},"image":{"@id":"https://www.mesvendanges.com/en/#/schema/logo/image/"}},{"@type":"WebSite","@id":"https://www.mesvendanges.com/en/#website","url":"https://www.mesvendanges.com/en/","name":"Mes Vendanges","description":"Des journées entières dans les vignes","publisher":{"@id":"https://www.mesvendanges.com/en/#organization"},"potentialAction":[{"@type":"SearchAction","target":{"@type":"EntryPoint","urlTemplate":"https://www.mesvendanges.com/en/?s={search_term_string}"},"query-input":"required name=search_term_string"}],"inLanguage":"fr-FR"},{"@type":"ImageObject","inLanguage":"fr-FR","@id":"https://www.mesvendanges.com/fr/boutique/vins/la-petite-grange-chappaz-marie-therese-2023-75cl/#primaryimage","url":"https://www.mesvendanges.com/wp-content/uploads/2026/04/marie-therese-chappaz-la-petite-grange-2023-png.png","contentUrl":"https://www.mesvendanges.com/wp-content/uploads/2026/04/marie-therese-chappaz-la-petite-grange-2023-png.png","width":474,"height":1500},{"@type":"WebPage","@id":"https://www.mesvendanges.com/fr/boutique/vins/la-petite-grange-chappaz-marie-therese-2023-75cl/","url":"https://www.mesvendanges.com/fr/boutique/vins/la-petite-grange-chappaz-marie-therese-2023-75cl/","name":"LA PETITE GRANGE - Mes Vendanges","isPartOf":{"@id":"https://www.mesvendanges.com/en/#website"},"primaryImageOfPage":{"@id":"https://www.mesvendanges.com/fr/boutique/vins/la-petite-grange-chappaz-marie-therese-2023-75cl/#primaryimage"},"datePublished":"2026-04-25T08:55:12+00:00","dateModified":"2026-04-26T10:51:35+00:00","breadcrumb":{"@id":"https://www.mesvendanges.com/fr/boutique/vins/la-petite-grange-chappaz-marie-therese-2023-75cl/#breadcrumb"},"inLanguage":"fr-FR","potentialAction":[{"@type":"ReadAction","target":["https://www.mesvendanges.com/fr/boutique/vins/la-petite-grange-chappaz-marie-therese-2023-75cl/"]}]},{"@type":"BreadcrumbList","@id":"https://www.mesvendanges.com/fr/boutique/vins/la-petite-grange-chappaz-marie-therese-2023-75cl/#breadcrumb","itemListElement":[{"@type":"ListItem","position":1,"name":"Accueil","item":"https://www.mesvendanges.com/fr/"},{"@type":"ListItem","position":2,"name":"Boutique","item":"https://www.mesvendanges.com/fr/boutique/"},{"@type":"ListItem","position":3,"name":"LA PETITE GRANGE"}]}]}</script>
<!-- / Yoast SEO plugin. -->

c’est sur les terroirs calcaires de Charrat que sont cultivés les trois cépages de cet assemblage composé de gamaret, galotta et de diolinoir. L’élevage de la cuvée a été poussé à 15 mois en fûts afin d’en retirer gourmandise et jolie patine. La robe du vin est intense et profonde. Les saveurs font la part [&hellip;]

Des journées entières dans les vignes
